000
CXUS52 KILM 041306
CLMLBT


CLIMATE REPORT
NATIONAL WEATHER SERVICE WILMINGTON NC
903 AM EDT WED MAY 4 2016

...................................

...THE LUMBERTON NC CLIMATE SUMMARY FOR THE MONTH OF APRIL 2016...

CLIMATE NORMAL PERIOD 1981 TO 2010
CLIMATE RECORD PERIOD 9999 TO 9999

WEATHER         OBSERVED          NORMAL  DEPART  LAST YEAR`S
                 VALUE   DATE(S)  VALUE   FROM    VALUE  DATE(S)
                                          NORMAL
................................................................
TEMPERATURE (F)
HIGHEST            90   04/19                         87
LOWEST             29   04/10                         33
                        04/06
AVG. MAXIMUM     75.0              74.5     0.5     75.2
AVG. MINIMUM     49.9              49.0     0.9     53.0
MEAN             62.4              61.7     0.7     64.1
DAYS MAX >= 90      1               0.6     0.4        0
DAYS MAX <= 32      0               0.0     0.0        0
DAYS MIN <= 32      2               1.0     1.0        0
DAYS MIN <= 0       0               0.0     0.0        0

PRECIPITATION (INCHES)
RECORD
 MAXIMUM        13.74   1918
 MINIMUM         0.11   1976
TOTALS           3.17              2.82    0.35     2.59
DAILY AVG.       0.11              0.09    0.02     0.09
DAYS >= .01         5                                 12
DAYS >= .10         4                                  8
DAYS >= .50         3                                  2
DAYS >= 1.00        1                                  0
GREATEST
 24 HR. TOTAL    1.32   04/22 TO 04/22

DEGREE_DAYS
HEATING TOTAL     136               153     -17       98
COOLING TOTAL      70                55      15       79
......................................................

WIND (MPH)
AVERAGE WIND SPEED              7.3
RESULTANT WIND SPEED/DIRECTION   0/207
HIGHEST WIND SPEED/DIRECTION    29/300    DATE  04/09
HIGHEST GUST SPEED/DIRECTION    42/330    DATE  04/09

SKY COVER
POSSIBLE SUNSHINE (PERCENT)   MM
AVERAGE SKY COVER           0.20
NUMBER OF DAYS FAIR           20
NUMBER OF DAYS PC              9
NUMBER OF DAYS CLOUDY          1

AVERAGE RH (PERCENT)     63

WEATHER CONDITIONS. NUMBER OF DAYS WITH
THUNDERSTORM              3     MIXED PRECIP              MM
HEAVY RAIN                4     RAIN                       4
LIGHT RAIN                8     FREEZING RAIN              0
LT FREEZING RAIN          0     HAIL                      MM
HEAVY SNOW                0     SNOW                       0
LIGHT SNOW                0     SLEET                     MM
FOG                      10     FOG W/VIS <= 1/4 MILE      1
HAZE                      4

-  INDICATES NEGATIVE NUMBERS.
R  INDICATES RECORD WAS SET OR TIED.
MM INDICATES DATA IS MISSING.
T  INDICATES TRACE AMOUNT.

$$
