000
CXHW51 PHFO 011608
CLMLIH


CLIMATE REPORT
NATIONAL WEATHER SERVICE HONOLULU HI
608 AM HST MON SEP 1 2014

...................................

...THE LIHUE HI CLIMATE SUMMARY FOR THE MONTH OF AUGUST 2014...

CLIMATE NORMAL PERIOD 1981 TO 2010
CLIMATE RECORD PERIOD 1946 TO 2014

WEATHER         OBSERVED          NORMAL  DEPART  LAST YEAR`S
                 VALUE   DATE(S)  VALUE   FROM    VALUE  DATE(S)
                                          NORMAL
................................................................
TEMPERATURE (F)
RECORD
 HIGH              90   08/30/1996
                        08/21/1987
                        08/17/1981
 LOW               66   08/09/1979
                        08/08/1979
                        08/10/1957
HIGHEST            87   08/04        85       2       89  08/28
LOWEST             70   08/13        75      -5       68  08/28
                        08/12
                        08/11
AVG. MAXIMUM     84.5              84.7    -0.2     84.8
AVG. MINIMUM     74.4              74.6    -0.2     73.7
MEAN             79.5              79.7    -0.2     79.2
DAYS MAX >= 90      0               0.1    -0.1        0
DAYS MAX <= 32      0               0.0     0.0        0
DAYS MIN <= 32      0               0.0     0.0        0
DAYS MIN <= 0       0               0.0     0.0        0

PRECIPITATION (INCHES)
RECORD
 MAXIMUM         8.13   1959
 MINIMUM         0.44   2007
TOTALS           3.80              2.13    1.67     0.75
DAILY AVG.       0.12              0.07    0.05     0.02
DAYS >= .01        14              18.3    -4.3       15
DAYS >= .10         5               5.7    -0.7        2
DAYS >= .50         2               0.8     1.2        0
DAYS >= 1.00        1               0.3     0.7        0
GREATEST
 24 HR. TOTAL    2.75   08/08 TO 08/09              0.19

SNOWFALL (INCHES)
RECORDS
 TOTAL             MM   5
TOTALS            0.0               0.0     0.0      0.0
SINCE 7/1         0.0               0.0     0.0      0.0
SNOWDEPTH AVG.      0                MM      MM        0
DAYS >= 1.0         0               0.0     0.0        0
GREATEST
 SNOW DEPTH         0   MM                             0  MM
 24 HR TOTAL      0.0   08/31 TO 08/31               0.0

DEGREE_DAYS
HEATING TOTAL       0                 0       0        0
 SINCE 7/1          0                 0       0        0
COOLING TOTAL     454               454       0      451
 SINCE 1/1       2518              2526      -8     2296
.................................................................

WIND (MPH)
AVERAGE WIND SPEED              12.7
HIGHEST WIND SPEED/DIRECTION    28/060    DATE  08/07
HIGHEST GUST SPEED/DIRECTION    33/050    DATE  08/07

SKY COVER
POSSIBLE SUNSHINE (PERCENT)   MM
AVERAGE SKY COVER           0.50
NUMBER OF DAYS FAIR            4
NUMBER OF DAYS PC             23
NUMBER OF DAYS CLOUDY          4

AVERAGE RH (PERCENT)     72

WEATHER CONDITIONS. NUMBER OF DAYS WITH
THUNDERSTORM              0     MIXED PRECIP               0
HEAVY RAIN                6     RAIN                       4
LIGHT RAIN               14     FREEZING RAIN              0
LT FREEZING RAIN          0     HAIL                       0
HEAVY SNOW                0     SNOW                       0
LIGHT SNOW                0     SLEET                      0
FOG                       9     FOG W/VIS <= 1/4 MILE      0
HAZE                      5

-  INDICATES NEGATIVE NUMBERS.
R  INDICATES RECORD WAS SET OR TIED.
MM INDICATES DATA IS MISSING.
T  INDICATES TRACE AMOUNT.

$$
