000
CXHW51 PHFO 011625
CLMLIH


CLIMATE REPORT
NATIONAL WEATHER SERVICE HONOLULU HI
625 AM HST SAT OCT 1 2016

...................................

...THE LIHUE HI CLIMATE SUMMARY FOR THE MONTH OF SEPTEMBER 2016...

CLIMATE NORMAL PERIOD 1981 TO 2010
CLIMATE RECORD PERIOD 1946 TO 2016

WEATHER         OBSERVED          NORMAL  DEPART  LAST YEAR`S
                 VALUE   DATE(S)  VALUE   FROM    VALUE  DATE(S)
                                          NORMAL
................................................................
TEMPERATURE (F)
RECORD
 HIGH              90   09/13/1995
                        09/26/1993
 LOW               50   09/10/2008
HIGHEST            88   09/24        85       3       87  09/10
                        09/08                             09/09
                        09/02
LOWEST             72   09/05        74      -2       72  09/29
                        09/04
AVG. MAXIMUM     86.7              84.8     1.9     84.4
AVG. MINIMUM     76.1              74.1     2.0     76.1
MEAN             81.4              79.4     2.0     80.2
DAYS MAX >= 90      0               0.0     0.0        0
DAYS MAX <= 32      0               0.0     0.0        0
DAYS MIN <= 32      0               0.0     0.0        0
DAYS MIN <= 0       0               0.0     0.0        0

PRECIPITATION (INCHES)
RECORD
 MAXIMUM        10.87   1980
 MINIMUM         0.44   2007
TOTALS           0.64              2.12   -1.48     4.50
DAILY AVG.       0.02              0.07   -0.05     0.24
DAYS >= .01        15              16.3    -1.3       14
DAYS >= .10         2               5.3    -3.3        5
DAYS >= .50         0               0.9    -0.9        2
DAYS >= 1.00        0               0.2    -0.2        2
GREATEST
 24 HR. TOTAL    0.22   09/11 TO 09/11              2.56
                        09/10 TO 09/11
                        09/11 TO 09/11

SNOWFALL (INCHES)
RECORDS
 TOTAL             MM   5
TOTALS            0.0               0.0     0.0      0.0
SINCE 7/1         0.0               0.0     0.0      0.0
SNOWDEPTH AVG.      0                MM      MM       MM
DAYS >= 1.0         0               0.0     0.0        0
GREATEST
 SNOW DEPTH         0   MM                            MM  MM
 24 HR TOTAL      0.0   09/30 TO 09/30               0.0

DEGREE_DAYS
HEATING TOTAL       0                 0       0        0
 SINCE 7/1          0                 0       0        0
COOLING TOTAL     500               433      67      296
 SINCE 1/1       3159              2959     200     2255
.................................................................

WIND (MPH)
AVERAGE WIND SPEED              15.2
HIGHEST WIND SPEED/DIRECTION    29/070    DATE  09/02
HIGHEST GUST SPEED/DIRECTION    35/070    DATE  09/02

SKY COVER
POSSIBLE SUNSHINE (PERCENT)   MM
AVERAGE SKY COVER           0.60
NUMBER OF DAYS FAIR            1
NUMBER OF DAYS PC             26
NUMBER OF DAYS CLOUDY          3

AVERAGE RH (PERCENT)     71

WEATHER CONDITIONS. NUMBER OF DAYS WITH
THUNDERSTORM              0     MIXED PRECIP               0
HEAVY RAIN                3     RAIN                       3
LIGHT RAIN               21     FREEZING RAIN              0
LT FREEZING RAIN          0     HAIL                       0
HEAVY SNOW                0     SNOW                       0
LIGHT SNOW                0     SLEET                      0
FOG                      10     FOG W/VIS <= 1/4 MILE      0
HAZE                      7

-  INDICATES NEGATIVE NUMBERS.
R  INDICATES RECORD WAS SET OR TIED.
MM INDICATES DATA IS MISSING.
T  INDICATES TRACE AMOUNT.

$$
