000
CXUS55 KRIW 021156
CLMLND

CYSCLMLND 000
TTAA00 KRIW 011318


CLIMATE REPORT
NATIONAL WEATHER SERVICE RIVERTON WY
610 AM MST MON DEC 1 2014

...PRELIMINARY MONTHLY CLIMATE SUMMARY FOR THE HUNT FIELD IN LANDER
FOR THE MONTH OF NOVEMBER 2014...

...OFFICIAL CLIMATE DATA FOR THE MONTH OF NOVEMBER 2014 WILL BE
AVAILABLE APPROXIMATELY IN JANUARY 2015 FROM THE NATIONAL CLIMATIC
DATA CENTER (HTTP://WWW.NCDC.NOAA.GOV/OL/CLIMATEDATA.HTML).
UNOFFICIAL ASOS DAILY SUMMARIES ARE AVAILABLE ON THE INTERNET AT
HTTP://WWW.CRH.NOAA.GOV/RIW/CLIMATE/...

...NOVEMBER WAS SLIGHTLY COOLER AND DRIER THAN NORMAL IN
LANDER...

THE AVERAGE TEMPERATURE FOR LANDER IN NOVEMBER WAS 29.4
DEGREES...WHICH WAS 1.8 DEGREES BELOW NORMAL. THE WARMEST READING
FOR THE MONTH WAS 71 DEGREES ON THE 1ST....TYING THE PREVIOUS RECORD
SET IN 1914. A NEW RECORD HIGH OF 67 DEGREES OCCURRED ON THE
9TH...BREAKING THE PREVIOUS RECORD OF 66...SET IN 1958. A NEW RECORD
HIGH OF 64 DEGREES OCCURRED ON THE 28TH...BREAKING THE PREVIOUS
RECORD OF 59...SET IN 1899. THE COLDEST READING WAS -18 DEGREES ON
THE 13TH.

TOTAL PRECIPITATION FOR THE MONTH WAS 0.59 INCHES...WHICH WAS 69
PERCENT OF NORMAL. THE WETTEST 24 HOUR PERIOD FOR THE MONTH WAS ON
THE 10TH AND 11TH...WHEN  0.34 OF AN INCH OF PRECIPITATION FELL.
THERE WERE NO RECORDS FOR PRECIPITATION SET DURING THE MONTH. THE
HIGHEST WIND GUST WAS 68 MPH...WHICH OCCURRED ON THE 1ST.

...THE LANDER WY CLIMATE SUMMARY FOR THE MONTH OF NOVEMBER 2014...

CLIMATE NORMAL PERIOD 1981 TO 2010
CLIMATE RECORD PERIOD 1891 TO 2014

WEATHER         OBSERVED          NORMAL  DEPART
                 VALUE   DATE(S)  VALUE   FROM
                                          NORMAL
................................................
TEMPERATURE (F)
RECORD
 HIGH              72   11/11/1894
 LOW              -31   11/27/1896
                        11/28/1896
HIGHEST            71   11/01
LOWEST            -18   11/13
AVG. MAXIMUM     42.4              42.8    -0.4
AVG. MINIMUM     16.6              19.7    -3.1
MEAN             29.4              31.2    -1.8
DAYS MAX >= 90      0
DAYS MAX <= 32      9
DAYS MIN <= 32     23
DAYS MIN <= 0       6

PRECIPITATION (INCHES)
RECORD
 MAXIMUM         3.37   1983
 MINIMUM         0.00   1939
                        1914
TOTALS           0.59              0.86   -0.27
DAILY AVG.       0.02              0.03   -0.01
DAYS >= .01         6
DAYS >= .10         2
DAYS >= .50         0
DAYS >= 1.00        0
GREATEST
 24 HR. TOTAL    0.34   11/10 TO 11/11

SNOWFALL (INCHES)
TOTALS            8.9              13.1    -4.2
SINCE 7/1         8.9              25.6   -16.7
SNOWDEPTH AVG.      1
DAYS >= 1.0         2

DEGREE_DAYS
HEATING TOTAL     919              1012     -93
 SINCE 7/1       1541              1873    -332
COOLING TOTAL       0                 0       0
 SINCE 1/1        445               472     -27
.................................................

WIND (MPH)
AVERAGE WIND SPEED              6.4
RESULTANT WIND SPEED/DIRECTION   2/250
HIGHEST WIND SPEED/DIRECTION    51/320    DATE  11/22
HIGHEST GUST SPEED/DIRECTION    68/190    DATE  11/01

SKY COVER
POSSIBLE SUNSHINE (PERCENT)   MM
AVERAGE SKY COVER           0.20
NUMBER OF DAYS FAIR           21
NUMBER OF DAYS PC              5
NUMBER OF DAYS CLOUDY          1

AVERAGE RH (PERCENT)     57

WEATHER CONDITIONS. NUMBER OF DAYS WITH
THUNDERSTORM              0     MIXED PRECIP               0
HEAVY RAIN                0     RAIN                       1
LIGHT RAIN                5     FREEZING RAIN              0
LT FREEZING RAIN          0     HAIL                       0
HEAVY SNOW                1     SNOW                       2
LIGHT SNOW                7     SLEET                      0
FOG                      10     FOG W/VIS <= 1/4 MILE      2
HAZE                      9

-  INDICATES NEGATIVE NUMBERS.
R  INDICATES RECORD WAS SET OR TIED.
MM INDICATES DATA IS MISSING.
T  INDICATES TRACE AMOUNT.

LOOKING AHEAD TO DECEMBER 2014...THE AVERAGE HIGH TEMPERATURE ON
THE FIRST OF THE MONTH IS 38 DEGREES...AND THE AVERAGE LOW
TEMPERATURE IS 15 DEGREES. THE AVERAGE HIGH BY THE END OF THE MONTH
IS 30 DEGREES...AND THE AVERAGE LOW TEMPERATURE IS 6. THE AVERAGE
MONTHLY PRECIPITATION IS 0.60 INCHES. THE AVERAGE SNOWFALL IS 8.8
INCHES.

$$
