000
CXUS53 KLOT 011153
CLMLOT


CLIMATE REPORT
NATIONAL WEATHER SERVICE CHICAGO IL
630 AM CDT WED JUL 1 2015

...................................

...THE ROMEOVILLE  WFO CLIMATE SUMMARY FOR THE MONTH OF JUNE 2015...

CLIMATE NORMAL PERIOD 1981 TO 2010
CLIMATE RECORD PERIOD 1992 TO 2015

WEATHER         OBSERVED          NORMAL  DEPART  LAST YEAR`S
                 VALUE   DATE(S)  VALUE   FROM    VALUE
                                          NORMAL
.............................................................
TEMPERATURE (F)
RECORD
 HIGH             112   06/20/2012
 LOW               38   06/21/1992

HIGHEST            91   06/10                         91
LOWEST             42   06/02                         50

AVG. MAXIMUM     77.8              80.2    -2.4     80.9
AVG. MINIMUM     59.1              59.6    -0.5     61.0
MEAN             68.5              69.9    -1.4     70.9

PRECIPITATION (INCHES)
RECORD
 MAXIMUM         9.25   1993
 MINIMUM         1.20   2005
TOTALS           8.50              4.34    4.16     9.22

SNOWFALL (INCHES)
RECORDS
 TOTAL              T   2014
                        2013
                        2012
TOTALS              T               0.0     0.0        T
SINCE 7/1        36.4              32.3     4.1     76.7

DEGREE_DAYS
HEATING TOTAL      27                33      -6       12
 SINCE 7/1       6751              6219     532     7331
COOLING TOTAL     137               180     -43      198
 SINCE 1/1        213               238     -25      286
..............................................................

WIND (MPH)
AVERAGE WIND SPEED              7.8
HIGHEST WIND SPEED/DIRECTION    31/MM     DATE   MM
HIGHEST GUST SPEED/DIRECTION    39/MM     DATE   MM

AVERAGE RH (PERCENT)     75


-  INDICATES NEGATIVE NUMBERS.
R  INDICATES RECORD WAS SET OR TIED.
MM INDICATES DATA IS MISSING.
T  INDICATES TRACE AMOUNT.

$$
