000
CXUS53 KJKL 011916
CLMLOZ

CLIMATE REPORT
NATIONAL WEATHER SERVICE JACKSON KY
312 PM EDT FRI SEP 1 2017
...................................

...THE LONDON KY CLIMATE SUMMARY FOR THE MONTH OF AUGUST 2017...

CLIMATE NORMAL PERIOD 1981 TO 2010
CLIMATE RECORD PERIOD 1954 TO 2017

WEATHER         OBSERVED          NORMAL  DEPART  LAST YEAR`S
                 VALUE   DATE(S)  VALUE   FROM    VALUE  DATE(S)
                                          NORMAL
................................................................
TEMPERATURE (F)
RECORD
 HIGH             102   08/16/2007
 LOW               44   08/29/1986
HIGHEST            90   08/17        MM      MM       93  08/27
LOWEST             53   08/05        MM      MM       56  08/23
AVG. MAXIMUM     82.5              85.7    -3.2     87.3
AVG. MINIMUM     63.4              64.7    -1.3     68.5
MEAN             73.0              75.2    -2.2     77.9
DAYS MAX >= 90      1               6.4    -5.4        8
DAYS MAX <= 32      0               0.0     0.0        0
DAYS MIN <= 32      0               0.0     0.0        0
DAYS MIN <= 0       0               0.0     0.0        0

PRECIPITATION (INCHES)
RECORD
 MAXIMUM         7.47   2003
 MINIMUM         0.45   2007
TOTALS           6.87              3.71    3.16     5.02
DAILY AVG.       0.23              0.12    0.11     0.16
DAYS >= .01        15               9.2     5.8       16
DAYS >= .10        12               6.0     6.0        6
DAYS >= .50         4               2.8     1.2        5
DAYS >= 1.00        1               0.9     0.1        1
GREATEST
 24 HR. TOTAL    2.20                               1.74

SNOWFALL (INCHES)
RECORDS
 TOTAL             MM   MM
TOTALS             MM               0.0      MM       MM
SINCE 7/1          MM               0.0      MM       MM
SNOWDEPTH AVG.     MM                MM      MM       MM
DAYS >= 1.0         0               0.0     0.0        0
GREATEST
 SNOW DEPTH        MM                                 MM
 24 HR TOTAL       MM                                 MM

DEGREE_DAYS
HEATING TOTAL       0                 1      -1        0
 SINCE 7/1          0                 1      -1        0
COOLING TOTAL     257               317     -60      407
 SINCE 1/1        969              1024     -55     1223
.................................................................

WIND (MPH)
AVERAGE WIND SPEED              3.4
HIGHEST WIND SPEED/DIRECTION    23/300    DATE  08/22
HIGHEST GUST SPEED/DIRECTION    36/300    DATE  08/22

SKY COVER
POSSIBLE SUNSHINE (PERCENT)   MM
AVERAGE SKY COVER           0.30
NUMBER OF DAYS FAIR           18
NUMBER OF DAYS PC             11
NUMBER OF DAYS CLOUDY          2

AVERAGE RH (PERCENT)     73

WEATHER CONDITIONS. NUMBER OF DAYS WITH
THUNDERSTORM             10     MIXED PRECIP               0
HEAVY RAIN                9     RAIN                      12
LIGHT RAIN               17     FREEZING RAIN              0
LT FREEZING RAIN          0     HAIL                       0
HEAVY SNOW                0     SNOW                       0
LIGHT SNOW                0     SLEET                      0
FOG                      23     FOG W/VIS <= 1/4 MILE      3
HAZE                      3

-  INDICATES NEGATIVE NUMBERS.
R  INDICATES RECORD WAS SET OR TIED.
MM INDICATES DATA IS MISSING.
T  INDICATES TRACE AMOUNT.

$$

TAB
