000
CXUS54 KMAF 011401
CLMMAF


CLIMATE REPORT
NATIONAL WEATHER SERVICE MIDLAND TX
759 AM CST FRI DEC 1 2017

...................................

...THE MIDLAND CLIMATE SUMMARY FOR THE MONTH OF NOVEMBER 2017...

CLIMATE NORMAL PERIOD 1981 TO 2010
CLIMATE RECORD PERIOD 1930 TO 2017

WEATHER         OBSERVED          NORMAL  DEPART  LAST YEAR`S
                 VALUE   DATE(S)  VALUE   FROM    VALUE  DATE(S)
                                          NORMAL
................................................................
TEMPERATURE (F)
RECORD
 HIGH              90   11/06/2017
                        11/01/2016
                        11/20/1996
 LOW               10   11/24/1938
HIGHEST            90R  11/06        66      24       90  11/01
LOWEST             29   11/19        39     -10       29  11/30
AVG. MAXIMUM     73.3              66.6     6.7     69.2
AVG. MINIMUM     45.2              39.2     6.0     48.8
MEAN             59.3              52.9     6.4     59.0
DAYS MAX >= 90      1               0.0     1.0        1
DAYS MAX <= 32      0               0.1    -0.1        0
DAYS MIN <= 32      1               6.4    -5.4        2
DAYS MIN <= 0       0               0.0     0.0        0

PRECIPITATION (INCHES)
RECORD
 MAXIMUM         5.42   2004
 MINIMUM         0.00   2010
                        1999
                        1950
TOTALS           0.40              0.69   -0.29     2.01
DAILY AVG.       0.01              0.02   -0.01     0.07
DAYS >= .01         1               3.0    -2.0        6
DAYS >= .10         1               1.5    -0.5        4
DAYS >= .50         0               0.4    -0.4        2
DAYS >= 1.00        0               0.2    -0.2        0
GREATEST
 24 HR. TOTAL    0.40   11/08 TO 11/08              0.90

SNOWFALL (INCHES)
RECORDS
 TOTAL            8.0   2001
TOTALS            0.0               0.5    -0.5      0.0
SINCE 7/1         0.0               0.5    -0.5      0.0
SNOWDEPTH AVG.      0                MM      MM        0
DAYS >= 1.0         0               0.2    -0.2        0
GREATEST
 SNOW DEPTH         0   MM                             0  MM
 24 HR TOTAL      0.0   11/30 TO 11/30               0.0

DEGREE_DAYS
HEATING TOTAL     211               370    -159      200
 SINCE 7/1        321               479    -158      211
.................................................................

WIND (MPH)
AVERAGE WIND SPEED              9.9
HIGHEST WIND SPEED/DIRECTION    40/010    DATE  11/18
HIGHEST GUST SPEED/DIRECTION    47/030    DATE  11/21

SKY COVER
POSSIBLE SUNSHINE (PERCENT)   MM
AVERAGE SKY COVER           0.20
NUMBER OF DAYS FAIR           23
NUMBER OF DAYS PC              4
NUMBER OF DAYS CLOUDY          3

AVERAGE RH (PERCENT)     54

WEATHER CONDITIONS. NUMBER OF DAYS WITH
THUNDERSTORM              0     MIXED PRECIP               0
HEAVY RAIN                1     RAIN                       1
LIGHT RAIN                3     FREEZING RAIN              0
LT FREEZING RAIN          0     HAIL                       0
HEAVY SNOW                0     SNOW                       0
LIGHT SNOW                0     SLEET                      0
FOG                      13     FOG W/VIS <= 1/4 MILE      4
HAZE                     17

-  INDICATES NEGATIVE NUMBERS.
R  INDICATES RECORD WAS SET OR TIED.
MM INDICATES DATA IS MISSING.
T  INDICATES TRACE AMOUNT.

$$
