000
CXUS54 KMAF 011602
CLMMAF


CLIMATE REPORT
NATIONAL WEATHER SERVICE MIDLAND TX
1101 AM CDT SAT AUG 1 2015

...................................

...THE MIDLAND CLIMATE SUMMARY FOR THE MONTH OF JULY 2015...

CLIMATE NORMAL PERIOD 1981 TO 2010
CLIMATE RECORD PERIOD 1930 TO 2015

WEATHER         OBSERVED          NORMAL  DEPART  LAST YEAR`S
                 VALUE   DATE(S)  VALUE   FROM    VALUE  DATE(S)
                                          NORMAL
................................................................
TEMPERATURE (F)
RECORD
 HIGH             112   07/02/1989
 LOW               49   07/13/1936
HIGHEST           103   07/27        94       9      102  07/30
LOWEST             68   07/14        69      -1       67  07/18
                        07/08
AVG. MAXIMUM     96.8              94.6     2.2     95.1
AVG. MINIMUM     72.6              69.7     2.9     71.7
MEAN             84.7              82.1     2.6     83.4
DAYS MAX >= 90     28              25.6     2.4       26
DAYS MAX <= 32      0               0.0     0.0        0
DAYS MIN <= 32      0               0.0     0.0        0
DAYS MIN <= 0       0               0.0     0.0        0

PRECIPITATION (INCHES)
RECORD
 MAXIMUM         8.50   1991
 MINIMUM         0.00   1946
TOTALS           0.72              1.82   -1.10     0.33
DAILY AVG.       0.02              0.06   -0.04     0.01
DAYS >= .01         5               4.9     0.1        2
DAYS >= .10         3               2.9     0.1        1
DAYS >= .50         0               1.3    -1.3        0
DAYS >= 1.00        0               0.4    -0.4        0
GREATEST
 24 HR. TOTAL    1.94   06/30 TO 07/01              0.28

DEGREE_DAYS
COOLING TOTAL     620               532      88      578
 SINCE 1/1       1427              1382      45     1602
.................................................................

WIND (MPH)
AVERAGE WIND SPEED              10.7
HIGHEST WIND SPEED/DIRECTION    39/140    DATE  07/31
HIGHEST GUST SPEED/DIRECTION    48/130    DATE  07/31

SKY COVER
POSSIBLE SUNSHINE (PERCENT)   MM
AVERAGE SKY COVER           0.10
NUMBER OF DAYS FAIR           29
NUMBER OF DAYS PC              1
NUMBER OF DAYS CLOUDY          1

AVERAGE RH (PERCENT)     52

WEATHER CONDITIONS. NUMBER OF DAYS WITH
THUNDERSTORM              0     MIXED PRECIP               0
HEAVY RAIN                2     RAIN                       1
LIGHT RAIN                4     FREEZING RAIN              0
LT FREEZING RAIN          0     HAIL                       0
HEAVY SNOW                0     SNOW                       0
LIGHT SNOW                0     SLEET                      0
FOG                       3     FOG W/VIS <= 1/4 MILE      0
HAZE                      7

-  INDICATES NEGATIVE NUMBERS.
R  INDICATES RECORD WAS SET OR TIED.
MM INDICATES DATA IS MISSING.
T  INDICATES TRACE AMOUNT.

$$
