000
CXUS54 KMAF 011514
CLMMAF


CLIMATE REPORT
NATIONAL WEATHER SERVICE MIDLAND TX
859 AM CST SUN JAN 1 2017

...................................

...THE MIDLAND CLIMATE SUMMARY FOR THE MONTH OF DECEMBER 2016...

CLIMATE NORMAL PERIOD 1981 TO 2010
CLIMATE RECORD PERIOD 1930 TO 2016

WEATHER         OBSERVED          NORMAL  DEPART  LAST   YEAR`S
                 VALUE   DATE(S)  VALUE   FROM    VALUE  DATE(S)
                                          NORMAL
................................................................
TEMPERATURE (F)
RECORD
 HIGH              85   12/04/1954
 LOW                    12/23/1989
HIGHEST            82   12/16        58      24       81  12/11
LOWEST             16   12/18        31     -15       19  12/29
AVG. MAXIMUM     59.8              58.1     1.7     61.5
AVG. MINIMUM     35.3              30.8     4.5     34.1
MEAN             47.5              44.4     3.1     47.8
DAYS MAX >= 90      0               0.0     0.0        0
DAYS MAX <= 32      1               0.7     0.3        0
DAYS MIN <= 32      9              17.2    -8.2       10
DAYS MIN <= 0       0               0.0     0.0        0

PRECIPITATION (INCHES)
RECORD
 MAXIMUM         3.30   1986
 MINIMUM         0.00   1973
TOTALS           0.41              0.60   -0.19     1.24
DAILY AVG.       0.01              0.02   -0.01     0.04
DAYS >= .01         5               3.7     1.3        3
DAYS >= .10         1               1.5    -0.5        3
DAYS >= .50         0               0.3    -0.3        1
DAYS >= 1.00        0               0.0     0.0        0
GREATEST
 24 HR. TOTAL    0.32   12/02 TO 12/03              1.07

SNOWFALL (INCHES)
RECORDS
 TOTAL            9.8   1998
TOTALS            0.3               1.5    -1.2      7.6
SINCE 7/1         0.3               2.0    -1.7      7.6
SNOWDEPTH AVG.      0                MM      MM        0
DAYS >= 1.0         0               0.5    -0.5        1
GREATEST
 SNOW DEPTH         T   12/08                          7  12/28
 24 HR TOTAL      0.3   12/08                        7.6

DEGREE_DAYS
HEATING TOTAL     534               637    -103      526
 SINCE 7/1        745              1116    -371      878
.................................................................

WIND (MPH)
AVERAGE WIND SPEED              10.0
HIGHEST WIND SPEED/DIRECTION    41/270    DATE  12/17
HIGHEST GUST SPEED/DIRECTION    54/270    DATE  12/17

SKY COVER
POSSIBLE SUNSHINE (PERCENT)   MM
AVERAGE SKY COVER           0.30
NUMBER OF DAYS FAIR           21
NUMBER OF DAYS PC              6
NUMBER OF DAYS CLOUDY          4

AVERAGE RH (PERCENT)     58

WEATHER CONDITIONS. NUMBER OF DAYS WITH
THUNDERSTORM              0     MIXED PRECIP               0
HEAVY RAIN                1     RAIN                       1
LIGHT RAIN                5     FREEZING RAIN              0
LT FREEZING RAIN          0     HAIL                       0
HEAVY SNOW                0     SNOW                       0
LIGHT SNOW                1     SLEET                      0
FOG                       9     FOG W/VIS <= 1/4 MILE      2
HAZE                      6

-  INDICATES NEGATIVE NUMBERS.
R  INDICATES RECORD WAS SET OR TIED.
MM INDICATES DATA IS MISSING.
T  INDICATES TRACE AMOUNT.

$$
