000
CXUS53 KGLD 050327
CLMMCK

CLIMATE REPORT
NATIONAL WEATHER SERVICE GOODLAND
820 PM MST SUN FEB 4 2018

...................................

...THE MCCOOK CLIMATE SUMMARY FOR THE MONTH OF JANUARY 2018...

CLIMATE NORMAL PERIOD 1981 TO 2010
CLIMATE RECORD PERIOD 1896 TO 2018

WEATHER         OBSERVED          NORMAL  DEPART  LAST YEAR`S
                 VALUE   DATE(S)  VALUE   FROM    VALUE  DATE(S)
                                          NORMAL
................................................................
TEMPERATURE (F)
RECORD
 HIGH              77   01/26/2002
 LOW              -30   01/12/1912
HIGHEST            60   01/09        63      -3       65  01/30
LOWEST             -6   01/02        -2      -4      -12  01/06
AVG. MAXIMUM     39.1              40.6    -1.5     39.1
AVG. MINIMUM     14.3              13.9     0.4     17.4
MEAN             26.7              27.2    -0.5     28.2
DAYS MAX >= 90      0               0.0     0.0        0
DAYS MAX <= 32      8               9.1    -1.1        9
DAYS MIN <= 32     31              30.9     0.1       30
DAYS MIN <= 0       2               3.1    -1.1        3

PRECIPITATION (INCHES)
RECORD
 MAXIMUM         1.37   1988
 MINIMUM         0.00   1986
TOTALS           0.97              0.51    0.46     0.70
DAILY AVG.       0.03              0.02    0.01     0.02
DAYS >= .01         4               2.7     1.3        4
DAYS >= .10         1               1.4    -0.4        2
DAYS >= .50         1               0.2     0.8        0
DAYS >= 1.00        0               0.1    -0.1        0
GREATEST
 24 HR. TOTAL    0.91   01/21 TO 01/21              0.54


.................................................................



-  INDICATES NEGATIVE NUMBERS.
R  INDICATES RECORD WAS SET OR TIED.
MM INDICATES DATA IS MISSING.
T  INDICATES TRACE AMOUNT.

$$
