000
CXUS53 KGLD 020129
CLMMCK

CLIMATE REPORT
NATIONAL WEATHER SERVICE GOODLAND
723 PM MDT FRI SEP 1 2017

...................................

...THE MCCOOK CLIMATE SUMMARY FOR THE MONTH OF AUGUST 2017...

CLIMATE NORMAL PERIOD 1981 TO 2010
CLIMATE RECORD PERIOD 1896 TO 2017

WEATHER         OBSERVED          NORMAL  DEPART  LAST YEAR`S
                 VALUE   DATE(S)  VALUE   FROM    VALUE  DATE(S)
                                          NORMAL
................................................................
TEMPERATURE (F)
RECORD
 HIGH             111   08/03/1930
 LOW               39   08/24/1928
                        08/28/1911
HIGHEST            97   08/19       101      -4      102  08/01
LOWEST             49   08/04        52      -3       44  08/21
AVG. MAXIMUM     85.6              87.6    -2.0     87.2
AVG. MINIMUM     58.7              59.9    -1.2     61.1
MEAN             72.1              73.8    -1.7     74.1
DAYS MAX >= 90      8              12.4    -4.4       14
DAYS MAX <= 32      0               0.0     0.0        0
DAYS MIN <= 32      0               0.0     0.0        0
DAYS MIN <= 0       0               0.0     0.0        0

PRECIPITATION (INCHES)
RECORD
 MAXIMUM         6.16   1992
 MINIMUM         0.08   1971
TOTALS           3.64              3.14    0.50     2.70
DAILY AVG.       0.12              0.10    0.02     0.09
DAYS >= .01        12               7.7     4.3        6
DAYS >= .10         6               5.1     0.9        5
DAYS >= .50         4               2.3     1.7        2
DAYS >= 1.00        1               1.0     0.0        1
GREATEST
 24 HR. TOTAL    1.13   08/07 TO 08/07              1.40


.................................................................



-  INDICATES NEGATIVE NUMBERS.
R  INDICATES RECORD WAS SET OR TIED.
MM INDICATES DATA IS MISSING.
T  INDICATES TRACE AMOUNT.

$$
