000
CXUS42 KFFC 011803
CLMMCN


CLIMATE REPORT
NATIONAL WEATHER SERVICE PEACHTREE CITY GA
202 PM EDT THU JUN 1 2017

...................................

...THE MACON CLIMATE SUMMARY FOR THE MONTH OF MAY 2017...

CLIMATE NORMAL PERIOD 1981 TO 2010
CLIMATE RECORD PERIOD 1899 TO 2017

WEATHER         OBSERVED          NORMAL  DEPART  LAST YEAR`S
                 VALUE   DATE(S)  VALUE   FROM    VALUE  DATE(S)
                                          NORMAL
................................................................
TEMPERATURE (F)
RECORD
 HIGH              99   05/28/1967
                        05/31/1953
                        05/27/1953
 LOW               40   05/05/1997
                        05/04/1971
                        05/12/1969
HIGHEST            93   05/17        98      -5       95  05/31
LOWEST             46   05/08        40       6       43  05/06
AVG. MAXIMUM     83.7              84.6    -0.9     84.3
AVG. MINIMUM     59.9              59.2     0.7     59.4
MEAN             71.8              71.9    -0.1     71.8
DAYS MAX >= 90      7               5.6     1.4        6
DAYS MAX <= 32      0               0.0     0.0        0
DAYS MIN <= 32      0               0.0     0.0        0
DAYS MIN <= 0       0               0.0     0.0        0

PRECIPITATION (INCHES)
RECORD
 MAXIMUM        11.77   1957
 MINIMUM            T   2007
TOTALS           6.07              2.72    3.35
DAILY AVG.       0.20              0.09    0.11     0.06
DAYS >= .01         8               7.8     0.2        6
DAYS >= .10         6               4.9     1.1        3
DAYS >= .50         5               1.6     3.4        2
DAYS >= 1.00        3               0.6     2.4        0
GREATEST
 24 HR. TOTAL    1.50   05/23 TO 05/23           05/19 TO 05/19
                                                          05/31 TO 05/31
                                                          05/31 TO 05/31

DEGREE_DAYS
HEATING TOTAL      15                15       0       11
 SINCE 7/1       1480              2322    -842     1798
COOLING TOTAL     234               229       5      232
 SINCE 1/1        445               313     132      352
..................................................

WIND (MPH)
AVERAGE WIND SPEED              5.9
HIGHEST WIND SPEED/DIRECTION    31/270    DATE  05/01
HIGHEST GUST SPEED/DIRECTION    41/270    DATE  05/01

SKY COVER
POSSIBLE SUNSHINE (PERCENT)   MM
AVERAGE SKY COVER           0.20
NUMBER OF DAYS FAIR           22
NUMBER OF DAYS PC              7
NUMBER OF DAYS CLOUDY          2

AVERAGE RH (PERCENT)     68

WEATHER CONDITIONS. NUMBER OF DAYS WITH
THUNDERSTORM              0     MIXED PRECIP               0
HEAVY RAIN                4     RAIN                       7
LIGHT RAIN               11     FREEZING RAIN              0
LT FREEZING RAIN          0     HAIL                       0
HEAVY SNOW                0     SNOW                       0
LIGHT SNOW                0     SLEET                      0
FOG                      11     FOG W/VIS <= 1/4 MILE      1
HAZE                      2

-  INDICATES NEGATIVE NUMBERS.
R  INDICATES RECORD WAS SET OR TIED.
MM INDICATES DATA IS MISSING.
T  INDICATES TRACE AMOUNT.

$$
