000
CXUS52 KMLB 011455
CLMMCO


CLIMATE REPORT
NATIONAL WEATHER SERVICE MELBOURNE
1055 AM EDT TUE APR 1 2014

...................................

...THE ORLANDO  AREA CLIMATE SUMMARY FOR THE MONTH OF MARCH 2014...

CLIMATE NORMAL PERIOD 1981 TO 2010
CLIMATE RECORD PERIOD 1892 TO 2014

WEATHER         OBSERVED          NORMAL  DEPART  LAST YEAR`S
                 VALUE   DATE(S)  VALUE   FROM    VALUE  DATE(S)
                                          NORMAL
................................................................
TEMPERATURE (F)
MONTHLY RECORD
 HOTTEST         73.7   1907
 COLDEST         59.1   1915
DAILY RECORD
 HIGH              97   03/30/1907
 LOW               25   03/03/1980
MARCH 2014
HIGHEST            86   03/22                         90
                        03/16
LOWEST             45   03/26                         30
                        03/14
AVG. MAXIMUM     77.6              78.0    -0.4     74.5
AVG. MINIMUM     56.4              55.8     0.6     48.6
MEAN             67.0              66.9     0.1     61.6
DAYS MAX >= 90      0               0.2    -0.2        1
DAYS MAX <= 32      0               0.0     0.0        0
DAYS MIN <= 32      0               0.0     0.0        1
DAYS MIN <= 0       0               0.0     0.0        0

PRECIPITATION (INCHES)
MONTHLY RECORD
 MAXIMUM        12.24   1930
 MINIMUM         0.02   2006
DAILY RECORD
 MAXIMUM         5.02   3/15/1960
MARCH 2014
TOTALS           4.52              3.77    0.75     1.27
DAYS >= .01         8               7.4     0.6        7
DAYS >= .10         5               4.8     0.2        3
DAYS >= .50         3               2.4     0.6        1
DAYS >= 1.00        2               1.3     0.7        0
GREATEST
 24 HR. TOTAL    2.05   03/29 TO 03/29

SNOWFALL (INCHES)
TOTALS            0.0               0.0     0.0      0.0
SINCE 7/1         0.0               0.0     0.0      0.0
DAYS >= TRACE       0                                  0

DEGREE_DAYS
HEATING TOTAL      42                59     -17      149
 SINCE 7/1        406               558    -152      461
COOLING TOTAL     107               118     -11       51
 SINCE 1/1        257               222      35      251
.................................................................

WIND (MPH)
AVERAGE WIND SPEED              8.5
HIGHEST WIND SPEED/DIRECTION    35/280    DATE  03/29
HIGHEST GUST SPEED/DIRECTION    45/310    DATE  03/29

SKY COVER
POSSIBLE SUNSHINE (PERCENT)   MM
AVERAGE SKY COVER           0.50
NUMBER OF DAYS FAIR           11
NUMBER OF DAYS PC             11
NUMBER OF DAYS CLOUDY          9

AVERAGE RH (PERCENT)     66

WEATHER CONDITIONS. NUMBER OF DAYS WITH
THUNDERSTORM              3     MIXED PRECIP               0
HEAVY RAIN                5     RAIN                       5
LIGHT RAIN               11     LT FREEZING RAIN           0
HAIL                      0     LIGHT SNOW                 0
SLEET                     0     FOG                       10
FOG W/VIS <= 1/4 MILE     3     HAZE                       2

-  INDICATES NEGATIVE NUMBERS.
R  INDICATES RECORD WAS SET OR TIED.
MM INDICATES DATA IS MISSING.
T  INDICATES TRACE AMOUNT.

$$
