000
CXUS54 KMEG 010654
CLMMEM


CLIMATE REPORT
NATIONAL WEATHER SERVICE MEMPHIS TN
150 AM CDT TUE NOV 1 2016

...................................

...THE MEMPHIS CLIMATE SUMMARY FOR THE MONTH OF OCTOBER 2016...

CLIMATE NORMAL PERIOD 1981 TO 2010
CLIMATE RECORD PERIOD 1872 TO 2016

WEATHER         OBSERVED          NORMAL  DEPART  LAST YEAR`S
                 VALUE   DATE(S)  VALUE   FROM    VALUE  DATE(S)
                                          NORMAL
................................................................
TEMPERATURE (F)
RECORD
 HIGH              95   10/08/2007
                        10/05/1954
                        10/01/1953
 LOW               25   10/29/1952
HIGHEST            92   10/07        74      18       93  10/15
LOWEST             44   10/22        52      -8       44  10/18
AVG. MAXIMUM     81.9              74.4     7.5     76.5
AVG. MINIMUM     59.5              53.8     5.7     56.0
MEAN             70.7              64.1     6.6     66.3
DAYS MAX >= 90      1               0.3     0.7        2
DAYS MAX <= 32      0               0.0     0.0        0
DAYS MIN <= 32      0               0.1    -0.1        0
DAYS MIN <= 0       0               0.0     0.0        0

PRECIPITATION (INCHES)
RECORD
 MAXIMUM        10.56   2009
 MINIMUM         0.00   1963
TOTALS           1.22              3.98   -2.76     2.44
DAILY AVG.       0.04              0.13   -0.09     0.08
DAYS >= .01         5               7.5    -2.5        7
DAYS >= .10         1               5.4    -4.4        4
DAYS >= .50         1               2.6    -1.6        3
DAYS >= 1.00        1               1.3    -0.3        0
GREATEST
 24 HR. TOTAL    1.11   10/14 TO 10/14
                        10/13 TO 10/14
                        10/14 TO 10/14

SNOWFALL (INCHES)
RECORDS
 TOTAL            0.0   2002
                        2001
                        1993
TOTALS            0.0               0.0     0.0      0.0
SINCE 7/1         0.0               0.0     0.0      0.0
SNOWDEPTH AVG.      0                MM      MM        0
DAYS >= 1.0         0               0.0     0.0        0
GREATEST
 SNOW DEPTH         0   MM                             0  MM
 24 HR TOTAL      0.0   10/31 TO 10/31

DEGREE_DAYS
HEATING TOTAL      18               120    -102       62
 SINCE 7/1         18               131    -113       62
COOLING TOTAL     203                92     111      109
 SINCE 1/1       2774              2243     531     2430
.................................................................

WIND (MPH)
AVERAGE WIND SPEED              6.5
HIGHEST WIND SPEED/DIRECTION    24/150    DATE  10/10
HIGHEST GUST SPEED/DIRECTION    30/360    DATE  10/20

SKY COVER
POSSIBLE SUNSHINE (PERCENT)   MM
AVERAGE SKY COVER           0.40
NUMBER OF DAYS FAIR           18
NUMBER OF DAYS PC             11
NUMBER OF DAYS CLOUDY          2

AVERAGE RH (PERCENT)     63

WEATHER CONDITIONS. NUMBER OF DAYS WITH
THUNDERSTORM              0     MIXED PRECIP               0
HEAVY RAIN                1     RAIN                       1
LIGHT RAIN                5     FREEZING RAIN              0
LT FREEZING RAIN          0     HAIL                       0
HEAVY SNOW                0     SNOW                       0
LIGHT SNOW                0     SLEET                      0
FOG                       5     FOG W/VIS <= 1/4 MILE      0
HAZE                      2

-  INDICATES NEGATIVE NUMBERS.
R  INDICATES RECORD WAS SET OR TIED.
MM INDICATES DATA IS MISSING.
T  INDICATES TRACE AMOUNT.

$$
