000
CXUS54 KBMX 021154
CLMMGM
CLIMATE REPORT
NATIONAL WEATHER SERVICE BIRMINGHAM AL
554 AM CST SAT MAR 02 2024
...................................
...THE MONTGOMERY CLIMATE SUMMARY FOR THE MONTH OF FEBRUARY 2024...
CLIMATE NORMAL PERIOD 1991 TO 2020
CLIMATE RECORD PERIOD 1872 TO 2024
WEATHER OBSERVED NORMAL DEPART LAST YEAR`S
VALUE DATE(S) VALUE FROM VALUE DATE(S)
NORMAL
................................................................
TEMPERATURE (F)
RECORD
HIGH 86 02/22/2019
LOW -5 02/13/1899
HIGHEST 79 02/28 MM MM 85 02/23
LOWEST 26 02/19 MM MM 31 02/04
02/18
AVG. MAXIMUM 67.4 64.7 2.7 71.8
AVG. MINIMUM 40.9 40.4 0.5 49.6
MEAN 54.1 60.7
DAYS MAX >= 90 0 0.0 0.0 0
DAYS MAX <= 32 0 0.1 -0.1 0
DAYS MIN <= 32 4 6.9 -2.9 2
DAYS MIN <= 0 0 0.0 0.0 0
PRECIPITATION (INCHES)
RECORD
MAXIMUM 13.38 1961
MINIMUM 1.11 1999
TOTALS 6.53 4.88 1.65 3.01
DAILY AVG. 0.23 NAN NAN 0.11
DAYS >= .01 7 9.5 -2.5 7
DAYS >= .10 4 6.5 -2.5 6
DAYS >= .50 3 3.2 -0.2 2
DAYS >= 1.00 3 1.8 1.2 1
DEGREE DAYS
HEATING TOTAL 315 359 -44 194
SINCE 7/1 1612 1716 -104 MM
COOLING TOTAL 7 10 -3 78
SINCE 1/1 10 14 -4 MM
................................................................
WIND (MPH)
AVERAGE WIND SPEED 7.1
HIGHEST WIND SPEED/DIRECTION 31/280 DATE 02/12
HIGHEST GUST SPEED/DIRECTION 40/290 DATE 02/12
AVERAGE RH (PERCENT) 63
WEATHER CONDITIONS. NUMBER OF DAYS WITH
THUNDERSTORM 2 MIXED PRECIP 0
HEAVY RAIN 3 RAIN 5
LIGHT RAIN 8 FREEZING RAIN 0
LT FREEZING RAIN 0 HAIL 0
HEAVY SNOW 0 SNOW 0
LIGHT SNOW 0 SLEET 0
FOG 10 FOG W/VIS <= 1/4 MILE 0
HAZE 0
- INDICATES NEGATIVE NUMBERS.
R INDICATES RECORD WAS SET OR TIED.
MM INDICATES DATA IS MISSING.
T INDICATES TRACE AMOUNT.
$$