000
CXUS53 KMKX 011618 CCA
CLMMKE
CLIMATE REPORT
NATIONAL WEATHER SERVICE MILWAUKEE/SULLIVAN WI
1104 AM CDT MON APR 01 2024
...................................
...THE MILWAUKEE WI CLIMATE SUMMARY FOR THE MONTH OF MARCH 2024...
CLIMATE NORMAL PERIOD 1991 TO 2020
CLIMATE RECORD PERIOD 1871 TO 2024
WEATHER OBSERVED NORMAL DEPART LAST YEAR`S
VALUE DATE(S) VALUE FROM VALUE DATE(S)
NORMAL
................................................................
TEMPERATURE (F)
RECORD
HIGH 84 03/21/2012
LOW -10 03/01/1962
HIGHEST 71 03/12 63 8 61 03/31
LOWEST 24 03/21 8 16 13 03/18
AVG. MAXIMUM 48.2 44.2 4.0 42.7
AVG. MINIMUM 33.3 28.7 4.6 29.4
MEAN 40.8 36.4 4.4 36.1
DAYS MAX >= 90 0 0.0 0.0 0
DAYS MAX <= 32 0 4.7 -4.7 2
DAYS MIN <= 32 17 21.0 -4.0 19
DAYS MIN <= 0 0 0.2 -0.2 0
PRECIPITATION (INCHES)
RECORD
MAXIMUM 6.93 1976
MINIMUM 0.05 1910
TOTALS 5.50 2.20 3.30 4.02
DAILY AVG. 0.18 0.07 0.11 0.13
DAYS >= .01 13 10.7 2.3 14
DAYS >= .10 8 5.3 2.7 8
DAYS >= .50 5 1.5 3.5 3
DAYS >= 1.00 1 0.2 0.8 0
GREATEST
24 HR. TOTAL 1.41 03/13 TO 03/14 1.13 03/09 TO 03/10
SNOWFALL (INCHES)
RECORDS
TOTAL 52.6 1881
TOTALS 8.1 6.7 1.4 23.1
SINCE 7/1 32.0 46.6 -14.6 51.6
SNOWDEPTH AVG. 0 1
DAYS >= 1.0 1 1.9 -0.9 4
GREATEST
SNOW DEPTH 6 03/22 8 03/10
24 HR TOTAL 8.1 03/21 TO 03/22 10.7 03/09 TO 03/10
DEGREE DAYS
HEATING TOTAL 743 886 -143 888
SINCE 7/1 4520 5542 -1022 5037
COOLING TOTAL 0 1 -1 0
SINCE 1/1 0 1 -1 0
................................................................
WIND (MPH)
AVERAGE WIND SPEED 11.6
HIGHEST WIND SPEED/DIRECTION 36/220 DATE 03/26
HIGHEST GUST SPEED/DIRECTION 49/220 DATE 03/26
SKY COVER
AVERAGE SKY COVER 0.65
NUMBER OF DAYS FAIR 4
NUMBER OF DAYS PC 13
NUMBER OF DAYS CLOUDY 14
AVERAGE RH (PERCENT) 63
WEATHER CONDITIONS. NUMBER OF DAYS WITH
THUNDERSTORM 1 MIXED PRECIP 0
HEAVY RAIN 2 RAIN 5
LIGHT RAIN 12 FREEZING RAIN 0
LT FREEZING RAIN 0 HAIL 0
HEAVY SNOW 1 SNOW 1
LIGHT SNOW 5 SLEET 1
FOG 11 FOG W/VIS <= 1/4 MILE 2
HAZE 3
- INDICATES NEGATIVE NUMBERS.
R INDICATES RECORD WAS SET OR TIED.
MM INDICATES DATA IS MISSING.
T INDICATES TRACE AMOUNT.
3RD WETTEST
8TH WARMEST
$$
2%