000
CXUS53 KMKX 021738
CLMMKE


CLIMATE REPORT
NATIONAL WEATHER SERVICE IN MILWAUKEE
1128 AM CST MON FEB 2 2015

...................................

...THE MILWAUKEE WI CLIMATE SUMMARY FOR THE MONTH OF JANUARY 2015...

CLIMATE NORMAL PERIOD 1981 TO 2010
CLIMATE RECORD PERIOD 1871 TO 2015

WEATHER         OBSERVED          NORMAL  DEPART  LAST YEAR`S
                 VALUE   DATE(S)  VALUE   FROM    VALUE  DATE(S)
                                          NORMAL
................................................................
TEMPERATURE (F)
RECORD
 HIGH              63   01/07/2008
 LOW              -26   01/17/1982
HIGHEST            42   01/24        46      -4       44  01/13
                        01/18
                        01/17
LOWEST             -7   01/08        -9       2      -14  01/07
AVG. MAXIMUM     28.4              28.9    -0.5     22.7
AVG. MINIMUM     16.5              15.6     0.9      5.5
MEAN             22.5              22.3     0.2     14.1
DAYS MAX >= 90      0               0.0     0.0        0
DAYS MAX <= 32     17              18.1    -1.1       23
DAYS MIN <= 32     30              29.1     0.9       31
DAYS MIN <= 0       6               3.7     2.3       13

PRECIPITATION (INCHES)
RECORD
 MAXIMUM         5.38   1918
 MINIMUM         0.15   1919
TOTALS           0.91              1.76   -0.85     1.11
DAILY AVG.       0.03              0.06   -0.03     0.04
DAYS >= .01        10              11.4    -1.4       14
DAYS >= .10         4               5.1    -1.1        3
DAYS >= .50         0               0.8    -0.8        0
DAYS >= 1.00        0               0.1    -0.1        0
GREATEST
 24 HR. TOTAL    0.23   01/03 TO 01/04              0.49 01/10-01/11

SNOWFALL (INCHES)
RECORDS
 TOTAL           52.6   1918
TOTALS           13.2              14.7    -1.5     19.6
SINCE 7/1        18.5              28.0    -9.5     40.9
SNOWDEPTH AVG.      3                 5      -2        7
DAYS >= 1.0         5               4.5     0.5        5
GREATEST
 SNOW DEPTH         8   01/13                         11  01/27
                        01/11
                        01/10
 24 HR TOTAL      3.2   01/04 TO 01/04               4.9  01/01

DEGREE_DAYS
HEATING TOTAL    1311              1325     -14     1570
 SINCE 7/1       3918              3885      33     4303
COOLING TOTAL       0                 0       0        0
 SINCE 1/1          0                 0       0        0
.................................................................

WIND (MPH)
AVERAGE WIND SPEED              10.3
HIGHEST WIND SPEED/DIRECTION    29/230    DATE  01/17
HIGHEST GUST SPEED/DIRECTION    39/330    DATE  01/08

SKY COVER
POSSIBLE SUNSHINE (PERCENT)   MM
AVERAGE SKY COVER           0.70
NUMBER OF DAYS FAIR            2
NUMBER OF DAYS PC             13
NUMBER OF DAYS CLOUDY         16

AVERAGE RH (PERCENT)     67

WEATHER CONDITIONS. NUMBER OF DAYS WITH
THUNDERSTORM              0     MIXED PRECIP               0
HEAVY RAIN                0     RAIN                       0
LIGHT RAIN                6     FREEZING RAIN              0
LT FREEZING RAIN          3     HAIL                       0
HEAVY SNOW                1     SNOW                       6
LIGHT SNOW               18     SLEET                      2
FOG                       6     FOG W/VIS <= 1/4 MILE      0
HAZE                     14

-  INDICATES NEGATIVE NUMBERS.
R  INDICATES RECORD WAS SET OR TIED.
MM INDICATES DATA IS MISSING.
T  INDICATES TRACE AMOUNT.

$$
