000
CXUS53 KMKX 012141
CLMMKE

CLIMATE REPORT
NATIONAL WEATHER SERVICE IN MILWAUKEE
314 PM CST THU DEC 1 2016

...................................

...THE MILWAUKEE WI CLIMATE SUMMARY FOR THE MONTH OF NOVEMBER 2016...

CLIMATE NORMAL PERIOD 1981 TO 2010
CLIMATE RECORD PERIOD 1871 TO 2016

WEATHER         OBSERVED          NORMAL  DEPART  LAST YEAR`S
                 VALUE   DATE(S)  VALUE   FROM    VALUE  DATE(S)
                                          NORMAL
................................................................
TEMPERATURE (F)
RECORD
 HIGH              77   11/01/2016
                        11/01/1950
                        11/02/1938
 LOW              -14   11/29/1875
HIGHEST            77R  11/01        64      13       73  11/03
LOWEST             24   11/21        13      11       16  11/22
AVG. MAXIMUM     55.2              46.0     9.2     52.3
AVG. MINIMUM     39.3              32.0     7.3     36.7
MEAN             47.2              39.0     8.2     44.5
DAYS MAX >= 90      0               0.0     0.0        0
DAYS MAX <= 32      0               2.6    -2.6        1
DAYS MIN <= 32      6              14.4    -8.4       12
DAYS MIN <= 0       0               0.0     0.0        0

PRECIPITATION (INCHES)
RECORD
 MAXIMUM         8.56   1934
 MINIMUM         0.11   1904
TOTALS           1.81              2.71   -0.90     4.93
DAILY AVG.       0.06              0.09   -0.03     0.16
DAYS >= .01         4              11.3    -7.3       10
DAYS >= .10         3               5.8    -2.8        7
DAYS >= .50         2               1.5     0.5        3
DAYS >= 1.00        1               0.5     0.5        2
GREATEST
 24 HR. TOTAL    1.08   11/28 TO 11/28              1.87

SNOWFALL (INCHES)
RECORDS
 TOTAL           18.4   5
                        0
                        -26215
TOTALS              T               2.4    -2.4      6.9
SINCE 7/1           T               2.7    -2.7      6.9
SNOWDEPTH AVG.      0                MM      MM        0
DAYS >= 1.0         0               0.6    -0.6        1
GREATEST
 SNOW DEPTH         0   MM                             4  11/22
 24 HR TOTAL        T   11/25 TO 11/25               6.1
                        11/22 TO 11/22

DEGREE_DAYS
HEATING TOTAL     528               780    -252      607
 SINCE 7/1        830              1365    -535     1039
COOLING TOTAL       3                 0       3        0
 SINCE 1/1        991               641     350      622
.................................................................

WIND (MPH)
AVERAGE WIND SPEED              9.1
HIGHEST WIND SPEED/DIRECTION    35/240    DATE  11/18
HIGHEST GUST SPEED/DIRECTION    46/300    DATE  11/19

SKY COVER
POSSIBLE SUNSHINE (PERCENT)   MM
AVERAGE SKY COVER           0.50
NUMBER OF DAYS FAIR            9
NUMBER OF DAYS PC             15
NUMBER OF DAYS CLOUDY          6

AVERAGE RH (PERCENT)     68

WEATHER CONDITIONS. NUMBER OF DAYS WITH
THUNDERSTORM              1     MIXED PRECIP               0
HEAVY RAIN                2     RAIN                       2
LIGHT RAIN                7     FREEZING RAIN              0
LT FREEZING RAIN          0     HAIL                       0
HEAVY SNOW                0     SNOW                       0
LIGHT SNOW                1     SLEET                      0
FOG                      11     FOG W/VIS <= 1/4 MILE      1
HAZE                     12

-  INDICATES NEGATIVE NUMBERS.
R  INDICATES RECORD WAS SET OR TIED.
MM INDICATES DATA IS MISSING.
T  INDICATES TRACE AMOUNT.
&&
$$
