000
CXUS54 KMEG 020039
CLMMKL


CLIMATE REPORT
NATIONAL WEATHER SERVICE MEMPHIS TN
736 PM CDT TUE SEP 1 2015

...................................

...THE JACKSON CLIMATE SUMMARY FOR THE MONTH OF AUGUST 2015...

CLIMATE NORMAL PERIOD 1981 TO 2010
CLIMATE RECORD PERIOD 1948 TO 2015

WEATHER         OBSERVED          NORMAL  DEPART  LAST YEAR`S
                 VALUE   DATE(S)  VALUE   FROM    VALUE  DATE(S)
                                          NORMAL
................................................................
TEMPERATURE (F)
RECORD
 HIGH             106   08/16/2007
                        08/15/2007
                        00/-2/2032
 LOW               47   08/14/2004
                        08/13/2004
HIGHEST            98   08/04        90       8       95  08/24
                                                          08/23
LOWEST             51   08/26        67     -16       56  08/13
AVG. MAXIMUM     88.4              90.2    -1.8     88.5
AVG. MINIMUM     64.8              66.9    -2.1     67.6
MEAN             76.6              78.6    -2.0     78.0
DAYS MAX >= 90     11              16.3    -5.3       16
DAYS MAX <= 32      0               0.0     0.0        0
DAYS MIN <= 32      0               0.0     0.0        0
DAYS MIN <= 0       0               0.0     0.0        0

PRECIPITATION (INCHES)
RECORD
 MAXIMUM        10.24   1974
 MINIMUM         0.08   1953
TOTALS           4.62              3.00    1.62     5.29
DAILY AVG.       0.15              0.10    0.05     0.17
DAYS >= .01         6               6.8    -0.8       11
DAYS >= .10         5               4.5     0.5        8
DAYS >= .50         4               2.2     1.8        4
DAYS >= 1.00        1               0.9     0.1        1
GREATEST
 24 HR. TOTAL    1.90   08/19 TO 08/19

SNOWFALL (INCHES)
RECORDS
 TOTAL             MM   MM
TOTALS            0.0               0.0     0.0      0.0
SINCE 7/1         0.0               0.0     0.0      0.0
SNOWDEPTH AVG.      0                MM      MM        0
DAYS >= 1.0         0               0.0     0.0        0
GREATEST
 SNOW DEPTH         0   MM                             0  MM
 24 HR TOTAL      0.0   08/31 TO 08/31

DEGREE_DAYS
HEATING TOTAL       0                 0       0        0
 SINCE 7/1          0                 0       0        0
COOLING TOTAL     370               420     -50      414
 SINCE 1/1       1562              1423     139     1317
.................................................................

WIND (MPH)
AVERAGE WIND SPEED              3.9
HIGHEST WIND SPEED/DIRECTION    47/250    DATE  08/05
HIGHEST GUST SPEED/DIRECTION    61/230    DATE  08/05

SKY COVER
POSSIBLE SUNSHINE (PERCENT)   MM
AVERAGE SKY COVER           0.20
NUMBER OF DAYS FAIR           25
NUMBER OF DAYS PC              6
NUMBER OF DAYS CLOUDY          0

AVERAGE RH (PERCENT)     72

WEATHER CONDITIONS. NUMBER OF DAYS WITH
THUNDERSTORM              0     MIXED PRECIP               0
HEAVY RAIN                5     RAIN                       5
LIGHT RAIN                5     FREEZING RAIN              0
LT FREEZING RAIN          0     HAIL                       0
HEAVY SNOW                0     SNOW                       0
LIGHT SNOW                0     SLEET                      0
FOG                      26     FOG W/VIS <= 1/4 MILE      3
HAZE                      2

-  INDICATES NEGATIVE NUMBERS.
R  INDICATES RECORD WAS SET OR TIED.
MM INDICATES DATA IS MISSING.
T  INDICATES TRACE AMOUNT.

$$
