000
CXUS51 KPHI 011052
CLMMPO


CLIMATE REPORT
NATIONAL WEATHER SERVICE MOUNT HOLLY NJ
652 AM EDT FRI APR 1 2016

...................................

...THE POCONO_MNTS_MUNIL_AR CLIMATE SUMMARY FOR THE MONTH OF MARCH 2016...

CLIMATE NORMAL PERIOD 1981 TO 2010
CLIMATE RECORD PERIOD 1901 TO 2016

WEATHER         OBSERVED          NORMAL  DEPART  LAST YEAR`S
                 VALUE   DATE(S)  VALUE   FROM    VALUE  DATE(S)
                                          NORMAL
................................................................
TEMPERATURE (F)
RECORD
 HIGH              81   03/31/1998
                        03/30/1910
 LOW              -18   03/07/1911
HIGHEST            73                MM      MM       53
LOWEST             14                MM      MM       -2
AVG. MAXIMUM     50.9              42.2     8.7     36.7
AVG. MINIMUM     30.4              24.9     5.5     20.1
MEAN             40.6              33.5     7.1     28.4
DAYS MAX >= 90      0               0.0     0.0        0
DAYS MAX <= 32      1               5.0    -4.0       10
DAYS MIN <= 32     18              24.1    -6.1       29
DAYS MIN <= 0       0               0.2    -0.2        2

PRECIPITATION (INCHES)
RECORD
 MAXIMUM        10.55   1940
 MINIMUM         0.75   1981
TOTALS           0.99              3.83   -2.84     2.09
DAILY AVG.       0.03              0.12   -0.09     0.07
DAYS >= .01        10                MM      MM       15
DAYS >= .10         5                MM      MM        9
DAYS >= .50         0                MM      MM        0
DAYS >= 1.00        0                MM      MM        0
GREATEST
 24 HR. TOTAL    0.36   03/28 TO 03/28              0.40

SNOWFALL (INCHES)
RECORDS
 TOTAL             MM   5
 24 HR TOTAL       MM
TOTALS             MM                MM      MM       MM
SINCE 7/1          MM                MM      MM       MM
SNOWDEPTH AVG.     MM                MM      MM       MM
DAYS >= 1.0         0                MM      MM        0
GREATEST
 SNOW DEPTH        MM                                 MM  MM
 24 HR TOTAL       MM                                 MM

DEGREE_DAYS
HEATING TOTAL     746               975    -229     1126
 SINCE 7/1       5031              6098   -1067     6561
COOLING TOTAL       0                 0       0        0
 SINCE 1/1          0                 0       0        0
.................................................................

WIND (MPH)
AVERAGE WIND SPEED              10.6
HIGHEST WIND SPEED/DIRECTION    37/280    DATE  03/28
HIGHEST GUST SPEED/DIRECTION    54/330    DATE  03/28

SKY COVER
POSSIBLE SUNSHINE (PERCENT)   MM
AVERAGE SKY COVER           0.40
NUMBER OF DAYS FAIR           14
NUMBER OF DAYS PC             10
NUMBER OF DAYS CLOUDY          7

AVERAGE RH (PERCENT)     61

WEATHER CONDITIONS. NUMBER OF DAYS WITH
THUNDERSTORM              0     MIXED PRECIP               0
HEAVY RAIN                2     RAIN                       2
LIGHT RAIN               12     FREEZING RAIN              0
LT FREEZING RAIN          0     HEAVY SNOW                 0
SNOW                      0     LIGHT SNOW                 5
SLEET                     0     FOG                       14
FOG W/VIS <= 1/4 MILE     4     HAZE                       7

-  INDICATES NEGATIVE NUMBERS.
R  INDICATES RECORD WAS SET OR TIED.
MM INDICATES DATA IS MISSING.
T  INDICATES TRACE AMOUNT.

$$
