749
CXUS51 KPHI 011219
CLMMPO


CLIMATE REPORT
NATIONAL WEATHER SERVICE MOUNT HOLLY NJ
718 AM EST THU FEB 1 2018

...................................

...THE MOUNT POCONO PA CLIMATE SUMMARY FOR THE MONTH OF JANUARY 2018...

CLIMATE NORMAL PERIOD 1981 TO 2010
CLIMATE RECORD PERIOD 1901 TO 2018

WEATHER         OBSERVED          NORMAL  DEPART  LAST YEAR`S
                 VALUE   DATE(S)  VALUE   FROM    VALUE
                                          NORMAL
.............................................................
TEMPERATURE (F)
RECORD
 HIGH              69   01/26/1950
 LOW              -35   01/14/1912
HIGHEST            59                MM      MM       55
LOWEST             -6                MM      MM        2
AVG. MAXIMUM     30.0              30.7    -0.7     33.8
AVG. MINIMUM     12.9              15.8    -2.9     21.4
MEAN             21.5              23.2    -1.7     27.6
DAYS MAX >= 90      0               0.0     0.0        0
DAYS MAX <= 32     17              17.6    -0.6       14
DAYS MIN <= 32     27              28.9    -1.9       28
DAYS MIN <= 0       4               2.2     1.8        0

PRECIPITATION (INCHES)
RECORD
 MAXIMUM        10.45   1979
 MINIMUM         0.61   1990
TOTALS           4.92              2.85    2.07     2.93
DAILY AVG.       0.16              0.09    0.07     0.09
DAYS >= .01        12                MM      MM       15
DAYS >= .10         5                MM      MM        7
DAYS >= .50         3                MM      MM        1
DAYS >= 1.00        2                MM      MM        0
GREATEST
 24 HR. TOTAL    2.28   01/12 TO 01/12              1.03

DEGREE_DAYS
HEATING TOTAL    1340              1294      46     1151
 SINCE 7/1       4038              4031       7     3694
COOLING TOTAL       0                 0       0        0
 SINCE 1/1          0                 0       0        0
..............................................................

WIND (MPH)
AVERAGE WIND SPEED              12.2
HIGHEST WIND SPEED/DIRECTION    37/300    DATE  01/04
HIGHEST GUST SPEED/DIRECTION    52/310    DATE  01/04

SKY COVER
POSSIBLE SUNSHINE (PERCENT)   MM
AVERAGE SKY COVER           0.60
NUMBER OF DAYS FAIR            9
NUMBER OF DAYS PC              8
NUMBER OF DAYS CLOUDY         11

AVERAGE RH (PERCENT)     75

WEATHER CONDITIONS. NUMBER OF DAYS WITH
THUNDERSTORM              0     MIXED PRECIP               0
HEAVY RAIN                3     RAIN                       3
LIGHT RAIN                7     FREEZING RAIN              1
LT FREEZING RAIN          2     HEAVY SNOW                 0
SNOW                      0     LIGHT SNOW                14
SLEET                     0     FOG                       13
FOG W/VIS <= 1/4 MILE     3     HAZE                       0

-  INDICATES NEGATIVE NUMBERS.
R  INDICATES RECORD WAS SET OR TIED.
MM INDICATES DATA IS MISSING.
T  INDICATES TRACE AMOUNT.

$$
