000
CXUS52 KKEY 020305 RRA
CLMMTH

CLIMATE REPORT
NATIONAL WEATHER SERVICE KEY WEST, FL
1028 PM EDT THU JUN 1 2017

...................................

...THE MARATHON CLIMATE SUMMARY FOR THE MONTH OF MAY 2017...

CLIMATE NORMAL PERIOD 1981 TO 2010

WEATHER         OBSERVED          NORMAL  DEPART  LAST YEAR`S
                 VALUE   DATE(S)  VALUE   FROM    VALUE  DATE(S)
                                          NORMAL
................................................................
TEMPERATURE (F)
HIGHEST            93   05/28                         93  05/18
                        05/27
                        05/26
LOWEST             68   05/08                         64  05/08
AVG. MAXIMUM     88.5              86.5     2.0     87.2
AVG. MINIMUM     77.7              76.2     1.5     76.0
MEAN             83.1              81.4     1.7     81.6
DAYS MAX >= 90     11               3.3     7.7        4
DAYS MAX <= 32      0               0.0     0.0        0
DAYS MIN <= 32      0               0.0     0.0        0
DAYS MIN <= 0       0               0.0     0.0        0

PRECIPITATION (INCHES)
TOTALS           1.62              3.35   -1.73     2.32
DAILY AVG.       0.05              0.11   -0.06     0.07
DAYS >= .01         7                                  6
DAYS >= .10         3                                  4
DAYS >= .50         1                                  2
DAYS >= 1.00        0                                  1

SNOWFALL (INCHES)
TOTALS            0.0                                0.0
SINCE 7/1         0.0                                0.0
SNOWDEPTH AVG.      0                                  0
DAYS >= 1.0         0                                  0
GREATEST
 SNOW DEPTH         0                                  0
 24 HR TOTAL      0.0   05/31 TO 05/31

DEGREE_DAYS
HEATING TOTAL       0                 0       0        0
 SINCE 7/1          3                81     -78       49
COOLING TOTAL     568               507      61      524
 SINCE 1/1       1996              1543     453     1615
.................................................................

WIND (MPH)
AVERAGE WIND SPEED              7.4
HIGHEST WIND SPEED/DIRECTION    28/060    DATE  05/02
HIGHEST GUST SPEED/DIRECTION    35/060    DATE  05/02

SKY COVER
POSSIBLE SUNSHINE (PERCENT)   MM
AVERAGE SKY COVER           0.20
NUMBER OF DAYS FAIR           28
NUMBER OF DAYS PC              3
NUMBER OF DAYS CLOUDY          0

AVERAGE RH (PERCENT)     72

WEATHER CONDITIONS. NUMBER OF DAYS WITH
THUNDERSTORM              3     MIXED PRECIP               0
HEAVY RAIN                5     RAIN                       2
LIGHT RAIN                6     FREEZING RAIN              0
LT FREEZING RAIN          0     HAIL                       0
HEAVY SNOW                0     SNOW                       0
LIGHT SNOW                0     SLEET                      0
FOG                       8     FOG W/VIS <= 1/4 MILE      0
HAZE                      2

-  INDICATES NEGATIVE NUMBERS.
R  INDICATES RECORD WAS SET OR TIED.
MM INDICATES DATA IS MISSING.
T  INDICATES TRACE AMOUNT.

$$

CONDITIONS AT MARATHON WERE WARMER AND DRIER THAN NORMAL DURING THE
MONTH OF MAY. WITH AN AVERAGE TEMPERATURE OF 83.F, IT WAS THE 6TH
WARMEST MAY ON RECORD. TEMPERATURES TOPPED OUT AT 93F THREE TIMES
DURING THE MONTH, AND BOTTOMED OUT AT 68F ON MAY 8TH. IT WAS THE
11TH DRIEST MAY ON RECORD WITH 1.62", OR 1.73" BELOW NORMAL. THE
GREATEST DAILY RAINFALL WAS 0.84" ON MAY 14TH.

THE SPRING OF 2017 CONTINUED THE SAME TREND AS THE MONTH OF MAY,
WITH ABOVE NORMAL TEMPERATURES AND BELOW NORMAL RAINFALL IN
MARATHON. WITH AN AVERAGE TEMPERATURE OF 79.6F, IT WAS THE 6TH
WARMEST SPRING ON RECORD, AND WITH AN AVERAGE LOW TEMPERATURE OF
74.1F, IT WAS THE 5TH WARMEST ON RECORD. WITH JUST 4.64" DURING
MARCH, APRIL, AND MAY, IT WAS THE 11TH DRIEST SPRING ON RECORD,
COMING IN AT 3.48" BELOW NORMAL. RAINFALL AND TEMPERATURE NORMALS
(1981-2010) FOR MARATHON ARE COMPRISED OF DATA COLLECTED FROM DUCK
KEY AND THE MARATHON AIRPORT SINCE ITS INCEPTION IN 1998.

FLING
