000
CXUS53 KGID 011910 AAA
CLMODX

CLIMATE REPORT...UPDATED
NATIONAL WEATHER SERVICE HASTINGS NE
210 PM CDT WED JUL 1 2015

UPDATED TO INCLUDE ADDITIONAL MONTHLY DETAILS AT BOTTOM

...................................

...THE ORD NE CLIMATE SUMMARY FOR THE MONTH OF JUNE 2015...

CLIMATE NORMAL PERIOD 1981 TO 2010
CLIMATE RECORD PERIOD 1895 TO 2015

WEATHER         OBSERVED          NORMAL  DEPART  LAST YEAR`S
                 VALUE   DATE(S)  VALUE   FROM    VALUE
                                          NORMAL
.............................................................
TEMPERATURE (F)
HIGHEST            96   06/09        MM      MM       91
LOWEST             50   06/16        MM      MM       42
AVG. MAXIMUM     81.9              81.2     0.7     80.3
AVG. MINIMUM     57.9              57.1     0.8     56.7
MEAN             69.9              69.2     0.7     68.5
DAYS MAX >= 90      4               4.1    -0.1        2
DAYS MAX <= 32      0
DAYS MIN <= 32      0               0.0     0.0        0
DAYS MIN <= 0       0

PRECIPITATION (INCHES)
TOTALS           3.27              4.12   -0.85     8.08
DAILY AVG.       0.11              0.14   -0.03     0.27
DAYS >= .01        14                MM      MM       18
DAYS >= .10         5                MM      MM       12
DAYS >= .50         2                MM      MM        5
DAYS >= 1.00        1                MM      MM        3
GREATEST
 24 HR. TOTAL    1.67   06/10 TO 06/11

DEGREE_DAYS
HEATING TOTAL       6
 SINCE 7/1       6537
COOLING TOTAL     160
 SINCE 1/1        169
..............................................................

WIND (MPH)
AVERAGE WIND SPEED              7.9
HIGHEST WIND SPEED/DIRECTION    37/290    DATE  06/10
HIGHEST GUST SPEED/DIRECTION    53/290    DATE  06/10

SKY COVER
POSSIBLE SUNSHINE (PERCENT)   MM
NUMBER OF DAYS FAIR           21
NUMBER OF DAYS PC              8
NUMBER OF DAYS CLOUDY          1

AVERAGE RH (PERCENT)     71

WEATHER CONDITIONS. NUMBER OF DAYS WITH
THUNDERSTORM              9     MIXED PRECIP               0
HEAVY RAIN                5     RAIN                       4
LIGHT RAIN               13     FREEZING RAIN              0
LT FREEZING RAIN          0     HAIL                       0
HEAVY SNOW                0     SNOW                       0
LIGHT SNOW                0     SLEET                      0
FOG                      13     FOG W/VIS <= 1/4 MILE      2
HAZE                      1

-  INDICATES NEGATIVE NUMBERS.
R  INDICATES RECORD WAS SET OR TIED.
MM INDICATES DATA IS MISSING.
T  INDICATES TRACE AMOUNT.

&&

...JUNE 2015 SUMMARY FOR ORD EVELYN SHARP FIELD AIRPORT...

...TEMPERATURES

AVERAGE HIGH TEMPERATURE:     81.9 DEGREES (0.7 ABOVE NORMAL)
AVERAGE LOW TEMPERATURE:      57.9 DEGREES (0.8 ABOVE NORMAL)
AVERAGE MEAN TEMPERATURE:     69.9 DEGREES (0.7 ABOVE NORMAL)

HOTTEST HIGH TEMPERATURE:      96 DEGREES ON THE 9TH
COOLEST HIGH TEMPERATURE:      65 DEGREES ON THE 11TH

COOLEST LOW TEMPERATURE:       50 DEGREES ON THE 16TH
WARMEST LOW TEMPERATURE:       66 DEGREES ON THE 6TH, 20TH


...PRECIPITATION

TOTAL MONTHLY RAINFALL: 3.27 INCHES  (0.85 BELOW NORMAL)

NUMBER OF DAYS WITH MEASURABLE PRECIPITATION (0.01 OR MORE): 14

HIGHEST DAILY PRECIPITATION (CALENDAR DAY):  1.38 INCHES ON THE 10TH
HIGHEST 2-DAY PRECIPITATION TOTAL:           1.68 INCHES 10TH-11TH


PRECIPITATION TOTALS AND DEPARTURES
FROM NORMAL FOR THE PAST 12 MONTHS:

MONTH          PRECIP.  DEPARTURE

JUL  2014       2.07      -0.90
AUG  2014       5.27      +2.11
SEP  2014       1.68      -0.76
OCT  2014       1.14      -0.79
NOV  2014       0.06      -1.01
DEC  2014       1.58      +0.99
JAN  2015       0.17      -0.20
FEB  2015       0.57      +0.13
MAR  2015       0.03      -1.42
APR  2015       2.71      +0.12
MAY  2015       2.98      -0.83
JUN  2015       3.27      -0.85

12-MONTH TOTAL  21.53     -3.41


...OTHER WEATHER ELEMENTS

HIGHEST WIND GUST: 53 MPH FROM THE WEST-NORTHWEST ON THE 10TH
(OCCURRED AT 559 PM CDT DURING A THUNDERSTORM)

HIGHEST SURFACE SEA LEVEL PRESSURE: 30.20 ON THE 15TH
LOWEST SURFACE SEA LEVEL PRESSURE:  29.54 ON THE 22ND

$$

PFANNKUCH
