000
CXUS53 KEAX 010855
CLMOJC

CLIMATE REPORT
NATIONAL WEATHER SERVICE KANSAS CITY/PLEASANT HILL MO
351 AM CDT MON JUN 1 2015

...................................

...THE JOHNSON COUNTY EXECUTIVE CLIMATE SUMMARY FOR THE MONTH OF MAY 2015...

CLIMATE NORMAL PERIOD 1981 TO 2010
CLIMATE RECORD PERIOD 9999 TO 9999

WEATHER         OBSERVED          NORMAL  DEPART  LAST YEAR`S
                 VALUE   DATE(S)  VALUE   FROM    VALUE  DATE(S)
                                          NORMAL
................................................................
TEMPERATURE (F)
HIGHEST            83   05/04        87      -4       89  05/28
LOWEST             44   05/12        42       2       37  05/16
                        05/11
AVG. MAXIMUM     72.4              74.4    -2.0     76.3
AVG. MINIMUM     56.1              55.0     1.1     55.3
MEAN             64.2              64.7    -0.5     65.8
DAYS MAX >= 90      0               0.3    -0.3        0
DAYS MAX <= 32      0               0.0     0.0        0
DAYS MIN <= 32      0               0.0     0.0        0
DAYS MIN <= 0       0               0.0     0.0        0

PRECIPITATION (INCHES)
TOTALS          10.60              5.43    5.17     1.37
DAILY AVG.       0.34              0.18    0.16     0.04
DAYS >= .01        22              11.7    10.3       10
DAYS >= .10        18               8.2     9.8        4
DAYS >= .50         6               3.6     2.4        0
DAYS >= 1.00        3               1.5     1.5        0
GREATEST
 24 HR. TOTAL    2.27   05/07 TO 05/08

DEGREE_DAYS
HEATING TOTAL      85                95     -10      113
 SINCE 7/1       4877              4926     -49     5692
COOLING TOTAL      68                86     -18      148
 SINCE 1/1         77               104     -27      153
.................................................................

WIND (MPH)
AVERAGE WIND SPEED              8.9
HIGHEST WIND SPEED/DIRECTION    31/310    DATE  05/16
HIGHEST GUST SPEED/DIRECTION    43/310    DATE  05/16

SKY COVER
POSSIBLE SUNSHINE (PERCENT)   MM
AVERAGE SKY COVER           0.50
NUMBER OF DAYS FAIR           10
NUMBER OF DAYS PC             14
NUMBER OF DAYS CLOUDY          7

AVERAGE RH (PERCENT)     75

WEATHER CONDITIONS. NUMBER OF DAYS WITH
THUNDERSTORM              0     MIXED PRECIP               0
HEAVY RAIN                7     RAIN                      16
LIGHT RAIN               23     FREEZING RAIN              0
LT FREEZING RAIN          0     HAIL                       0
HEAVY SNOW                0     SNOW                       0
LIGHT SNOW                0     SLEET                      0
FOG                      22     FOG W/VIS <= 1/4 MILE      1
HAZE                      4

-  INDICATES NEGATIVE NUMBERS.
R  INDICATES RECORD WAS SET OR TIED.
MM INDICATES DATA IS MISSING.
T  INDICATES TRACE AMOUNT.

$$
