000
CXUS56 KSEW 011030
CLMOLM


CLIMATE REPORT
NATIONAL WEATHER SERVICE SEATTLE WA
230 AM PST SUN FEB 1 2015

...................................

...THE OLYMPIA WA AIRPORT CLIMATE SUMMARY FOR THE MONTH OF JANUARY 2015...

CLIMATE NORMAL PERIOD 1981 TO 2010
CLIMATE RECORD PERIOD 1948 TO 2015

WEATHER         OBSERVED          NORMAL  DEPART  LAST YEAR`S
                 VALUE   DATE(S)  VALUE   FROM    VALUE  DATE(S)
                                          NORMAL
................................................................
TEMPERATURE (F)
RECORD
 HIGH              64   01/19/2005
 LOW               -8   01/01/1979
HIGHEST            63   01/26        MM      MM       55  01/25
LOWEST             19   01/01        MM      MM       21  01/06
AVG. MAXIMUM     49.3              45.9     3.4     46.8
AVG. MINIMUM     36.0              33.7     2.3     33.9
MEAN             42.6              39.8     2.8     40.4
DAYS MAX >= 90      0               0.0     0.0        0
DAYS MAX <= 32      0               0.3    -0.3        0
DAYS MIN <= 32     11              11.6    -0.6       13
DAYS MIN <= 0       0               0.0     0.0        0

PRECIPITATION (INCHES)
RECORD
 MAXIMUM        19.84   1953
 MINIMUM         0.29   1985
TOTALS           6.68              7.84   -1.16     4.69
DAILY AVG.       0.22              0.25   -0.03     0.15
DAYS >= .01        13              20.0    -7.0       15
DAYS >= .10         6              13.9    -7.9       12
DAYS >= .50         4               5.2    -1.2        3
DAYS >= 1.00        3               1.8     1.2        1
GREATEST
 24 HR. TOTAL    3.52   01/04 TO 01/05

DEGREE_DAYS
HEATING TOTAL     686               781     -95
COOLING TOTAL       0                 0       0
.................................................................

WIND (MPH)
AVERAGE WIND SPEED              4.2
HIGHEST WIND SPEED/DIRECTION    26/220    DATE  01/18
HIGHEST GUST SPEED/DIRECTION    38/230    DATE  01/18

SKY COVER
POSSIBLE SUNSHINE (PERCENT)   MM
AVERAGE SKY COVER           0.80
NUMBER OF DAYS FAIR            1
NUMBER OF DAYS PC             11
NUMBER OF DAYS CLOUDY         19

AVERAGE RH (PERCENT)     88

WEATHER CONDITIONS. NUMBER OF DAYS WITH
THUNDERSTORM              0     MIXED PRECIP               0
HEAVY RAIN                0     RAIN                       5
LIGHT RAIN               15     FREEZING RAIN              0
LT FREEZING RAIN          0     HAIL                       0
HEAVY SNOW                0     SNOW                       0
LIGHT SNOW                0     SLEET                      0
FOG                      31     FOG W/VIS <= 1/4 MILE     18
HAZE                      0

-  INDICATES NEGATIVE NUMBERS.
R  INDICATES RECORD WAS SET OR TIED.
MM INDICATES DATA IS MISSING.
T  INDICATES TRACE AMOUNT.

$$
