000
CXUS53 KOAX 021023
CLMOMA

CLIMATE REPORT
NATIONAL WEATHER SERVICE OMAHA NEBRASKA
520 AM CDT TUE AUG 2 2016

...................................

...THE OMAHA EPPLEY, NEBRASKA CLIMATE SUMMARY FOR THE MONTH OF JULY 2016...

CLIMATE NORMAL PERIOD 1981 TO 2010
CLIMATE RECORD PERIOD 1871 TO 2016

WEATHER         OBSERVED          NORMAL  DEPART
                 VALUE   DATE(S)  VALUE   FROM
                                          NORMAL
................................................
TEMPERATURE (F)
HIGHEST            98   07/21
LOWEST             55   07/01
AVG. MAXIMUM     87.1              87.3    -0.2
AVG. MINIMUM     68.4              66.2     2.2
MEAN             77.8              76.7     1.1
DAYS MAX >= 90     10
DAYS MAX <= 32      0
DAYS MIN <= 32      0
DAYS MIN <= 0       0

PRECIPITATION (INCHES)
RECORD
 MAXIMUM        10.35   1884
 MINIMUM         0.01   2012
TOTALS           6.61              3.83    2.78
DAILY AVG.       0.21
DAYS >= .01        12
DAYS >= .10         8
DAYS >= .50         5
DAYS >= 1.00        3
GREATEST
 24 HR. TOTAL    2.18   07/17 TO 07/18

SNOWFALL (INCHES)
RECORDS
 TOTAL              T   2008
                        2002
TOTALS              TR              0.0
SINCE 7/1           T
SNOWDEPTH AVG.      0                MM      MM
DAYS >= 1.0         0
GREATEST
 SNOW DEPTH         0   MM
 24 HR TOTAL        TR  07/13 TO 07/13

DEGREE_DAYS
HEATING TOTAL       0                 1      -1
 SINCE 7/1          0                 1      -1
COOLING TOTAL     401               365      36
 SINCE 1/1        902               677     225
.................................................

WIND (MPH)
AVERAGE WIND SPEED              9.2
HIGHEST WIND SPEED/DIRECTION    39/330    DATE  07/07
HIGHEST GUST SPEED/DIRECTION    51/330    DATE  07/07

SKY COVER
AVERAGE SKY COVER           0.60


WEATHER CONDITIONS. NUMBER OF DAYS WITH
THUNDERSTORM              0     MIXED PRECIP               0
HEAVY RAIN                7     RAIN                       7
LIGHT RAIN               15     FREEZING RAIN              0
LT FREEZING RAIN          0     HAIL                       1
HEAVY SNOW                0     SNOW                       0
LIGHT SNOW                0     SLEET                      0
FOG                       7     FOG W/VIS <= 1/4 MILE      0
HAZE                      1

-  INDICATES NEGATIVE NUMBERS.
R  INDICATES RECORD WAS SET OR TIED.
MM INDICATES DATA IS MISSING.
T  INDICATES TRACE AMOUNT.

&&

...JULY WAS WETTER AND SLIGHTLY WARMER THAN NORMAL IN OMAHA...

AFTER A DRY JUNE...MUCH-NEEDED RAINS ARRIVED IN JULY. THE 6.61
INCHES OF RAIN WAS 2.78 INCHES ABOVE NORMAL AND THE 22ND WETTEST
JULY ON RECORD. THE AVERAGE MONTHLY TEMPERATURE OF 77.8 DEGRES WAS
1.1 DEGREES ABOVE NORMAL...FALLING IN THE NEAR-NORMAL RANGE.

JULY GOT OFF TO A COOL START...WITH THE LOWEST TEMPERATURE OF THE
MONTH ON THE 1ST AT 55 DEGREES AND THE LOWEST MAXIMUM TEMPERATURE OF
THE MONTH ON THE 2ND AT 71 DEGREES.  A COOL 1.23 INCHES OF RAIN FELL
ON THE 2ND...WITH NO THUNDER. CONDITIONS TURNED WARMER FROM THE 5TH
THROUGH THE 14TH...WITH TEMPERATURES NEAR TO ABOVE NORMAL AND
PERIODIC RAIN AND THUNDER. STORMS ON THE 7TH WERE ACCOMPANIED BY
WINDS GUSTING UP TO 51 MPH...AND HALF-INCH HAIL WAS RECORDED ON THE
13TH. THE 1.59 INCHES OF RAIN ON THE 11TH WAS A DAILY RECORD FOR
PRECIPITATION.  TEMPERATURES FELL BELOW NORMAL ON THE 15TH TO
16TH...WITH A RETURN TO WARMER WEATHER AND THREE DAYS OF SHOWERS AND
THUNDERSTORMS ON THE 17TH TO 19TH.

A HEAT WAVE BROUGHT MUCH ABOVE-NORMAL TEMPERATURES ON THE 20TH TO
23RD.  TEMPERATURES SET NO RECORDS...BUT THE HIGHS IN THE MID TO
UPPER 90S AND LOWS IN THE MID 70S TO LOWER 80S WERE THE WARMEST OF
THE MONTH AND WERE ACCOMPANIED BY HUMID CONDITIONS AND HEAT INDICES
IN THE 110S. THE WARMEST TEMPERATURE OF THE MONTH...98
DEGREES...OCCURRED ON THE 21ST...WHILE THE WARMEST LOW TEMPERATURE
OF THE MONTH...82 DEGREES...OCCURRED ON THE 23RD. HEAT BROKE ON THE
23RD...WITH A LIGHT RAIN...AND TEMPERATURES RETURNED TO READINGS
WITHIN A FEW DEGREES OF NORMAL FOR THE REST OF THE MONTH.  ANOTHER
0.01 INCHES OF RAIN FELL ON THE 31ST...BUT OTHERWISE...THE PERIOD
FROM THE 20TH TO THE 31ST WAS RATHER DRY.


DAILY RECORDS SET IN JULY 2016:
DATE         RECORD           READING  PREVIOUS RECORD
JULY 11      PRECIPITATION      1.59   1.43 (1972)

$$

MAYES
