000
CXUS53 KOAX 020336 CCA
CLMOMA

CLIMATE REPORT...CORRECTION
NATIONAL WEATHER SERVICE OMAHA NEBRASKA
1022 PM CDT MON JUN 1 2015

...CORRECTED TO ADD WEATHER SUMMARY AND NUMBER OF DAYS WITH THUNDERSTORMS...

...................................

...THE OMAHA EPPLEY, NEBRASKA CLIMATE SUMMARY FOR THE MONTH OF MAY 2015...

CLIMATE NORMAL PERIOD 1981 TO 2010
CLIMATE RECORD PERIOD 1871 TO 2015

WEATHER         OBSERVED          NORMAL  DEPART
                 VALUE   DATE(S)  VALUE   FROM
                                          NORMAL
................................................
TEMPERATURE (F)
HIGHEST            84   05/27
LOWEST             39   05/21
                        05/12
AVG. MAXIMUM     70.8              73.8    -3.0
AVG. MINIMUM     52.5              50.9     1.6
MEAN             61.6              62.3    -0.7
DAYS MAX >= 90      0
DAYS MAX <= 32      0
DAYS MIN <= 32      0
DAYS MIN <= 0       0

PRECIPITATION (INCHES)
RECORD
 MAXIMUM        11.29   1883
 MINIMUM         0.55   1989
TOTALS           5.34              4.76    0.58
DAILY AVG.       0.17
DAYS >= .01        19
DAYS >= .10        12
DAYS >= .50         4
DAYS >= 1.00        1
GREATEST
 24 HR. TOTAL    2.49   05/06 TO 05/07

SNOWFALL (INCHES)
RECORDS
 TOTAL            3.1   2013
TOTALS            0.0               0.0
SINCE 7/1        13.8
DAYS >= 1.0         0
GREATEST
 SNOW DEPTH         0
 24 HR TOTAL      0.0   05/31 TO 05/31

DEGREE DAYS
HEATING TOTAL     138               148     -10
 SINCE 7/1       5820              6150    -330
COOLING TOTAL      41                66     -25
 SINCE 1/1         46                82     -36
.................................................

WIND (MPH)
AVERAGE WIND SPEED              10.9
HIGHEST WIND SPEED/DIRECTION    45/150    DATE  05/10
HIGHEST GUST SPEED/DIRECTION    58/150    DATE  05/10

SKY COVER
AVERAGE SKY COVER           0.80


WEATHER CONDITIONS. NUMBER OF DAYS WITH
THUNDERSTORM              9     MIXED PRECIP               0
HEAVY RAIN                2     RAIN                       7
LIGHT RAIN               22     FREEZING RAIN              0
LT FREEZING RAIN          0     HAIL                       0
HEAVY SNOW                0     SNOW                       0
LIGHT SNOW                0     SLEET                      0
FOG                      17     FOG W/VIS <= 1/4 MILE      0
HAZE                      1

-  INDICATES NEGATIVE NUMBERS.
R  INDICATES RECORD WAS SET OR TIED.
MM INDICATES DATA IS MISSING.
T  INDICATES TRACE AMOUNT.
>  INDICATES GREATER THAN OR EQUAL TO.
<  INDICATES LESS THAN OR EQUAL TO.

&&

...MAY WAS WETTER AND SLIGHTLY COOLER THAN NORMAL IN OMAHA...

WITH AN UNUSUALLY HIGH NUMBER OF WET DAYS IN MAY...THE TOTAL
PRECIPITATION WAS THE 32ND WETTEST ON RECORD FOR OMAHA AT 5.34
INCHES.  THE AVERAGE TEMPERATURE OF 61.6 DEGREES WAS 0.7 DEGREES
BELOW NORMAL.

THE MONTH BEGAN ON THE WARM AND WET SIDE...WITH THUNDERSTORMS
PRODUCING MEASURABLE RAIN ON 5 OF THE FIRST 7 DAYS OF THE MONTH AND
ABOVE NORMAL TEMPERATURES ON EACH DAY.  OMAHA DID NOT RECEIVE QUITE
THE DELUGE ON THE 6TH-7TH AS AREAS FURTHER TO THE SOUTHWEST...BUT
EPPLEY DID RECORD 2.51 INCHES OF RAIN DURING THAT EVENT.
THUNDERSTORMS STRUCK AGAIN ON MOTHERS DAY (THE 10TH)...WITH WINDS
GUSTING UP TO 58 MPH AT EPPLEY AIRFIELD DURING SEVERE THUNDERSTORMS
IN THE AFTERNOON.

RAIN FELL ON 13 OF THE 17 DAYS FROM THE 13TH THROUGH THE 29TH...WITH
NO MORE THAN ONE DRY DAY AT A TIME IN THAT STRETCH.  IT ALSO WAS A
PERIOD WITH MAINLY BELOW-NORMAL TEMPERATURES AND A FEW BRIEF WARM-
UPS.  THE WARMEST TEMPERATURE OF THE MONTH...AT 84
DEGREES...OCCURRED ON THE 27TH AND WAS THE 13TH COOLEST WARMEST-MAXIMUM
TEMPERATURE IN MAY ON RECORD.  MAY ENDED IN THE MIDST OF A COOL BUT
RELATIVELY DRY SPELL.  OVERALL...THERE WERE NO MORE THAN TWO
CONSECUTIVE DAYS WITHOUT MEASURABLE RAIN IN MAY.

FOR THE SPRING MONTHS OF MARCH-APRIL-MAY...OMAHA WAS SLIGHTLY WARMER
AND SLIGHTLY WETTER THAN NORMAL.  THE AVERAGE TEMPERATURE OF 53.2
DEGREES WAS THE 33RD WARMEST AND WAS 2.0 DEGREES ABOVE NORMAL.  THE
TOTAL PRECIPITATION OF 9.55 INCHES WAS 0.16 INCHES BELOW NORMAL AND
THE 47TH WETTEST.


DAILY RECORDS SET IN MAY 2015:
DATE         RECORD           READING  PREVIOUS RECORD
NO RECORDS SET IN MAY

$$

JEK/KG/TL/MAYES
