000
CXUS53 KOAX 021936
CLMOMA

CLIMATE REPORT
NATIONAL WEATHER SERVICE OMAHA NEBRASKA
136 PM CST TUE FEB 2 2016

...................................

...THE OMAHA EPPLEY, NEBRASKA CLIMATE SUMMARY FOR THE MONTH OF JANUARY 2016...

CLIMATE NORMAL PERIOD 1981 TO 2010
CLIMATE RECORD PERIOD 1871 TO 2016

WEATHER         OBSERVED          NORMAL  DEPART
                 VALUE   DATE(S)  VALUE   FROM
                                          NORMAL
................................................
TEMPERATURE (F)
HIGHEST            50   01/29
LOWEST             -6   01/10
AVG. MAXIMUM     32.5              33.4    -0.9
AVG. MINIMUM     16.1              13.6     2.5
MEAN             24.3              23.5     0.8
DAYS MAX >= 90      0
DAYS MAX <= 32     14
DAYS MIN <= 32     30
DAYS MIN <= 0       4

PRECIPITATION (INCHES)
RECORD
 MAXIMUM         3.70   1949
 MINIMUM            T   1986
TOTALS           1.11              0.72    0.39
DAILY AVG.       0.04
DAYS >= .01         7
DAYS >= .10         3
DAYS >= .50         0
DAYS >= 1.00        0
GREATEST
 24 HR. TOTAL    0.67   01/07 TO 01/08

SNOWFALL (INCHES)
RECORDS
 TOTAL           25.7   1936
TOTALS            6.9               6.1
SINCE 7/1        21.1
SNOWDEPTH AVG.      1                 4      -3
DAYS >= 1.0         2
GREATEST
 SNOW DEPTH         4   01/21
                        01/20
 24 HR TOTAL      4.1   01/19 TO 01/19

DEGREE DAYS
HEATING TOTAL    1255              1286     -31
 SINCE 7/1       3080              3765    -685
COOLING TOTAL       0                 0       0
 SINCE 1/1          0                 0       0
.................................................

WIND (MPH)
AVERAGE WIND SPEED              10.1
HIGHEST WIND SPEED/DIRECTION    32/340    DATE  01/09
HIGHEST GUST SPEED/DIRECTION    40/340    DATE  01/09

SKY COVER
AVERAGE SKY COVER           0.60


WEATHER CONDITIONS. NUMBER OF DAYS WITH
THUNDERSTORM              0     MIXED PRECIP               0
HEAVY RAIN                0     RAIN                       1
LIGHT RAIN                4     FREEZING RAIN              0
LT FREEZING RAIN          2     HAIL                       0
HEAVY SNOW                1     SNOW                       4
LIGHT SNOW               11     SLEET                      1
FOG                      15     FOG W/VIS <= 1/4 MILE      2
HAZE                      3

-  INDICATES NEGATIVE NUMBERS.
R  INDICATES RECORD WAS SET OR TIED.
MM INDICATES DATA IS MISSING.
T  INDICATES TRACE AMOUNT.
>= INDICATES GREATER THAN OR EQUAL TO.
<= INDICATES LESS THAN OR EQUAL TO.

&&

...JANUARY WAS WETTER AND SLIGHTLY WARMER THAN NORMAL IN OMAHA...

THE JANUARY TOTAL PRECIPITATION OF 1.11 INCHES WAS THE 29TH HIGHEST
ON RECORD...WITH 6.9 INCHES OF SNOW THAT IS 0.8 INCHES ABOVE NORMAL.
THE AVERAGE TEMPERATURE OF 24.3 DEGREES WAS 0.8 INCHES ABOVE
NORMAL...WITH NOT MUCH IN THE WAY OF SUSTAINED TEMPERATURE SWINGS
TOWARD EITHER WARM OR COLD CONDITIONS.

THE MONTH BEGAN WITH MOSTLY ABOVE-NORMAL TEMPERATURES...ALONG WITH A
FEW WET DAYS ON THE 6TH TO 8TH.  PRECIPITATION TOTALED 0.71 INCHES
FOR THE THREE DAYS...WITH 1.6 INCHES OF SNOW ON TWO OF THOSE DAYS.
THAT WAS FOLLOWED BY A BRIEF DIP TO BELOW-NORMAL
TEMPERATURES...INCLUDING THE COLDEST READING OF THE MONTH AT -6
DEGREES ON THE 10TH.  LIGHT SNOW AND A BRIEF WARM-UP FOLLOWED AS
TEMPERATURES REACHED THE 40S...FOLLOWED BY A MORE SUSTAINED COLD
STREAK FROM THE 16TH TO THE 22ND...WITH THE LOWEST HIGH TEMPERATURE
OF THE MONTH AT 7 DEGREES ON THE 17TH.  ON THE 19TH...4.1 INCHES OF
SNOW FELL...WHICH WAS THE LARGEST SINGLE SNOWFALL EVENT OF THE
MONTH. LIGHT FREEZING DRIZZLE ALSO FELL ON THE 23RD. THE MONTH ENDED
ON A WARM STREAK...WITH ABOVE-NORMAL TEMPERATURES ON THE 24TH TO
31ST. FREEZING DRIZZLE AND LIGHT SNOW FELL ON THE 25TH...BUT
OTHERWISE THE LAST WEEK OF THE MONTH WAS DRY.


DAILY RECORDS SET IN JANUARY 2016:
DATE         RECORD           READING  PREVIOUS RECORD
JANUARY 8    RAINFALL           0.25   0.22 (1936)

$$

MAYES/KLISH
