000
CXUS51 KAKQ 011931
CLMORF


CLIMATE REPORT
NATIONAL WEATHER SERVICE WAKEFIELD, VA
229 PM EST WED MAR 1 2017

...................................

...THE NORFOLK VA CLIMATE SUMMARY FOR THE MONTH OF FEBRUARY 2017...

CLIMATE NORMAL PERIOD 1981 TO 2010
CLIMATE RECORD PERIOD 1871 TO 2017

WEATHER         OBSERVED          NORMAL  DEPART  LAST YEAR`S
                 VALUE   DATE(S)  VALUE   FROM    VALUE  DATE(S)
                                          NORMAL
................................................................
TEMPERATURE (F)
RECORD
 HIGH              82   02/12/2017
                        02/24/2012
                        02/27/1997
 LOW                3   02/14/1899
                        02/08/1895
HIGHEST            82R  02/12        73       9       77  02/03
LOWEST             26   02/17        21       5       17  02/14
                        02/04
AVG. MAXIMUM     62.0              50.9    11.1     53.0
AVG. MINIMUM     40.9              34.4     6.5     36.1
MEAN             51.5              42.6     8.9     44.5
DAYS MAX >= 90      0               0.0     0.0        0
DAYS MAX <= 32      0               0.6    -0.6        3
DAYS MIN <= 32      7              10.7    -3.7        9
DAYS MIN <= 0       0               0.0     0.0        0

PRECIPITATION (INCHES)
RECORD
 MAXIMUM         8.66   1945
 MINIMUM         0.26   1918
TOTALS           0.66              3.12   -2.46     6.25
DAILY AVG.       0.02              0.11   -0.09     0.22
DAYS >= .01         4               9.5    -5.5       12
DAYS >= .10         3               6.1    -3.1        7
DAYS >= .50         0               2.1    -2.1        5
DAYS >= 1.00        0               0.6    -0.6        2
GREATEST
 24 HR. TOTAL    0.31   02/15 TO 02/15

SNOWFALL (INCHES)
RECORDS
 TOTAL           24.4   5
                        0
                        -26215
TOTALS            0.0
SINCE 7/1         5.3               5.6    -0.3      5.0
SNOWDEPTH AVG.      0                MM      MM        0
DAYS >= 1.0         0               0.4    -0.4        1
GREATEST
 SNOW DEPTH         0   MM                            -1  02/05
 24 HR TOTAL      0.0   02/28 TO 02/28           02/04 TO 02/04
                                                          02/04 TO 02/04
                                                          02/04 TO 02/04

DEGREE_DAYS
HEATING TOTAL     374
 SINCE 7/1       2052              2569    -517     1916
COOLING TOTAL       3                 1       2        0
 SINCE 1/1          3                 1       2        0
.....................................................

WIND (MPH)
AVERAGE WIND SPEED              8.0
HIGHEST WIND SPEED/DIRECTION    28/190    DATE  02/25
HIGHEST GUST SPEED/DIRECTION    40/340    DATE  02/09

SKY COVER
POSSIBLE SUNSHINE (PERCENT)   MM
AVERAGE SKY COVER           0.20

AVERAGE RH (PERCENT)     59

WEATHER CONDITIONS. NUMBER OF DAYS WITH
THUNDERSTORM              1     MIXED PRECIP               0
HEAVY RAIN                0     RAIN                       2
LIGHT RAIN                3     FREEZING RAIN              0
LT FREEZING RAIN          0     HAIL                       0
HEAVY SNOW                0     SNOW                       0
LIGHT SNOW                0     SLEET                      0
FOG                       6     FOG W/VIS <= 1/4 MILE      0
HAZE                      0

-  INDICATES NEGATIVE NUMBERS.
R  INDICATES RECORD WAS SET OR TIED.
MM INDICATES DATA IS MISSING.
T  INDICATES TRACE AMOUNT.

$$
