000
CXUS51 KBOX 031313 CCA
CLMORH

CLIMATE REPORT
NATIONAL WEATHER SERVICE TAUNTON MA
813 AM EST SAT DEC 3 2016

...................................

...THE WORCESTER MA CLIMATE SUMMARY FOR THE MONTH OF NOVEMBER 2016...

CLIMATE NORMAL PERIOD 1981 TO 2010
CLIMATE RECORD PERIOD 1892 TO 2016

WEATHER         OBSERVED          NORMAL  DEPART
                 VALUE   DATE(S)  VALUE   FROM
                                          NORMAL
................................................
TEMPERATURE (F)
RECORD
 HIGH              79   11/02/1950
 LOW                3   11/26/1938
HIGHEST            67   11/02
LOWEST             25   11/23
                        11/21
AVG. MAXIMUM     49.9              47.6     2.3
AVG. MINIMUM     34.8              33.0     1.8
MEAN             42.3              40.3     2.0
DAYS MAX >= 90      0               0.0     0.0
DAYS MAX <= 32      1               1.7    -0.7
DAYS MIN <= 32     11              14.3    -3.3
DAYS MIN <= 0       0               0.0     0.0

PRECIPITATION (INCHES)
RECORD
 MAXIMUM        10.40   1972
 MINIMUM         0.56   1922
TOTALS           3.89              4.28   -0.39
DAYS >= .01         9              11.6    -2.6
DAYS >= .10         6               6.9    -0.9
DAYS >= .50         3               2.9     0.1
DAYS >= 1.00        2               1.1     0.9
GREATEST
 24 HR. TOTAL    1.26   11/15 TO 11/16

SNOWFALL (INCHES)
RECORDS
 TOTAL           20.7   1971
 SNOW DEPTH        MM   MM
TOTALS              T               2.6    -2.6
SINCE 7/1           T               2.8    -2.8
SNOWDEPTH AVG.     MM
GREATEST
 SNOW DEPTH        MM
 24 HR TOTAL        T   11/24 TO 11/24

DEGREE_DAYS
HEATING TOTAL     673               741     -68
 SINCE 7/1       1187              1402    -215
COOLING TOTAL       0                 0       0
 SINCE 1/1        663               471     192
.................................................

WIND (MPH)
AVERAGE WIND SPEED              10.4
RESULTANT WIND SPEED/DIRECTION   7/288
HIGHEST WIND SPEED/DIRECTION    36/270    DATE  11/21
HIGHEST GUST SPEED/DIRECTION    48/270    DATE  11/21

SKY COVER
POSSIBLE SUNSHINE (PERCENT)   MM
AVERAGE SKY COVER           0.40
NUMBER OF DAYS FAIR           14
NUMBER OF DAYS PC              9
NUMBER OF DAYS CLOUDY          7

AVERAGE RH (PERCENT)     66

WEATHER CONDITIONS. NUMBER OF DAYS WITH
THUNDERSTORM              0     MIXED PRECIP               0
HEAVY RAIN                4     RAIN                       6
LIGHT RAIN               11     FREEZING RAIN              0
LT FREEZING RAIN          0     HAIL                       0
HEAVY SNOW                0     SNOW                       0
LIGHT SNOW                2     SLEET                      0
FOG                      11     FOG W/VIS <= 1/4 MILE      6
HAZE                      0

-  INDICATES NEGATIVE NUMBERS.
R  INDICATES RECORD WAS SET OR TIED.
MM INDICATES DATA IS MISSING.
T  INDICATES TRACE AMOUNT.

$$

SIPPRELL
