000
CXAK59 PAFG 020310
CLMOTZ


CLIMATE REPORT
NATIONAL WEATHER SERVICE FAIRBANKS, AK
702 PM AKDT TUE AUG 1 2017

...................................

...THE KOTZEBUE AK CLIMATE SUMMARY FOR THE MONTH OF JULY 2017...

CLIMATE NORMAL PERIOD 1981 TO 2010
CLIMATE RECORD PERIOD 1920 TO 2017

WEATHER         OBSERVED          NORMAL  DEPART  LAST YEAR`S
                 VALUE   DATE(S)  VALUE   FROM    VALUE  DATE(S)
                                          NORMAL
................................................................
TEMPERATURE (F)
RECORD
 HIGH              85   07/05/1958
 LOW               30   07/02/1976
                        07/07/1931
                        07/04/1931
HIGHEST            74   07/14        MM      MM       73  07/14
                                                          07/13
LOWEST             47   07/27        MM      MM       43  07/31
AVG. MAXIMUM     62.0              59.5     2.5     61.6
AVG. MINIMUM     52.9              49.7     3.2     51.9
MEAN             57.5              54.6     2.9     56.8
DAYS MAX >= 90      0               0.0     0.0        0
DAYS MAX <= 32      0               0.0     0.0        0
DAYS MIN <= 32      0               0.0     0.0        0
DAYS MIN <= 0       0               0.0     0.0        0

PRECIPITATION (INCHES)
RECORD
 MAXIMUM         4.16   1931
 MINIMUM         0.01   1977
                        1937
TOTALS           2.63              1.45    1.18     1.44
DAILY AVG.       0.08              0.05    0.03     0.05
DAYS >= .01        10              11.1    -1.1        8
DAYS >= .10         6               4.3     1.7        5
DAYS >= .50         1               0.5     0.5        0
DAYS >= 1.00        0               0.0     0.0        0
GREATEST
 24 HR. TOTAL    0.96   07/25 TO 07/25           07/19 TO 07/20

SNOWFALL (INCHES)
RECORDS
 TOTAL            0.2   2002
 24 HR TOTAL       MM
 SNOW DEPTH         0   07/02/2002
                        07/25/2001
                        07/24/2001
TOTALS            0.0               0.0     0.0      0.0
SINCE 7/1         0.0               0.0     0.0      0.0
SNOWDEPTH AVG.      0                 0       0        0
DAYS >= TRACE       0               0.0     0.0        0
DAYS >= 1.0         0               0.0     0.0        0
GREATEST
 SNOW DEPTH         0   MM                             0  MM
 24 HR TOTAL      0.0   07/31 TO 07/31           07/31 TO 07/31

DEGREE_DAYS
HEATING TOTAL     229               325     -96      253
 SINCE 7/1        229               325     -96      253
COOLING TOTAL       1                 3      -2        5
 SINCE 1/1          1                 4      -3        5
..................................................

WIND (MPH)
AVERAGE WIND SPEED              11.9
HIGHEST WIND SPEED/DIRECTION    35/160    DATE  07/31
HIGHEST GUST SPEED/DIRECTION    41/170    DATE  07/31

SKY COVER
AVERAGE SKY COVER           0.60


WEATHER CONDITIONS. NUMBER OF DAYS WITH
THUNDERSTORM              0     MIXED PRECIP               0
HEAVY RAIN                1     RAIN                       4
LIGHT RAIN               11     FREEZING RAIN              0
LT FREEZING RAIN          0     HAIL                       0
HEAVY SNOW                0     SNOW                       0
LIGHT SNOW                0     SLEET                      0
FOG                      15     FOG W/VIS <= 1/4 MILE      2
HAZE                      5

-  INDICATES NEGATIVE NUMBERS.
R  INDICATES RECORD WAS SET OR TIED.
MM INDICATES DATA IS MISSING.
T  INDICATES TRACE AMOUNT.

$$
