000
CXUS53 KDDC 021633
CLMP28


CLIMATE REPORT
NATIONAL WEATHER SERVICE DODGE CITY KS
1125 AM CDT MON OCT 2 2017

...................................

...THE MEDICINE LODGE KS CLIMATE SUMMARY FOR THE MONTH OF SEPTEMBER 2017...

CLIMATE NORMAL PERIOD 1981 TO 2010
CLIMATE RECORD PERIOD 1893 TO 2017

WEATHER         OBSERVED          NORMAL  DEPART  LAST YEAR`S
                 VALUE   DATE(S)  VALUE   FROM    VALUE  DATE(S)
                                          NORMAL
................................................................
TEMPERATURE (F)
RECORD
 HIGH             113   09/29/1984
 LOW               29   09/21/1983
HIGHEST            98   09/21        MM      MM       97  09/20
LOWEST             45   09/06        MM      MM       44  09/30
                                                          09/29
                                                          09/26
AVG. MAXIMUM     84.7              83.8     0.9     84.7
AVG. MINIMUM     60.0              58.6     1.4     60.4
MEAN             72.4              71.2     1.2     72.6
DAYS MAX >= 90      9               7.6     1.4       10
DAYS MAX <= 32      0               0.0     0.0        0
DAYS MIN <= 32      0               0.0     0.0        0
DAYS MIN <= 0       0               0.0     0.0        0

PRECIPITATION (INCHES)
RECORD
 MAXIMUM        13.36   1923
 MINIMUM         0.00   1939
TOTALS           5.95              2.10    3.85     7.18
DAYS >= .01         6               5.8     0.2        5
DAYS >= .10         3               3.6    -0.6        4
DAYS >= .50         2               1.3     0.7        3
DAYS >= 1.00        2               0.5     1.5        3
GREATEST
 24 HR. TOTAL    4.18   09/25 TO 09/25           09/08 TO 09/09

DEGREE_DAYS
HEATING TOTAL      12                34     -22       22
 SINCE 7/1         12                34     -22       22
COOLING TOTAL     241               220      21      255
 SINCE 1/1       1600              1731    -131     1855
.................................................

WIND (MPH)
AVERAGE WIND SPEED              7.8
HIGHEST WIND SPEED/DIRECTION    29/180    DATE  09/21
HIGHEST GUST SPEED/DIRECTION    37/170    DATE  09/21



-  INDICATES NEGATIVE NUMBERS.
R  INDICATES RECORD WAS SET OR TIED.
MM INDICATES DATA IS MISSING.
T  INDICATES TRACE AMOUNT.

$$
