000
CXUS53 KDDC 011240
CLMP28


CLIMATE REPORT
NATIONAL WEATHER SERVICE DODGE CITY KS
638 AM CST MON FEB 1 2016

...................................

...THE MEDICINE LODGE KS CLIMATE SUMMARY FOR THE MONTH OF JANUARY 2016...

CLIMATE NORMAL PERIOD 1981 TO 2010
CLIMATE RECORD PERIOD 1893 TO 2016

WEATHER         OBSERVED          NORMAL  DEPART  LAST YEAR`S
                 VALUE   DATE(S)  VALUE   FROM    VALUE  DATE(S)
                                          NORMAL
................................................................
TEMPERATURE (F)
RECORD
 HIGH              82   01/27/2015
                        01/22/1967
                        01/05/1927
 LOW              -20   01/15/1905
HIGHEST            67   01/29        MM      MM       82  01/27
                        01/28
LOWEST              9   01/10        MM      MM        6  01/05
AVG. MAXIMUM     45.1              45.3    -0.2     48.3
AVG. MINIMUM     23.2              21.6     1.6     21.8
MEAN             34.1              33.4     0.7     35.1
DAYS MAX >= 90      0               0.0     0.0        0
DAYS MAX <= 32      7               5.8     1.2        5
DAYS MIN <= 32     28              28.0     0.0       27
DAYS MIN <= 0       0               0.2    -0.2        0

PRECIPITATION (INCHES)
RECORD
 MAXIMUM           MM   MM
 MINIMUM           MM   MM
TOTALS           0.51              0.71   -0.20     0.76
DAYS >= .01         4               4.2    -0.2        6
DAYS >= .10         1               1.9    -0.9        2
DAYS >= .50         0               0.5    -0.5        1
DAYS >= 1.00        0               0.1    -0.1        0
GREATEST
 24 HR. TOTAL    0.46   01/06 TO 01/07           01/30 TO 01/31
                        01/07 TO 01/07                    01/03 TO 01/03
                        01/07 TO 01/08                    01/03 TO 01/03

DEGREE_DAYS
HEATING TOTAL     948               978     -30      921
 SINCE 7/1       2283              2777    -494     2685
COOLING TOTAL       0                 0       0        0
 SINCE 1/1          0                 0       0        0
....................................................

WIND (MPH)
AVERAGE WIND SPEED              7.7
HIGHEST WIND SPEED/DIRECTION    28/330    DATE  01/25
HIGHEST GUST SPEED/DIRECTION    41/320    DATE  01/25



-  INDICATES NEGATIVE NUMBERS.
R  INDICATES RECORD WAS SET OR TIED.
MM INDICATES DATA IS MISSING.
T  INDICATES TRACE AMOUNT.

$$
