000
CXUS52 KMFL 011159
CLMPBI


CLIMATE REPORT
NATIONAL WEATHER SERVICE MIAMI, FL
755 AM EDT SAT OCT 1 2016

...................................

...THE WEST PALM BEACH CLIMATE SUMMARY FOR THE MONTH OF SEPTEMBER 2016...

CLIMATE NORMAL PERIOD 1981 TO 2010
CLIMATE RECORD PERIOD 1888 TO 2016

WEATHER         OBSERVED          NORMAL  DEPART  LAST YEAR`S
                 VALUE   DATE(S)  VALUE   FROM    VALUE
                                          NORMAL
.............................................................
TEMPERATURE (F)
RECORD
 HIGH              97   09/12/1911
 LOW               61   09/22/1897
HIGHEST            93   09/17                         93
LOWEST             72   09/28                         72
AVG. MAXIMUM     89.8              88.3     1.5     88.8
AVG. MINIMUM     76.7              75.2     1.5     75.1
MEAN             83.2              81.8     1.4     81.9
DAYS MAX >= 90     19                                 11
DAYS MAX <= 32      0                                  0
DAYS MIN <= 32      0                                  0
DAYS MIN <= 0       0                                  0

PRECIPITATION (INCHES)
RECORD
 MAXIMUM        29.40   2004
 MINIMUM         1.77   1988
TOTALS           8.04              8.35   -0.31     8.42
DAILY AVG.       0.27              0.28   -0.01     0.28
DAYS >= .01        17                                 17
DAYS >= .10        12                                 11
DAYS >= .50         5                                  4
DAYS >= 1.00        2                                  3
GREATEST
 24 HR. TOTAL    2.54   09/19 TO 09/20              3.73

DEGREE_DAYS
HEATING TOTAL       0                 0       0        0
 SINCE 7/1          0                 0       0        0
COOLING TOTAL     555               502      53      518
 SINCE 1/1       3676              3208     468     3732
..............................................................

WIND (MPH)
AVERAGE WIND SPEED              6.3
HIGHEST WIND SPEED/DIRECTION    33/220    DATE  09/28
HIGHEST GUST SPEED/DIRECTION    55/100    DATE  09/20

SKY COVER
POSSIBLE SUNSHINE (PERCENT)   MM
AVERAGE SKY COVER           0.60
NUMBER OF DAYS FAIR            0
NUMBER OF DAYS PC             30
NUMBER OF DAYS CLOUDY          0

AVERAGE RH (PERCENT)     75

WEATHER CONDITIONS. NUMBER OF DAYS WITH
THUNDERSTORM             20     MIXED PRECIP               0
HEAVY RAIN                9     RAIN                       6
LIGHT RAIN               21     FREEZING RAIN              0
LT FREEZING RAIN          0     HAIL                       0
HEAVY SNOW                0     SNOW                       0
LIGHT SNOW                0     SLEET                      0
FOG                      13     FOG W/VIS <= 1/4 MILE      0
HAZE                      2

-  INDICATES NEGATIVE NUMBERS.
R  INDICATES RECORD WAS SET OR TIED.
MM INDICATES DATA IS MISSING.
T  INDICATES TRACE AMOUNT.

$$
