000
CXUS52 KMFL 011430
CLMPBI


CLIMATE REPORT
NATIONAL WEATHER SERVICE MIAMI, FL
1030 AM EDT SAT NOV 1 2014

...................................

...THE WEST PALM BEACH CLIMATE SUMMARY FOR THE MONTH OF OCTOBER 2014...

CLIMATE NORMAL PERIOD 1981 TO 2010
CLIMATE RECORD PERIOD 1894 TO 2014

WEATHER         OBSERVED          NORMAL  DEPART  LAST YEAR`S
                 VALUE   DATE(S)  VALUE   FROM    VALUE
                                          NORMAL
.............................................................
TEMPERATURE (F)
RECORD
 HIGH              95   10/02/1989
                        10/02/1959
                        10/08/1941
 LOW               46   10/30/1968
HIGHEST            91   10/02                         90
LOWEST             63   10/31                         64
                        10/27
                        10/17
AVG. MAXIMUM     85.3              84.9     0.4     87.3
AVG. MINIMUM     71.0              71.7    -0.7     72.7
MEAN             78.2              78.3    -0.1     80.0
DAYS MAX >= 90      3                                  4
DAYS MAX <= 32      0                                  0
DAYS MIN <= 32      0                                  0
DAYS MIN <= 0       0                                  0

PRECIPITATION (INCHES)
RECORD
 MAXIMUM        27.81   1910
 MINIMUM         0.56   1997
TOTALS           5.31              5.13    0.18     1.14
DAILY AVG.       0.17              0.17    0.00     0.04
DAYS >= .01         8                                  5
DAYS >= .10         7                                  2
DAYS >= .50         3                                  1
DAYS >= 1.00        2                                  0
GREATEST
 24 HR. TOTAL    2.64   10/21 TO 10/21              0.68

DEGREE_DAYS
HEATING TOTAL       0                 1      -1        0
 SINCE 7/1          0                 1      -1        0
COOLING TOTAL     416               413       3      475
 SINCE 1/1       3936              3621     315     3848
..............................................................

WIND (MPH)
AVERAGE WIND SPEED              8.0
HIGHEST WIND SPEED/DIRECTION    33/260    DATE  10/01
HIGHEST GUST SPEED/DIRECTION    44/260    DATE  10/01

SKY COVER
POSSIBLE SUNSHINE (PERCENT)   MM
AVERAGE SKY COVER           0.50
NUMBER OF DAYS FAIR            8
NUMBER OF DAYS PC             17
NUMBER OF DAYS CLOUDY          6

AVERAGE RH (PERCENT)     72

WEATHER CONDITIONS. NUMBER OF DAYS WITH
THUNDERSTORM              9     MIXED PRECIP               0
HEAVY RAIN                6     RAIN                       5
LIGHT RAIN                9     FREEZING RAIN              0
LT FREEZING RAIN          0     HAIL                       0
HEAVY SNOW                0     SNOW                       0
LIGHT SNOW                0     SLEET                      0
FOG                       9     FOG W/VIS <= 1/4 MILE      2
HAZE                      0

-  INDICATES NEGATIVE NUMBERS.
R  INDICATES RECORD WAS SET OR TIED.
MM INDICATES DATA IS MISSING.
T  INDICATES TRACE AMOUNT.

$$
