000
CXUS56 KPQR 011549
CLMPDX


CLIMATE REPORT
NATIONAL WEATHER SERVICE PORTLAND OREGON
849 AM PDT SAT JUL 1 2017

...................................

...THE PORTLAND OR CLIMATE SUMMARY FOR THE MONTH OF JUNE 2017...

CLIMATE NORMAL PERIOD 1981 TO 2010
CLIMATE RECORD PERIOD 1940 TO 2017

WEATHER         OBSERVED          NORMAL  DEPART  LAST YEAR`S
                 VALUE   DATE(S)  VALUE   FROM    VALUE  DATE(S)
                                          NORMAL
................................................................
TEMPERATURE (F)
HIGHEST           101                                100  06/05
LOWEST             48                                 48  06/19
                                                          06/15
AVG. MAXIMUM     75.4              73.5     1.9     76.8
AVG. MINIMUM     55.3              53.6     1.7     55.4
MEAN             65.4              63.6     1.8     66.1
DAYS MAX >= 90      3               1.2     1.8        3
DAYS MAX <= 32      0               0.0     0.0        0
DAYS MIN <= 32      0               0.0     0.0        0
DAYS MIN <= 0       0               0.0     0.0        0

PRECIPITATION (INCHES)
RECORD
 MAXIMUM         4.27   2010
 MINIMUM         0.03   1951
TOTALS           1.08              1.70   -0.62     1.42
DAYS >= .01         8               9.2    -1.2       10
DAYS >= .10         3               4.5    -1.5        5
DAYS >= .50         0               0.7    -0.7        1
DAYS >= 1.00        0               0.2    -0.2        0
GREATEST
 24 HR. TOTAL    0.47   06/15 TO 06/15

SNOWFALL (INCHES)
TOTALS            0.0
SINCE 7/1        11.2

DEGREE_DAYS
HEATING TOTAL      69                91     -22       67
 SINCE 7/1       4421              4278     143     3455
COOLING TOTAL      88                47      41      105
 SINCE 1/1        129                64      65      154
.................................................................

WIND (MPH)
AVERAGE WIND SPEED              6.7
RESULTANT WIND SPEED/DIRECTION   4/309
HIGHEST WIND SPEED/DIRECTION    26/180    DATE  06/09
HIGHEST GUST SPEED/DIRECTION    33/170    DATE  06/09

SKY COVER
POSSIBLE SUNSHINE (PERCENT)   MM
AVERAGE SKY COVER           0.60
NUMBER OF DAYS FAIR            6
NUMBER OF DAYS PC             15
NUMBER OF DAYS CLOUDY          9

AVERAGE RH (PERCENT)     62

WEATHER CONDITIONS. NUMBER OF DAYS WITH
THUNDERSTORM              0     MIXED PRECIP               0
HEAVY RAIN                0     RAIN                       1
LIGHT RAIN               14     FREEZING RAIN              0
LT FREEZING RAIN          0     HAIL                       0
HEAVY SNOW                0     SNOW                       0
LIGHT SNOW                0     SLEET                      0
FOG                       7     FOG W/VIS <= 1/4 MILE      0
HAZE                      2

-  INDICATES NEGATIVE NUMBERS.
R  INDICATES RECORD WAS SET OR TIED.
MM INDICATES DATA IS MISSING.
T  INDICATES TRACE AMOUNT.

$$
