000
CXUS53 KUNR 011616
CLMPHP


CLIMATE REPORT
NATIONAL WEATHER SERVICE RAPID CITY SD
1013 AM MDT FRI JUL 1 2016

...................................

...THE PHILIP SD CLIMATE SUMMARY FOR THE MONTH OF JUNE 2016...

CLIMATE NORMAL PERIOD 1981 TO 2010
CLIMATE RECORD PERIOD 9999 TO 9999

WEATHER         OBSERVED          NORMAL  DEPART  LAST YEAR`S
                 VALUE   DATE(S)  VALUE   FROM    VALUE  DATE(S)
                                          NORMAL
................................................................
TEMPERATURE (F)
HIGHEST           106   06/11                         93  06/29
                                                          06/09
LOWEST             44   06/07                         47  06/01
                        06/05
AVG. MAXIMUM     89.0              80.5     8.5     81.1
AVG. MINIMUM     55.2              53.5     1.7     56.4
MEAN             72.1              67.0     5.1     68.7
DAYS MAX >= 90     13                                  2
DAYS MAX <= 32      0                                  0
DAYS MIN <= 32      0                                  0
DAYS MIN <= 0       0                                  0

PRECIPITATION (INCHES)
TOTALS           0.72              2.93   -2.21     5.83
DAILY AVG.       0.02              0.10   -0.08     0.22
DAYS >= .01         4                                 15
DAYS >= .10         2                                 11
DAYS >= .50         0                                  6
DAYS >= 1.00        0                                  0
GREATEST
 24 HR. TOTAL    0.49   06/13 TO 06/14              0.95

DEGREE_DAYS
HEATING TOTAL       7                63     -56       12
 SINCE 7/1       6323              7197    -874     6686
COOLING TOTAL     227               123     104      110
 SINCE 1/1        241               150      91      116
.................................................................

WIND (MPH)
AVERAGE WIND SPEED              10.4
HIGHEST WIND SPEED/DIRECTION    53/360    DATE  06/29
HIGHEST GUST SPEED/DIRECTION    66/350    DATE  06/29

AVERAGE RH (PERCENT)     59

WEATHER CONDITIONS. NUMBER OF DAYS WITH
THUNDERSTORM              0     MIXED PRECIP               0
HEAVY RAIN                2     RAIN                       2
LIGHT RAIN                8     FREEZING RAIN              0
LT FREEZING RAIN          0     HAIL                       0
HEAVY SNOW                0     SNOW                       0
LIGHT SNOW                0     SLEET                      0
FOG                       4     FOG W/VIS <= 1/4 MILE      1
HAZE                      0

-  INDICATES NEGATIVE NUMBERS.
R  INDICATES RECORD WAS SET OR TIED.
MM INDICATES DATA IS MISSING.
T  INDICATES TRACE AMOUNT.

$$
