000
CXUS55 KPIH 011623
CLMPIH

CLIMATE REPORT
NATIONAL WEATHER SERVICE POCATELLO ID
1019 AM MDT SAT NOV 1 2014

...................................

...THE POCATELLO CLIMATE SUMMARY FOR THE MONTH OF OCTOBER 2014...

CLIMATE NORMAL PERIOD 1981 TO 2010
CLIMATE RECORD PERIOD 1939 TO 2014

WEATHER         OBSERVED          NORMAL  DEPART  LAST YEAR`S
                 VALUE   DATE(S)  VALUE   FROM    VALUE  DATE(S)
                                          NORMAL
................................................................
TEMPERATURE (F)
RECORD
 HIGH              91   10/01/1992
 LOW                7   10/31/2003
HIGHEST            79   10/20        91     -12       75  10/07
LOWEST             19   10/28        10       9       23  10/18
                                                          10/16
                                                          10/05
AVG. MAXIMUM     68.2              61.0     7.2     59.1
AVG. MINIMUM     33.9              33.0     0.9     29.7
MEAN             51.0              47.0     4.0     44.4
DAYS MAX >= 90      0               0.0     0.0        0
DAYS MAX <= 32      0               0.1    -0.1        0
DAYS MIN <= 32     13              13.6    -0.6       20
DAYS MIN <= 0       0               0.0     0.0        0

PRECIPITATION (INCHES)
RECORD
 MAXIMUM         2.56   1956
 MINIMUM         0.00   2003
                        1988
                        1958
TOTALS           0.04              0.87   -0.83     0.49
DAILY AVG.       0.00              0.03   -0.03     0.02
DAYS >= .01         2               6.2    -4.2        4
DAYS >= .10         0               3.1    -3.1        3
DAYS >= .50         0               0.2    -0.2        0
DAYS >= 1.00        0               0.0     0.0        0
GREATEST
 24 HR. TOTAL    0.03   10/01 TO 10/01              0.20

SNOWFALL (INCHES)
RECORDS
 TOTAL           12.6   1971
TOTALS            0.0               1.6    -1.6        T
SINCE 7/1         0.0               1.7    -1.7        T
SNOWDEPTH AVG.      0                MM      MM        0
DAYS >= 1.0         0               0.5    -0.5        0
GREATEST
 SNOW DEPTH         0   MM                             0  MM
 24 HR TOTAL      0.0   10/31 TO 10/31                 T

DEGREE_DAYS
HEATING TOTAL     424               558    -134      631
 SINCE 7/1        602               807    -205      768
COOLING TOTAL       0                 0       0        0
 SINCE 1/1        421               392      29      688
.................................................................

WIND (MPH)
AVERAGE WIND SPEED              8.9
HIGHEST WIND SPEED/DIRECTION    41/200    DATE  10/25
HIGHEST GUST SPEED/DIRECTION    53/190    DATE  10/25

SKY COVER
POSSIBLE SUNSHINE (PERCENT)   MM
AVERAGE SKY COVER           0.20
NUMBER OF DAYS FAIR           26
NUMBER OF DAYS PC              5
NUMBER OF DAYS CLOUDY          0

AVERAGE RH (PERCENT)     56

WEATHER CONDITIONS. NUMBER OF DAYS WITH
THUNDERSTORM              1     MIXED PRECIP               0
HEAVY RAIN                0     RAIN                       1
LIGHT RAIN                4     FREEZING RAIN              0
LT FREEZING RAIN          0     HAIL                       0
HEAVY SNOW                0     SNOW                       0
LIGHT SNOW                0     SLEET                      0
FOG                       1     FOG W/VIS <= 1/4 MILE      0
HAZE                      2

-  INDICATES NEGATIVE NUMBERS.
R  INDICATES RECORD WAS SET OR TIED.
MM INDICATES DATA IS MISSING.
T  INDICATES TRACE AMOUNT.

25TH: HIGH TEMP OF 76 BEATS PREVIOUS RECORD OF 75 SET IN 1990.

&&
$$
