000
CXUS51 KPBZ 011350
CLMPIT


CLIMATE REPORT
NATIONAL WEATHER SERVICE PITTSBURGH PA
950 AM EDT FRI SEP 1 2017

...................................

...THE PITTSBURGH PA CLIMATE SUMMARY FOR THE MONTH OF AUGUST 2017...

CLIMATE NORMAL PERIOD 1981 TO 2010
CLIMATE RECORD PERIOD 1871 TO 2017

WEATHER         OBSERVED          NORMAL  DEPART  LAST YEAR`S
                 VALUE   DATE(S)  VALUE   FROM    VALUE  DATE(S)
                                          NORMAL
................................................................
TEMPERATURE (F)
RECORD
 HIGH             103   08/06/1918
 LOW               39   08/29/1982
HIGHEST            88   08/17        MM      MM       91  08/11
LOWEST             51   08/26        MM      MM       56  08/23
                        08/25
AVG. MAXIMUM     79.8              81.4    -1.6     85.4
AVG. MINIMUM     60.7              61.5    -0.8     66.7
MEAN             70.3              71.5    -1.2     76.0
DAYS MAX >= 90      0               2.5    -2.5        3
DAYS MAX <= 32      0               0.0     0.0        0
DAYS MIN <= 32      0               0.0     0.0        0
DAYS MIN <= 0       0               0.0     0.0        0

PRECIPITATION (INCHES)
RECORD
 MAXIMUM         8.29   1864
 MINIMUM         0.43   1894
TOTALS           2.63              3.48   -0.85
DAILY AVG.       0.08              0.11   -0.03     0.11
DAYS >= .01         8               9.8    -1.8       14
DAYS >= .10         7               5.8     1.2        9
DAYS >= .50         2               2.6    -0.6        1
DAYS >= 1.00        0               0.9    -0.9        0
GREATEST
 24 HR. TOTAL    0.66   08/19 TO 08/19           08/12 TO 08/13
                                                          08/31 TO 08/31
                                                          08/31 TO 08/31

SNOWFALL (INCHES)
RECORDS
 TOTAL            0.0   MM
 24 HR TOTAL      0.0   08/31/2002 TO 08/31/2002
                        08/01/2001 TO 08/01/2001
TOTALS            0.0               0.0     0.0      0.0
SINCE 7/1         0.0               0.0     0.0      0.0
SNOWDEPTH AVG.      0                MM      MM        0
DAYS >= TRACE       0
DAYS >= 1.0         0               0.0     0.0        0
GREATEST
 24 HR TOTAL      0.0   08/31 TO 08/31               0.0

DEGREE_DAYS
HEATING TOTAL       5                 9      -4        0
 SINCE 7/1          5                13      -8        1
COOLING TOTAL     178               209     -31      350
 SINCE 1/1        704               652      52      975
..................................................

WIND (MPH)
AVERAGE WIND SPEED              5.1
HIGHEST WIND SPEED/DIRECTION    32/220    DATE  08/04
HIGHEST GUST SPEED/DIRECTION    42/290    DATE  08/19

AVERAGE RH (PERCENT)     72

WEATHER CONDITIONS. NUMBER OF DAYS WITH
THUNDERSTORM              0     MIXED PRECIP               0
HEAVY RAIN                2     RAIN                       3
LIGHT RAIN                9     FREEZING RAIN              0
LT FREEZING RAIN          0     HAIL                       0
HEAVY SNOW                0     SNOW                       0
LIGHT SNOW                0     SLEET                      0
FOG                      14     FOG W/VIS <= 1/4 MILE      2
HAZE                      0

-  INDICATES NEGATIVE NUMBERS.
R  INDICATES RECORD WAS SET OR TIED.
MM INDICATES DATA IS MISSING.
T  INDICATES TRACE AMOUNT.

$$
