000
CXUS56 KSGX 011646
CLMPSP


CLIMATE REPORT
NATIONAL WEATHER SERVICE SAN DIEGO, CA
945 AM PDT FRI APR 1 2016

...................................

...THE PALM SPRINGS INTL AIRPORT CA CLIMATE SUMMARY FOR THE MONTH OF MARCH 2016...

CLIMATE NORMAL PERIOD 1981 TO 2010
CLIMATE RECORD PERIOD 1893 TO 2016

WEATHER         OBSERVED          NORMAL  DEPART  LAST YEAR`S
                 VALUE   DATE(S)  VALUE   FROM    VALUE  DATE(S)
                                          NORMAL
................................................................
TEMPERATURE (F)
RECORD
 HIGH             104   03/31/1966
 LOW               29   03/13/1956
                        03/04/1952
HIGHEST            94   03/20        80      14      100  03/28
LOWEST             45   03/08        51      -6       44  03/03
AVG. MAXIMUM     83.4              78.6     4.8     87.2
AVG. MINIMUM     56.4              52.7     3.7     60.5
MEAN             69.9              65.7     4.2     73.8
DAYS MAX >= 90     10               2.9     7.1       16
DAYS MAX <= 32      0               0.0     0.0        0
DAYS MAX >= 100     0                                  1
DAYS MAX >= 110     0                                  0
DAYS MIN <= 32      0               0.0     0.0        0

PRECIPITATION (INCHES)
RECORD
 MAXIMUM         3.46   1991
 MINIMUM         0.00   1999
TOTALS           0.02              0.61   -0.59     0.83
DAILY AVG.       0.00              0.02   -0.02     0.03
DAYS >= .01         1                MM      MM        2
DAYS >= .10         0                MM      MM        2
DAYS >= .50         0                MM      MM        1
DAYS >= 1.00        0                MM      MM        0
DAYS >= 1.50        0                                  0
DAYS >= 2.00        0                                  0
GREATEST
 24 HR. TOTAL    0.02   03/11 TO 03/11           03/01 TO 03/01
                                                          03/31 TO 03/31
                                                          03/31 TO 03/31
 STORM TOTAL       MM                                 MM
 (MM/DD(HH))            MM                    03/01(00) TO 03/01(00)
                                                 03/31(00) TO 03/31(00)1
                                                 03/31(00) TO 03/31(00)1

DEGREE_DAYS
HEATING TOTAL      28                73     -45       29
 SINCE 7/1        738               851    -113      400
COOLING TOTAL     187                93      94      311
 SINCE 1/1        337               120     217      431

FREEZE DATES
RECORD
 EARLIEST     10/24/1951
 LATEST       03/13/1956
EARLIEST                        12/16
LATEST                          01/29
..................................................

WIND (MPH)
AVERAGE WIND SPEED              6.5
RESULTANT WIND SPEED/DIRECTION   3/338
HIGHEST WIND SPEED/DIRECTION    38/080    DATE  03/28
HIGHEST GUST SPEED/DIRECTION    47/080    DATE  03/28

SKY COVER
POSSIBLE SUNSHINE (PERCENT)   MM
AVERAGE SKY COVER           0.10
NUMBER OF DAYS FAIR           31
NUMBER OF DAYS PC              0
NUMBER OF DAYS CLOUDY          0

AVERAGE RH (PERCENT)     34

WEATHER CONDITIONS. NUMBER OF DAYS WITH
THUNDERSTORM              0     MIXED PRECIP               0
HEAVY RAIN                0     RAIN                       0
LIGHT RAIN                3     FREEZING RAIN              0
LT FREEZING RAIN          0     HAIL                       0
HEAVY SNOW                0     SNOW                       0
LIGHT SNOW                0     SLEET                      0
FOG                       0     FOG W/VIS <= 1/4 MILE      0
HAZE                      0

-  INDICATES NEGATIVE NUMBERS.
R  INDICATES RECORD WAS SET OR TIED.
MM INDICATES DATA IS MISSING.
T  INDICATES TRACE AMOUNT.

$$
