000
CXUS55 KPUB 011511
CLMPUB


CLIMATE REPORT
NATIONAL WEATHER SERVICE PUEBLO
809 AM MST THU JAN 1 2015

...................................

...THE PUEBLO CO CLIMATE SUMMARY FOR THE MONTH OF DECEMBER 2014...

CLIMATE NORMAL PERIOD 1981 TO 2010
CLIMATE RECORD PERIOD 1888 TO 2014

WEATHER         OBSERVED          NORMAL  DEPART  LAST YEAR`S
                 VALUE   DATE(S)  VALUE   FROM    VALUE  DATE(S)
                                          NORMAL
................................................................
TEMPERATURE (F)
RECORD
 HIGH              82   12/17/1980
 LOW              -28   12/12/1961
HIGHEST            62   12/10        48      14       68  12/18
LOWEST            -17   12/31        13     -30       -4  12/09
AVG. MAXIMUM     45.8              46.0    -0.2     47.2
AVG. MINIMUM     14.8              14.2     0.6     14.2
MEAN             30.3              30.1     0.2     30.7
DAYS MAX >= 90      0               0.0     0.0
DAYS MAX <= 32      5               4.9     0.1
DAYS MIN <= 32     31              30.4     0.6
DAYS MIN <= 0       2               2.6    -0.6

PRECIPITATION (INCHES)
RECORD
 MAXIMUM         1.35   1913
 MINIMUM         0.00   1993
                        1970
                        1890
TOTALS           0.24              0.38   -0.14     0.03
DAILY AVG.       0.01              0.01    0.00
DAYS >= .01         6               4.1     1.9
DAYS >= .10         0               1.3    -1.3
DAYS >= .50         0               0.0     0.0
DAYS >= 1.00        0               0.0     0.0
GREATEST
 24 HR. TOTAL    0.10   12/29 TO 12/30

SNOWFALL (INCHES)
RECORDS
 TOTAL           18.6   2011
TOTALS            3.2               5.5    -2.3      2.2
SINCE 7/1        13.1              11.5     1.6      5.9
SNOWDEPTH AVG.      0
DAYS >= 1.0         1               2.0    -1.0
GREATEST
 SNOW DEPTH         2   12/31                          1
                        12/30
                        12/29
 24 HR TOTAL      2.4   12/29 TO 12/30               1.7

DEGREE_DAYS
HEATING TOTAL    1069              1082     -13     1055
 SINCE 7/1       2231              2363    -132     2238
COOLING TOTAL       0                 0       0        0
 SINCE 1/1       1002               897     105     1230
.................................................................

WIND (MPH)
AVERAGE WIND SPEED              5.9
HIGHEST WIND SPEED/DIRECTION    33/250    DATE  12/25
HIGHEST GUST SPEED/DIRECTION    43/360    DATE  12/14

SKY COVER
POSSIBLE SUNSHINE (PERCENT)   MM
AVERAGE SKY COVER           0.20
NUMBER OF DAYS FAIR           23
NUMBER OF DAYS PC              4
NUMBER OF DAYS CLOUDY          4

AVERAGE RH (PERCENT)     61

WEATHER CONDITIONS. NUMBER OF DAYS WITH
THUNDERSTORM              0     MIXED PRECIP               0
HEAVY RAIN                0     RAIN                       0
LIGHT RAIN                2     FREEZING RAIN              0
LT FREEZING RAIN          0     HAIL                       0
HEAVY SNOW                0     SNOW                       1
LIGHT SNOW                7     SLEET                      0
FOG                      10     FOG W/VIS <= 1/4 MILE      2
HAZE                      1

-  INDICATES NEGATIVE NUMBERS.
R  INDICATES RECORD WAS SET OR TIED.
MM INDICATES DATA IS MISSING.
T  INDICATES TRACE AMOUNT.

$$
