081
CXUS56 KSGX 012015
CLMRAL


CLIMATE REPORT
NATIONAL WEATHER SERVICE SAN DIEGO, CA
1214 PM PST FRI DEC 1 2017

...................................

...THE RIVERSIDE MUNI AIRPORT CA CLIMATE SUMMARY FOR THE MONTH OF NOVEMBER 2017...

CLIMATE NORMAL PERIOD 1981 TO 2010
CLIMATE RECORD PERIOD 1893 TO 2017

WEATHER         OBSERVED          NORMAL  DEPART  LAST YEAR`S
                 VALUE   DATE(S)  VALUE   FROM    VALUE  DATE(S)
                                          NORMAL
................................................................
TEMPERATURE (F)
RECORD
 HIGH              99   11/04/2010
                        11/03/2010
                        11/02/1924
 LOW               23   11/12/1950
                        11/11/1950
HIGHEST            95   11/22        74      21       94  11/08
LOWEST             46   11/20        46       0       40  11/30
                                                          11/28
                                                          11/26
AVG. MAXIMUM     77.9              73.8     4.1     78.4
AVG. MINIMUM     52.6              46.9     5.7     50.7
MEAN             65.2              60.3     4.9     64.6
DAYS MAX >= 90      3               1.3     1.7        4
DAYS MAX <= 32      0               0.0     0.0        0
DAYS MAX >= 100     0                                  0
DAYS MAX >= 110     0                                  0
DAYS MIN <= 32      0               0.3    -0.3        0

PRECIPITATION (INCHES)
RECORD
 MAXIMUM         5.72   1965
 MINIMUM         0.00   2007
                        1995
                        1991
TOTALS           0.03              1.00   -0.97     0.96
DAILY AVG.       0.00              0.03   -0.03     0.03
DAYS >= .01         2                MM      MM        4
DAYS >= .10         0                MM      MM        3
DAYS >= .50         0                MM      MM        0
DAYS >= 1.00        0                MM      MM        0
DAYS >= 1.50        0                                  0
DAYS >= 2.00        0                                  0
GREATEST
 24 HR. TOTAL    0.02   11/27 TO 11/27           11/26 TO 11/27
                                                          11/30 TO 11/30
                                                          11/30 TO 11/30
 STORM TOTAL       MM                                 MM
 (MM/DD(HH))            MM                    11/27(00) TO 11/27(00)
                                                 11/30(00) TO 11/30(00)0
                                                 11/30(00) TO 11/30(00)0

DEGREE_DAYS
HEATING TOTAL      45               165    -120      101
 SINCE 7/1         46               200    -154      104
COOLING TOTAL      58                25      33       96
 SINCE 1/1       2306              1754     552     2298

FREEZE DATES
RECORD
 EARLIEST     10/21/1949
 LATEST       04/28/1894
EARLIEST                        12/04
LATEST                          02/24
.................................................

WIND (MPH)
AVERAGE WIND SPEED              3.8
RESULTANT WIND SPEED/DIRECTION   1/001
HIGHEST WIND SPEED/DIRECTION    17/250    DATE  11/04
HIGHEST GUST SPEED/DIRECTION    23/040    DATE  11/18

SKY COVER
POSSIBLE SUNSHINE (PERCENT)   MM
AVERAGE SKY COVER           0.30
NUMBER OF DAYS FAIR           18
NUMBER OF DAYS PC             11
NUMBER OF DAYS CLOUDY          1

AVERAGE RH (PERCENT)     55

WEATHER CONDITIONS. NUMBER OF DAYS WITH
THUNDERSTORM              0     MIXED PRECIP               0
HEAVY RAIN                0     RAIN                       0
LIGHT RAIN                4     FREEZING RAIN              0
LT FREEZING RAIN          0     HAIL                       0
HEAVY SNOW                0     SNOW                       0
LIGHT SNOW                0     SLEET                      0
FOG                       8     FOG W/VIS <= 1/4 MILE      0
HAZE                     10

-  INDICATES NEGATIVE NUMBERS.
R  INDICATES RECORD WAS SET OR TIED.
MM INDICATES DATA IS MISSING.
T  INDICATES TRACE AMOUNT.

$$
