320
CXUS53 KGRB 010752
CLMRHI


CLIMATE REPORT
NATIONAL WEATHER SERVICE GREEN BAY
250 AM CDT FRI APR 1 2016

...................................

...THE RHINELANDER WI CLIMATE SUMMARY FOR THE MONTH OF MARCH 2016...

CLIMATE NORMAL PERIOD 1981 TO 2010
CLIMATE RECORD PERIOD 1908 TO 2016

WEATHER         OBSERVED          NORMAL  DEPART  LAST YEAR`S
                 VALUE   DATE(S)  VALUE   FROM    VALUE  DATE(S)
                                          NORMAL
................................................................
TEMPERATURE (F)
RECORD
 HIGH              79   03/29/1910
 LOW              -34   03/11/1948
HIGHEST            68   03/12        60       8       58  03/13
LOWEST              2   03/02       -11      13      -20  03/05
AVG. MAXIMUM     43.8              37.2     6.6     39.4
AVG. MINIMUM     25.0              17.1     7.9     17.3
MEAN             34.4              27.1     7.3     28.3
DAYS MAX >= 90      0               0.0     0.0        0
DAYS MAX <= 32      6              10.4    -4.4        8
DAYS MIN <= 32     23              27.6    -4.6       28
DAYS MIN <= 0       0               3.3    -3.3        3

PRECIPITATION (INCHES)
RECORD
 MAXIMUM         5.75   1942
 MINIMUM         0.15   1978
TOTALS           3.67              1.57    2.10     0.77
DAILY AVG.       0.12              0.05    0.07     0.02
DAYS >= .01        11                MM      MM        6
DAYS >= .10         7                MM      MM        4
DAYS >= .50         1                MM      MM        0
DAYS >= 1.00        1                MM      MM        0
GREATEST
 STORM TOTAL       MM
 (MM/DD(HH))            MM

SNOWFALL (INCHES)
RECORDS
 TOTAL           27.6   2011
TOTALS            9.3                MM      MM      6.5
SINCE 7/1        44.0                MM      MM     75.4
DAYS >= TRACE      10                MM      MM        9
DAYS >= 1.0         4                MM      MM        2
GREATEST
 SNOW DEPTH        11   03/05                         19  03/05
                        03/04                             03/04
                                                          03/03
 24 HR TOTAL      2.9   MM

DEGREE_DAYS
HEATING TOTAL     939              1173    -234     1130
 SINCE 7/1       6622              7795   -1173     8471
COOLING TOTAL       0                 0       0        0
 SINCE 1/1          0                 0       0        0
.................................................................

WIND (MPH)
AVERAGE WIND SPEED              6.6
HIGHEST WIND SPEED/DIRECTION    28/270    DATE  03/16
HIGHEST GUST SPEED/DIRECTION    36/200    DATE  03/06

SKY COVER
POSSIBLE SUNSHINE (PERCENT)   MM
AVERAGE SKY COVER           0.60
NUMBER OF DAYS FAIR            7
NUMBER OF DAYS PC             10
NUMBER OF DAYS CLOUDY         14

AVERAGE RH (PERCENT)     71

WEATHER CONDITIONS. NUMBER OF DAYS WITH
THUNDERSTORM              0     MIXED PRECIP               0
HEAVY RAIN                1     RAIN                       2
LIGHT RAIN                8     FREEZING RAIN              0
LT FREEZING RAIN          0     HAIL                       0
HEAVY SNOW                0     SNOW                       4
LIGHT SNOW                9     SLEET                      0
FOG                      17     FOG W/VIS <= 1/4 MILE      2
HAZE                      4

-  INDICATES NEGATIVE NUMBERS.
R  INDICATES RECORD WAS SET OR TIED.
MM INDICATES DATA IS MISSING.
T  INDICATES TRACE AMOUNT.

$$
