000
CXUS53 KGRB 010633
CLMRHI


CLIMATE REPORT
NATIONAL WEATHER SERVICE GREEN BAY
131 AM CDT MON AUG 1 2016

...................................

...THE RHINELANDER WI CLIMATE SUMMARY FOR THE MONTH OF JULY 2016...

CLIMATE NORMAL PERIOD 1981 TO 2010
CLIMATE RECORD PERIOD 1908 TO 2016

WEATHER         OBSERVED          NORMAL  DEPART  LAST YEAR`S
                 VALUE   DATE(S)  VALUE   FROM    VALUE  DATE(S)
                                          NORMAL
................................................................
TEMPERATURE (F)
RECORD
 HIGH             108   07/13/1936
 LOW               31   07/13/1930
HIGHEST            91   07/22        90       1       88  07/27
LOWEST             44   07/02        42       2       37  07/01
AVG. MAXIMUM     79.5              79.0     0.5     79.4
AVG. MINIMUM     56.2              54.5     1.7     53.1
MEAN             67.9              66.8     1.1     66.2
DAYS MAX >= 90      2               1.0     1.0        0
DAYS MAX <= 32      0               0.0     0.0        0
DAYS MIN <= 32      0               0.0     0.0        0
DAYS MIN <= 0       0               0.0     0.0        0

PRECIPITATION (INCHES)
RECORD
 MAXIMUM        10.24   2000
 MINIMUM         0.63   1989
TOTALS           3.82              4.02   -0.20     3.06
DAILY AVG.       0.12              0.13   -0.01     0.10
DAYS >= .01        13                MM      MM        7
DAYS >= .10        10                MM      MM        5
DAYS >= .50         2                MM      MM        2
DAYS >= 1.00        0                MM      MM        2
GREATEST
 STORM TOTAL       MM
 (MM/DD(HH))            MM

SNOWFALL (INCHES)
RECORDS
 TOTAL            0.0   MM
TOTALS            0.0                MM      MM      0.0
SINCE 7/1         0.0                MM      MM      0.0
DAYS >= TRACE       0                MM      MM        0
DAYS >= 1.0         0                MM      MM        0
GREATEST
 SNOW DEPTH         0   MM                             0  MM
 24 HR TOTAL      0.0   07/31 TO 07/31

DEGREE_DAYS
HEATING TOTAL      33                51     -18       49
 SINCE 7/1         33                51     -18       49
COOLING TOTAL     129               105      24       95
 SINCE 1/1        197               170      27      103
.................................................................

WIND (MPH)
AVERAGE WIND SPEED              6.3
HIGHEST WIND SPEED/DIRECTION    32/280    DATE  07/12
HIGHEST GUST SPEED/DIRECTION    54/290    DATE  07/12

SKY COVER
POSSIBLE SUNSHINE (PERCENT)   MM
AVERAGE SKY COVER           0.30
NUMBER OF DAYS FAIR           18
NUMBER OF DAYS PC             11
NUMBER OF DAYS CLOUDY          2

AVERAGE RH (PERCENT)     71

WEATHER CONDITIONS. NUMBER OF DAYS WITH
THUNDERSTORM              0     MIXED PRECIP               0
HEAVY RAIN               10     RAIN                      10
LIGHT RAIN               14     FREEZING RAIN              0
LT FREEZING RAIN          0     HAIL                       0
HEAVY SNOW                0     SNOW                       0
LIGHT SNOW                0     SLEET                      0
FOG                      22     FOG W/VIS <= 1/4 MILE      6
HAZE                      0

-  INDICATES NEGATIVE NUMBERS.
R  INDICATES RECORD WAS SET OR TIED.
MM INDICATES DATA IS MISSING.
T  INDICATES TRACE AMOUNT.

$$
