000
CXUS55 KREV 011026
CLMRNO

CLIMATE REPORT
NATIONAL WEATHER SERVICE RENO NV
321 AM PDT SUN OCT 1 2017

...................................

...THE RENO-TAHOE INTL AIRPORT NV CLIMATE SUMMARY FOR THE MONTH OF
SEPTEMBER 2017...

THE AVERAGE TEMPERATURE FOR SEPTEMBER 2017 AT THE RENO-TAHOE
INTERNATIONAL AIRPORT WAS 65.9 DEGREES WHICH IS 0.7 DEGREES ABOVE
NORMAL. THE HIGHEST TEMPERATURE FOR SEPTEMBER WAS 101 DEGREES WHICH
OCCURRED ON THE 3RD. THE LOWEST TEMPERATURE FOR THE MONTH WAS 34
DEGREES WHICH WAS RECORDED ON THE 23RD.

FOR SEPTEMBER 2017 0.69 INCHES OF PRECIPITATION WAS RECORDED AT THE
RENO-TAHOE INTERNATIONAL AIRPORT. THIS IS 0.34 INCHES ABOVE NORMAL.

A TRACE OF SNOWFALL WAS REPORTED FOR SEPTEMBER AT RENO.

THE AVERAGE WIND SPEED FOR THE MONTH WAS 5.5 MPH. THE PEAK WIND GUST
FOR THE MONTH WAS 66 MPH FROM THE SOUTH WHICH OCCURRED ON THE 5TH.

CLIMATE NORMAL PERIOD 1981 TO 2010
CLIMATE RECORD PERIOD 1888 TO 2017

WEATHER         OBSERVED          NORMAL  DEPART
                 VALUE   DATE(S)  VALUE   FROM
                                          NORMAL
................................................
TEMPERATURE (F)
RECORD
 HIGH             101   09/03/2017
                        09/02/1950
                        09/04/1988
 LOW               20   09/19/1965
                        09/18/1965
HIGHEST           101R  09/03       101       0
LOWEST             34   09/23        20      14
AVG. MAXIMUM     80.3              82.0    -1.7
AVG. MINIMUM     51.4              48.5     2.9
MEAN             65.9              65.2     0.7
DAYS MAX >= 90      8               5.8     2.2
DAYS MAX <= 32      0               0.0     0.0
DAYS MIN <= 32      0               0.1    -0.1
DAYS MIN <= 0       0               0.0     0.0

PRECIPITATION (INCHES)
RECORD
 MAXIMUM         2.41   1918
 MINIMUM         0.00   2010
                        2006
                        1974
TOTALS           0.69              0.35    0.34
DAILY AVG.       0.02              0.01    0.01
DAYS >= .01         8               2.9     5.1
DAYS >= .10         2               1.0     1.0
DAYS >= .50         0               0.1    -0.1
DAYS >= 1.00        0               0.0     0.0
GREATEST
 24 HR. TOTAL    0.31   09/13 TO 09/13
 STORM TOTAL       MM
 (MM/DD(HH))            MM

SNOWFALL (INCHES)
RECORDS
 TOTAL            1.5   5
                        0
 24 HR TOTAL       MM
TOTALS              T               0.1    -0.1
 LIQUID EQUIV      MM              0.00      MM
SINCE 7/1           T               0.1    -0.1
 LIQUID 7/1        MM
DAYS >= TRACE       1               0.1     0.9
DAYS >= 1.0         0               0.0     0.0
GREATEST
 SNOW DEPTH         0   MM
 24 HR TOTAL        T   09/21 TO 09/21
 STORM TOTAL       MM
 (MM/DD(HH))            MM

DEGREE_DAYS
HEATING TOTAL     118                80      38
 SINCE 7/1        118                90      28
COOLING TOTAL     151                88      63
 SINCE 1/1       1401               834     567

FREEZE DATES
RECORD
 EARLIEST     08/23/1973
 LATEST       06/27/1974
EARLIEST                        10/03
LATEST                          05/21
.................................................

WIND (MPH)
AVERAGE WIND SPEED              5.5
HIGHEST WIND SPEED/DIRECTION    53/190    DATE  09/05
HIGHEST GUST SPEED/DIRECTION    66/180    DATE  09/05

AVERAGE RH (PERCENT)     41

WEATHER CONDITIONS. NUMBER OF DAYS WITH
THUNDERSTORM              0     MIXED PRECIP               0
HEAVY RAIN                2     RAIN                       2
LIGHT RAIN                9     FREEZING RAIN              0
LT FREEZING RAIN          0     HAIL                       1
HEAVY SNOW                0     SNOW                       0
LIGHT SNOW                0     SLEET                      0
FOG                       0     FOG W/VIS <= 1/4 MILE      0
HAZE                      1

-  INDICATES NEGATIVE NUMBERS.
R  INDICATES RECORD WAS SET OR TIED.
MM INDICATES DATA IS MISSING.
T  INDICATES TRACE AMOUNT.

$$
