000
CXUS55 KCYS 022121
CLMRWL


CLIMATE REPORT
NATIONAL WEATHER SERVICE CHEYENNE WY
221 PM MST WED MAR 2 2016

...................................

...THE RAWLINS WY AIRPORT CLIMATE SUMMARY FOR THE MONTH OF FEBRUARY 2016...

CLIMATE NORMAL PERIOD 1981 TO 2010
CLIMATE RECORD PERIOD 1951 TO 2016

WEATHER         OBSERVED          NORMAL  DEPART  LAST YEAR`S
                 VALUE   DATE(S)  VALUE   FROM    VALUE
                                          NORMAL
.............................................................
TEMPERATURE (F)
RECORD
 HIGH              58   02/11/1962
 LOW              -36   02/02/2011
                        02/06/1989
HIGHEST            52   02/27        MM      MM       57
LOWEST                  02/02        MM      MM       -8
AVG. MAXIMUM     36.7              33.8     2.9     41.7
AVG. MINIMUM     21.7              13.5     8.2     20.7
MEAN             29.2              23.7     5.5     31.2
DAYS MAX >= 90      0               0.0                0
DAYS MAX <= 32      7              10.9                8
DAYS MIN <= 32     27              27.5               21
DAYS MIN <= 0       1               3.6                3

PRECIPITATION (INCHES)
RECORD
 MAXIMUM         1.87   1959
 MINIMUM         0.01   2007
TOTALS           0.66              0.42    0.24     0.21
DAYS >= .01         6               5.9     0.1        4
DAYS >= .10         1               1.2    -0.2        1
DAYS >= .50         0               0.2    -0.2        0
DAYS >= 1.00        0               0.0     0.0        0
GREATEST
 24 HR. TOTAL    0.47   02/01 TO 02/02

DEGREE_DAYS
HEATING TOTAL    1031              1158    -127      938
 SINCE 7/1       5472              5995    -523     5231
COOLING TOTAL       0                 0       0        0
 SINCE 1/1          0                 0       0        0
..............................................................

WIND (MPH)
AVERAGE WIND SPEED              18.6
HIGHEST WIND SPEED/DIRECTION    49/200    DATE  02/18
HIGHEST GUST SPEED/DIRECTION    64/200    DATE  02/18

SKY COVER
POSSIBLE SUNSHINE (PERCENT)   MM
AVERAGE SKY COVER           0.20
NUMBER OF DAYS FAIR           20
NUMBER OF DAYS PC              7
NUMBER OF DAYS CLOUDY          2

AVERAGE RH (PERCENT)     62

WEATHER CONDITIONS. NUMBER OF DAYS WITH
THUNDERSTORM              0     MIXED PRECIP               0
HEAVY RAIN                0     RAIN                       0
LIGHT RAIN                1     FREEZING RAIN              0
LT FREEZING RAIN          0     HAIL                       0
HEAVY SNOW                2     SNOW                       2
LIGHT SNOW                7     SLEET                      0
FOG                       6     FOG W/VIS <= 1/4 MILE      2
HAZE                      8

-  INDICATES NEGATIVE NUMBERS.
R  INDICATES RECORD WAS SET OR TIED.
MM INDICATES DATA IS MISSING.
T  INDICATES TRACE AMOUNT.

$$
