000
CXUS52 KCHS 022012
CLMSAV

CLIMATE REPORT
NATIONAL WEATHER SERVICE CHARLESTON SC
403 PM EDT TUE JUN 2 2015

...................................

...THE SAVANNAH GA CLIMATE SUMMARY FOR THE MONTH OF MAY 2015...

CLIMATE NORMAL PERIOD 1981 TO 2010
CLIMATE RECORD PERIOD 1871 TO 2015

WEATHER         OBSERVED          NORMAL  DEPART  LAST YEAR`S
                 VALUE   DATE(S)  VALUE   FROM    VALUE  DATE(S)
                                          NORMAL
................................................................
TEMPERATURE (F)
RECORD
 HIGH             101   05/31/1945
                        05/30/1898
 LOW               39   05/02/1963
HIGHEST            94   05/19                         97  05/23
LOWEST             49   05/02                         51  05/17
AVG. MAXIMUM     84.8              84.6     0.2     86.1
AVG. MINIMUM     63.5              62.1     1.4     64.2
MEAN             74.1              73.3     0.8     75.2
DAYS MAX >= 90      6               5.5     0.5       12
DAYS MAX <= 32      0               0.0     0.0        0
DAYS MIN <= 32      0               0.0     0.0        0
DAYS MIN <= 0       0               0.0     0.0        0

PRECIPITATION (INCHES)
RECORD
 MAXIMUM        11.13   1915
 MINIMUM         0.13   1911
TOTALS           1.23              2.98   -1.75     3.48
DAYS >= .01         6               7.0    -1.0        8
DAYS >= .10         3               4.8    -1.8        6
DAYS >= .50         1               2.2    -1.2        1
DAYS >= 1.00        0               0.8    -0.8        1
GREATEST
 24 HR. TOTAL    0.66   05/07 TO 05/07

DEGREE_DAYS
HEATING TOTAL       2                 9      -7
 SINCE 7/1       1693              1812    -119
COOLING TOTAL     293               267      26
 SINCE 1/1        535               403     132
.................................................................

WIND (MPH)
AVERAGE WIND SPEED              7.0
HIGHEST WIND SPEED/DIRECTION    33/240
HIGHEST GUST SPEED/DIRECTION    39/250


WEATHER CONDITIONS. NUMBER OF DAYS WITH
THUNDERSTORM              6     MIXED PRECIP               0
HEAVY RAIN                3     RAIN                       3
LIGHT RAIN                8     FREEZING RAIN              0
LT FREEZING RAIN          0     HAIL                       0
HEAVY SNOW                0     SNOW                       0
LIGHT SNOW                0     SLEET                      0
FOG                      14     FOG W/VIS <= 1/4 MILE      1
HAZE                      2

-  INDICATES NEGATIVE NUMBERS.
R  INDICATES RECORD WAS SET OR TIED.
MM INDICATES DATA IS MISSING.
T  INDICATES TRACE AMOUNT.

&&

NO RECORDS WERE SET IN SAVANNAH GA DURING MAY 2015.

$$
