000
CXUS56 KPQR 011508
CLMSLE


CLIMATE REPORT
NATIONAL WEATHER SERVICE PORTLAND OREGON
808 AM PDT SAT OCT 1 2016

...................................

...THE SALEM OR CLIMATE SUMMARY FOR THE MONTH OF SEPTEMBER 2016...

CLIMATE NORMAL PERIOD 1981 TO 2010
CLIMATE RECORD PERIOD 1892 TO 2016

WEATHER         OBSERVED          NORMAL  DEPART  LAST YEAR`S
                 VALUE   DATE(S)  VALUE   FROM    VALUE  DATE(S)
                                          NORMAL
................................................................
TEMPERATURE (F)
HIGHEST            90                                 92  09/11
LOWEST             41                                 40  09/28
                                                          09/27
AVG. MAXIMUM     75.6              76.8    -1.2     76.0
AVG. MINIMUM     49.1              48.4     0.7     49.9
MEAN             62.3              62.6    -0.3     63.0
DAYS MAX >= 90      1               2.0    -1.0        2
DAYS MAX <= 32      0               0.0     0.0        0
DAYS MIN <= 32      0               0.1    -0.1        0
DAYS MIN <= 0       0               0.0     0.0        0

PRECIPITATION (INCHES)
RECORD
 MAXIMUM         7.05   2013
 MINIMUM         0.00   1975
TOTALS           1.54              1.28    0.26     1.13
DAYS >= .01         6               6.1    -0.1        6
DAYS >= .10         4               3.3     0.7        2
DAYS >= .50         1               0.7     0.3        1
DAYS >= 1.00        0               0.2    -0.2        0
GREATEST
 24 HR. TOTAL    0.72   09/17 TO 09/17

DEGREE_DAYS
HEATING TOTAL      90               109     -19       96
 SINCE 7/1        105               165     -60       98
COOLING TOTAL      19                37     -18       43
 SINCE 1/1        465               289     176      680
.................................................................

WIND (MPH)
AVERAGE WIND SPEED              5.1
RESULTANT WIND SPEED/DIRECTION   1/345
HIGHEST WIND SPEED/DIRECTION    24/180    DATE  09/23
HIGHEST GUST SPEED/DIRECTION    32/190    DATE  09/23

SKY COVER
POSSIBLE SUNSHINE (PERCENT)   MM
AVERAGE SKY COVER           0.30
NUMBER OF DAYS FAIR           15
NUMBER OF DAYS PC             13
NUMBER OF DAYS CLOUDY          2

AVERAGE RH (PERCENT)     62

WEATHER CONDITIONS. NUMBER OF DAYS WITH
THUNDERSTORM              0     MIXED PRECIP               0
HEAVY RAIN                2     RAIN                       1
LIGHT RAIN                9     FREEZING RAIN              0
LT FREEZING RAIN          0     HAIL                       0
HEAVY SNOW                0     SNOW                       0
LIGHT SNOW                0     SLEET                      0
FOG                       8     FOG W/VIS <= 1/4 MILE      3
HAZE                      1

-  INDICATES NEGATIVE NUMBERS.
R  INDICATES RECORD WAS SET OR TIED.
MM INDICATES DATA IS MISSING.
T  INDICATES TRACE AMOUNT.

$$
