000
CXUS54 KOUN 011230
CLMSPS

CLIMATE REPORT
NATIONAL WEATHER SERVICE NORMAN OK
730 AM CDT SUN MAY 1 2016

...................................

...THE WICHITA FALLS CLIMATE SUMMARY FOR THE MONTH OF APRIL 2016...

CLIMATE NORMAL PERIOD 1981 TO 2010
CLIMATE RECORD PERIOD 1897 TO 2016

WEATHER         OBSERVED          NORMAL  DEPART  LAST YEAR`S
                 VALUE   DATE(S)  VALUE   FROM    VALUE  DATE(S)
                                          NORMAL
................................................................
TEMPERATURE (F)
RECORD
 HIGH             103   04/18/2011
 LOW               24   04/03/1975
HIGHEST            89                92      -3       90  04/02
LOWEST             35                34       1       38  04/04
AVG. MAXIMUM     75.9              75.8     0.1     74.6
AVG. MINIMUM     51.3              49.4     1.9     52.9
MEAN             63.6              62.6     1.0     63.8
DAYS MAX >= 90      0               1.6    -1.6        1
DAYS MAX <= 32      0               0.0     0.0        0
DAYS MIN <= 32      0               0.5    -0.5        0
DAYS MIN <= 0       0               0.0     0.0        0

PRECIPITATION (INCHES)
RECORD
 MAXIMUM         8.50   1957
 MINIMUM         0.08   1996
TOTALS           7.31              2.61    4.70     3.73
DAILY AVG.       0.24              0.09    0.15     0.12
DAYS >= .01        13               6.2     6.8       11
DAYS >= .10         7               3.9     3.1        8
DAYS >= .50         4               1.6     2.4        2
DAYS >= 1.00        4               0.7     3.3        1
GREATEST
 24 HR. TOTAL    2.44   04/16 TO 04/17

SNOWFALL (INCHES)
TOTALS              T               0.0     0.0
SINCE 7/1         2.6               3.9    -1.3

DEGREE_DAYS
HEATING TOTAL      81               142     -61
 SINCE 7/1       2271              2945    -674
COOLING TOTAL      47                70     -23
 SINCE 1/1         68                92     -24
.................................................................

WIND (MPH)
AVERAGE WIND SPEED              11.2
HIGHEST WIND SPEED/DIRECTION    38/310    DATE  04/10
HIGHEST GUST SPEED/DIRECTION    52/320    DATE  04/10


WEATHER CONDITIONS. NUMBER OF DAYS WITH
THUNDERSTORM              0     MIXED PRECIP               0
HEAVY RAIN                6     RAIN                       5
LIGHT RAIN               14     FREEZING RAIN              0
LT FREEZING RAIN          0     HAIL                       1
HEAVY SNOW                0     SNOW                       0
LIGHT SNOW                0     SLEET                      0
FOG                      15     FOG W/VIS <= 1/4 MILE      2
HAZE                      4

-  INDICATES NEGATIVE NUMBERS.
R  INDICATES RECORD WAS SET OR TIED.
MM INDICATES DATA IS MISSING.
T  INDICATES TRACE AMOUNT.

...............................................................
RECORDS/REMARKS

T IN COLUMN 8/SNOW COLUMN APRIL 10TH WAS HAIL THAT MELTED AFTER IT FELL.
RECORD DAILY RAINFALL OF 1.21 INCHES SET ON THE 16TH.
RECORD DAILY RAINFALL OF 2.34 INCHES SET IN THE 19TH.
MONTHLY TOTAL RAINFALL OF 7.31 INCHES IS THE 4TH WETTEST ON RECORD.

THE JANUARY THROUGH APRIL TOTAL PRECIPITATION IS 10.36 INCHES.

$$
