000
CXUS53 KEAX 010654
CLMSTJ

STLCLMWK1 000
TTAA00 KEAX 010646


CLIMATE REPORT...CORRECTED
NATIONAL WEATHER SERVICE KANSAS CITY/PLEASANT HILL MO
146 AM CDT TUE AUG 1 2017

...................................

...THE ST. JOSEPH MO CLIMATE SUMMARY FOR THE MONTH OF JULY 2017...

CLIMATE NORMAL PERIOD 1981 TO 2010
CLIMATE RECORD PERIOD 1892 TO 2017

WEATHER         OBSERVED          NORMAL  DEPART  LAST YEAR`S
                 VALUE   DATE(S)  VALUE   FROM    VALUE  DATE(S)
                                          NORMAL
................................................................
TEMPERATURE (F)
RECORD
 HIGH             108   07/25/1936
                        07/20/1934
                        07/19/1934
 LOW               41   07/05/1972
HIGHEST            96   07/22        97      -1       96  07/21
LOWEST             57   07/30        56       1       59  07/30
AVG. MAXIMUM     89.2              87.0     2.2     87.3
AVG. MINIMUM     67.9              67.1     0.8     68.8
MEAN             78.5              77.1     1.4     78.1
DAYS MAX >= 90     15              13.9     1.1       11
DAYS MAX <= 32      0               0.0     0.0        0
DAYS MIN <= 32      0               0.0     0.0        0
DAYS MIN <= 0       0               0.0     0.0        0

PRECIPITATION (INCHES)
RECORD
 MAXIMUM        12.92   1915
 MINIMUM         0.03   1983
TOTALS           1.72              5.19   -3.47     8.54
DAILY AVG.       0.06              0.17   -0.11     0.28
DAYS >= .01         4               8.0    -4.0       10
DAYS >= .10         3               4.8    -1.8        7
DAYS >= .50         2               2.4    -0.4        4
DAYS >= 1.00        1               1.1    -0.1        2
GREATEST
 24 HR. TOTAL    1.00   07/13 TO 07/13

DEGREE_DAYS
HEATING TOTAL       0                 1      -1        2
 SINCE 7/1          0                 1      -1        2
COOLING TOTAL     426               374      52      415
 SINCE 1/1        860               754     106      925
.................................................................

WIND (MPH)
AVERAGE WIND SPEED              6.4
HIGHEST WIND SPEED/DIRECTION    22/170    DATE  07/11
HIGHEST GUST SPEED/DIRECTION    29/100    DATE  07/14

SKY COVER
POSSIBLE SUNSHINE (PERCENT)   MM
AVERAGE SKY COVER           0.10
NUMBER OF DAYS FAIR           28
NUMBER OF DAYS PC              3
NUMBER OF DAYS CLOUDY          0

AVERAGE RH (PERCENT)     76

WEATHER CONDITIONS. NUMBER OF DAYS WITH
THUNDERSTORM              7     MIXED PRECIP               0
HEAVY RAIN                3     RAIN                       3
LIGHT RAIN                6     FREEZING RAIN              0
LT FREEZING RAIN          0     HAIL                       0
HEAVY SNOW                0     SNOW                       0
LIGHT SNOW                0     SLEET                      0
FOG                      13     FOG W/VIS <= 1/4 MILE      3
HAZE                      1

-  INDICATES NEGATIVE NUMBERS.
R  INDICATES RECORD WAS SET OR TIED.
MM INDICATES DATA IS MISSING.
T  INDICATES TRACE AMOUNT.

$$
