000
CXUS54 KBMX 011853
CLMTCL


CLIMATE REPORT
NATIONAL WEATHER SERVICE BIRMINGHAM, AL
1253 PM CST THU JAN 1 2015

...................................

...THE TUSCALOOSA CLIMATE SUMMARY FOR THE MONTH OF DECEMBER 2014...

CLIMATE NORMAL PERIOD 1981 TO 2010
CLIMATE RECORD PERIOD 1948 TO 2014

WEATHER         OBSERVED          NORMAL  DEPART  LAST YEAR`S
                 VALUE   DATE(S)  VALUE   FROM    VALUE  DATE(S)
                                          NORMAL
................................................................
TEMPERATURE (F)
RECORD
 HIGH              82   12/03/1978
 LOW                2   12/23/1989
HIGHEST            77   12/04        MM      MM       80  12/21
                                                          12/05
LOWEST             28   12/11        MM      MM       22  12/25
AVG. MAXIMUM     60.0              57.7     2.3     57.9
AVG. MINIMUM     39.6              36.2     3.4     38.2
MEAN             49.8                               48.1
DAYS MAX >= 90      0               0.0     0.0        0
DAYS MAX <= 32      0               0.3    -0.3        0
DAYS MIN <= 32      8              12.6    -4.6       13
DAYS MIN <= 0       0               0.0     0.0        0

PRECIPITATION (INCHES)
RECORD
 MAXIMUM        11.05   1983
 MINIMUM         0.69   1980
TOTALS           7.00              4.62    2.38     7.41
DAILY AVG.       0.23              0.15    0.08
DAYS >= .01        11              10.3     0.7
DAYS >= .10         8               6.8     1.2
DAYS >= .50         4               3.4     0.6
DAYS >= 1.00        3               1.2     1.8

DEGREE_DAYS
HEATING TOTAL     463               564    -101      537
 SINCE 7/1       1007              1001       6     1004
.................................................................

WIND (MPH)
AVERAGE WIND SPEED              4.8
HIGHEST WIND SPEED/DIRECTION    23/360    DATE  12/09
HIGHEST GUST SPEED/DIRECTION    28/080    DATE  12/23

AVERAGE RH (PERCENT)     75

WEATHER CONDITIONS. NUMBER OF DAYS WITH
THUNDERSTORM              0     MIXED PRECIP               0
HEAVY RAIN                4     RAIN                       6
LIGHT RAIN               11     FREEZING RAIN              0
LT FREEZING RAIN          0     HAIL                       0
HEAVY SNOW                0     SNOW                       0
LIGHT SNOW                0     SLEET                      0
FOG                      26     FOG W/VIS <= 1/4 MILE      0
HAZE                      9

-  INDICATES NEGATIVE NUMBERS.
R  INDICATES RECORD WAS SET OR TIED.
MM INDICATES DATA IS MISSING.
T  INDICATES TRACE AMOUNT.

$$
