000
CXUS52 KTAE 011253
CLMTLH

CLIMATE REPORT
NATIONAL WEATHER SERVICE TALLAHASSEE FL
850 AM EDT MON JUN 1 2015

...................................

...THE TALLAHASSEE CLIMATE SUMMARY FOR THE MONTH OF MAY 2015...

CLIMATE NORMAL PERIOD 1981 TO 2010
CLIMATE RECORD PERIOD 1896 TO 2015

WEATHER         OBSERVED          NORMAL  DEPART  LAST YEAR`S
                 VALUE   DATE(S)  VALUE   FROM    VALUE  DATE(S)
                                          NORMAL
................................................................
TEMPERATURE (F)
RECORD
 HIGH             102   05/27/1953
 LOW               34   05/04/1971
HIGHEST            95   05/20                         96  05/25
                        05/12                             05/24
                        05/11                             05/22
LOWEST             48   05/02                         50  05/16
AVG. MAXIMUM     90.4              87.0     3.4     87.8
AVG. MINIMUM     66.2              61.6     4.6     62.8
MEAN             78.3              74.3     4.0     75.3
DAYS MAX >= 90     19               8.4    10.6       15
DAYS MAX <= 32      0               0.0     0.0        0
DAYS MIN <= 32      0               0.0     0.0        0
DAYS MIN <= 0       0               0.0     0.0        0

PRECIPITATION (INCHES)
RECORD
 MAXIMUM        12.36   1890
 MINIMUM         0.01   1965
TOTALS           1.92              3.47   -1.55     1.35
DAILY AVG.       0.06              0.11   -0.05     0.04
DAYS >= .01         8               7.1     0.9        6
DAYS >= .10         3               4.5    -1.5        4
DAYS >= .50         2               2.1    -0.1        1
DAYS >= 1.00        0               1.1    -1.1        0
GREATEST
 24 HR. TOTAL    0.70   05/31 TO 05/31

SNOWFALL (INCHES)
RECORDS
 TOTAL            0.0
TOTALS            0.0
SINCE 7/1         0.0               0.1    -0.1        T
SNOWDEPTH AVG.      0
DAYS >= 1.0         0               0.0     0.0        0
GREATEST
 SNOW DEPTH         0
 24 HR TOTAL      0.0

DEGREE_DAYS
HEATING TOTAL       0                 5      -5        1
 SINCE 7/1       1441              1595    -154     1360
COOLING TOTAL     419               293     126      330
 SINCE 1/1        821               446     375      489
.................................................................

WIND (MPH)
AVERAGE WIND SPEED              5.7
HIGHEST WIND SPEED/DIRECTION    60/240    DATE  05/19
HIGHEST GUST SPEED/DIRECTION    60/240    DATE  05/19

SKY COVER
AVERAGE SKY COVER           0.40

AVERAGE RH (PERCENT)     64

WEATHER CONDITIONS. NUMBER OF DAYS WITH
THUNDERSTORM              0     MIXED PRECIP               0
HEAVY RAIN                3     RAIN                       2
LIGHT RAIN                4     FREEZING RAIN              0
LT FREEZING RAIN          0     HAIL                       0
HEAVY SNOW                0     SNOW                       0
LIGHT SNOW                0     SLEET                      0
FOG                      13     FOG W/VIS <= 1/4 MILE      1
HAZE                      4

-  INDICATES NEGATIVE NUMBERS.
R  INDICATES RECORD WAS SET OR TIED.
MM INDICATES DATA IS MISSING.
T  INDICATES TRACE AMOUNT.

$$
