307
CXUS52 KTAE 012012
CLMTLH

CLIMATE REPORT
NATIONAL WEATHER SERVICE TALLAHASSEE FL
412 PM EDT SAT JUL 1 2017

...................................

...THE TALLAHASSEE CLIMATE SUMMARY FOR THE MONTH OF JUNE 2017...

CLIMATE NORMAL PERIOD 1981 TO 2010
CLIMATE RECORD PERIOD 1896 TO 2017

WEATHER         OBSERVED          NORMAL  DEPART  LAST YEAR`S
                 VALUE   DATE(S)  VALUE   FROM    VALUE  DATE(S)
                                          NORMAL
................................................................
TEMPERATURE (F)
RECORD
 HIGH             105   06/15/2011
 LOW               49   06/02/1972
HIGHEST            94   06/24                        100  06/13
LOWEST             60   06/09                         67  06/22
AVG. MAXIMUM     87.3              91.0    -3.7     93.8
AVG. MINIMUM     71.5              69.5     2.0     72.2
MEAN             79.4              80.2    -0.8     83.0
DAYS MAX >= 90      8              18.0   -10.0       27
DAYS MAX <= 32      0               0.0     0.0        0
DAYS MIN <= 32      0               0.0     0.0        0
DAYS MIN <= 0       0               0.0     0.0        0

PRECIPITATION (INCHES)
RECORD
 MAXIMUM        17.41   1989
 MINIMUM         1.16   1944
TOTALS          12.74              7.73    5.01     8.38
DAILY AVG.       0.42              0.26    0.16     0.28
DAYS >= .01        18              13.6     4.4       10
DAYS >= .10        12               9.5     2.5        8
DAYS >= .50         7               4.6     2.4        3
DAYS >= 1.00        4               2.4     1.6        2
GREATEST
 24 HR. TOTAL    3.92   06/06 TO 06/06

SNOWFALL (INCHES)
RECORDS
 TOTAL            0.0
TOTALS            0.0
SINCE 7/1         0.0               0.1    -0.1      0.0
SNOWDEPTH AVG.      0
DAYS >= 1.0         0               0.0     0.0        0
GREATEST
 SNOW DEPTH         0
 24 HR TOTAL      0.0

DEGREE_DAYS
HEATING TOTAL       0                 0       0        0
 SINCE 7/1        805              1595    -790      943
COOLING TOTAL     438               457     -19      548
 SINCE 1/1       1065               903     162     1158
.................................................................

WIND (MPH)
AVERAGE WIND SPEED              4.6
HIGHEST WIND SPEED/DIRECTION    28/270    DATE  06/17
HIGHEST GUST SPEED/DIRECTION    48/090    DATE  06/17

SKY COVER
AVERAGE SKY COVER           0.60

AVERAGE RH (PERCENT)     80

WEATHER CONDITIONS. NUMBER OF DAYS WITH
THUNDERSTORM              0     MIXED PRECIP               0
HEAVY RAIN                7     RAIN                       8
LIGHT RAIN               20     FREEZING RAIN              0
LT FREEZING RAIN          0     HAIL                       0
HEAVY SNOW                0     SNOW                       0
LIGHT SNOW                0     SLEET                      0
FOG                      22     FOG W/VIS <= 1/4 MILE      3
HAZE                      4

-  INDICATES NEGATIVE NUMBERS.
R  INDICATES RECORD WAS SET OR TIED.
MM INDICATES DATA IS MISSING.
T  INDICATES TRACE AMOUNT.

$$
