000
CXUS52 KTBW 011223
CLMTPA


CLIMATE REPORT
NATIONAL WEATHER SERVICE TAMPA BAY FL
719 AM EST SUN FEB 1 2015

...................................

...THE TAMPA CLIMATE SUMMARY FOR THE MONTH OF JANUARY 2015...

CLIMATE NORMAL PERIOD 1981 TO 2010
CLIMATE RECORD PERIOD 1890 TO 2015

WEATHER         OBSERVED          NORMAL  DEPART  LAST YEAR`S
                 VALUE   DATE(S)  VALUE   FROM    VALUE  DATE(S)
                                          NORMAL
................................................................
TEMPERATURE (F)
RECORD
 HIGH              86   01/31/2002
                        01/01/1991
 LOW               21   01/21/1985
HIGHEST            83   01/03        70      13       79  01/10
LOWEST             37   01/08        50     -13       33  01/07
AVG. MAXIMUM     71.3              69.9     1.4     65.5
AVG. MINIMUM     53.5              51.6     1.9     48.9
MEAN             62.4              60.8     1.6     57.2
DAYS MAX >= 90      0               0.0     0.0        0
DAYS MAX <= 32      0               0.0     0.0        0
DAYS MIN <= 32      0               0.8    -0.8        0
DAYS MIN <= 0       0               0.0     0.0        0

PRECIPITATION (INCHES)
RECORD
 MAXIMUM        46.43   2010
 MINIMUM            T   1950
TOTALS           1.75              2.23   -0.48     3.14
DAILY AVG.       0.06              0.07   -0.01     0.10
DAYS >= .01         6               6.8    -0.8       13
DAYS >= .10         4               4.0     0.0       10
DAYS >= .50         1               1.8    -0.8        1
DAYS >= 1.00        0               0.5    -0.5        0
GREATEST
 24 HR. TOTAL    1.19   01/23 TO 01/24

DEGREE_DAYS
HEATING TOTAL     127               182     -55      256
 SINCE 7/1        304               365     -61      318
COOLING TOTAL      56                50       6       21
 SINCE 1/1         56                60      -4       21
.................................................................

WIND (MPH)
AVERAGE WIND SPEED              6.8
HIGHEST WIND SPEED/DIRECTION    26/280    DATE  01/24
HIGHEST GUST SPEED/DIRECTION    36/290    DATE  01/24

SKY COVER
POSSIBLE SUNSHINE (PERCENT)   MM
AVERAGE SKY COVER           0.60
NUMBER OF DAYS FAIR            8
NUMBER OF DAYS PC             16
NUMBER OF DAYS CLOUDY          7

AVERAGE RH (PERCENT)     70

WEATHER CONDITIONS. NUMBER OF DAYS WITH
THUNDERSTORM              0     MIXED PRECIP               0
HEAVY RAIN                2     RAIN                       2
LIGHT RAIN               10     FREEZING RAIN              0
LT FREEZING RAIN          0     HAIL                       0
HEAVY SNOW                0     SNOW                       0
LIGHT SNOW                0     SLEET                      0
FOG                      14     FOG W/VIS <= 1/4 MILE      2
HAZE                      7

-  INDICATES NEGATIVE NUMBERS.
R  INDICATES RECORD WAS SET OR TIED.
MM INDICATES DATA IS MISSING.
T  INDICATES TRACE AMOUNT.

$$
