000
CXUS55 KLKN 061946
CLMTPH


CLIMATE REPORT
NATIONAL WEATHER SERVICE ELKO NV
1208 PM PDT THU AUG 6 2015

...................................

...THE TONOPAH AIRPORT NV CLIMATE SUMMARY FOR THE MONTH OF JULY 2015...

CLIMATE NORMAL PERIOD 1981 TO 2010
CLIMATE RECORD PERIOD 1954 TO 2015

WEATHER         OBSERVED          NORMAL  DEPART  LAST YEAR`S
                 VALUE   DATE(S)  VALUE   FROM    VALUE  DATE(S)
                                          NORMAL
................................................................
TEMPERATURE (F)
RECORD
 HIGH             104   07/18/1960
 LOW               40   07/01/1997
                        07/22/1987
HIGHEST            98   07/01       100      -2      101  07/13
                                                          07/01
LOWEST             50   07/10        49       1       57  07/04
AVG. MAXIMUM     88.4              91.9    -3.5     92.9
AVG. MINIMUM     58.5              57.5     1.0     62.6
MEAN             73.5              74.7    -1.2     77.8
DAYS MAX >= 90     12              20.9    -8.9       24
DAYS MAX <= 32      0               0.0     0.0        0
DAYS MIN <= 32      0               0.0     0.0        0
DAYS MIN <= 0       0               0.0     0.0        0

PRECIPITATION (INCHES)
RECORD
 MAXIMUM         2.49   1985
 MINIMUM         0.00   2000
                        1994
                        1993
TOTALS           0.11              0.45   -0.34     1.33
DAILY AVG.       0.00              0.01   -0.01     0.04
DAYS >= .01         6               3.1     2.9        6
DAYS >= .10         0               1.2    -1.2        3
DAYS >= .50         0               0.2    -0.2        1
DAYS >= 1.00        0               0.1    -0.1        0
GREATEST
 24 HR. TOTAL    0.08   06/30 TO 07/01              0.85

DEGREE_DAYS
HEATING TOTAL       0                 2      -2        0
 SINCE 7/1          0                 2      -2        0
COOLING TOTAL     269               303     -34      402
 SINCE 1/1        583               475     108      652
.................................................................

WIND (MPH)
AVERAGE WIND SPEED              9.5
HIGHEST WIND SPEED/DIRECTION    38/030    DATE  07/21
HIGHEST GUST SPEED/DIRECTION    52/220    DATE  07/09

AVERAGE RH (PERCENT)     30

WEATHER CONDITIONS. NUMBER OF DAYS WITH
THUNDERSTORM              0     MIXED PRECIP               0
HEAVY RAIN                0     RAIN                       1
LIGHT RAIN                6     FREEZING RAIN              0
LT FREEZING RAIN          0     HAIL                       0
HEAVY SNOW                0     SNOW                       0
LIGHT SNOW                0     SLEET                      0
FOG                       0     FOG W/VIS <= 1/4 MILE      0
HAZE                      2

-  INDICATES NEGATIVE NUMBERS.
R  INDICATES RECORD WAS SET OR TIED.
MM INDICATES DATA IS MISSING.
T  INDICATES TRACE AMOUNT.

&&

==============================================================

...26TH COOLEST JULY ON RECORD IN TONOPAH...
...15TH DRIEST JULY ON RECORD IN TONOPAH...

THE AVERAGE TEMPERATURE IN TONOPAH DURING JULY 2015 WAS 73.5
DEGREES...WHICH IS -1.2 DEGREES BELOW THE 1981-2010
CLIMATOLOGICAL NORMAL OF 74.7 DEGREES. THIS MAKES JULY
2015 THE 26TH COOLEST ON RECORD. THE TOTAL PRECIPITATION
WAS 0.11...WHICH IS -0.34 INCHES OR 24 PERCENT BELOW THE
1981-2010 CLIMATOLOGICAL NORMAL OF 0.45 INCH. THIS MAKES JULY
2015 THE 15TH DRIEST ON RECORD.

A RECORD RAINFALL OF 0.03 INCHES WAS SET ON JULY 2.

$$

RLC
