000
CXUS54 KMEG 011821
CLMTUP


CLIMATE REPORT
NATIONAL WEATHER SERVICE MEMPHIS TN
1218 PM CST SUN FEB 1 2015

...................................

...THE TUPELO CLIMATE SUMMARY FOR THE MONTH OF JANUARY 2015...

CLIMATE NORMAL PERIOD 1981 TO 2010
CLIMATE RECORD PERIOD 1930 TO 2015

WEATHER         OBSERVED          NORMAL  DEPART  LAST YEAR`S
                 VALUE   DATE(S)  VALUE   FROM    VALUE  DATE(S)
                                          NORMAL
................................................................
TEMPERATURE (F)
RECORD
 HIGH              80   01/24/1972
 LOW              -14   01/27/1940
HIGHEST            68   01/29        49      19       66  01/20
LOWEST              8   01/08        31     -23        6  01/29
                                                          01/24
AVG. MAXIMUM     51.4              51.7    -0.3     48.0
AVG. MINIMUM     30.1              31.7    -1.6     22.5
MEAN             40.8              41.7    -0.9     35.3
DAYS MAX >= 90      0               0.0     0.0        0
DAYS MAX <= 32      1               1.1    -0.1        3
DAYS MIN <= 32     19              16.4     2.6       25
DAYS MIN <= 0       0               0.1    -0.1        0

PRECIPITATION (INCHES)
RECORD
 MAXIMUM        15.24   1949
 MINIMUM         0.30   1986
TOTALS           4.24              4.48   -0.24     1.77
DAILY AVG.       0.14              0.14    0.00     0.06
DAYS >= .01        10              10.0     0.0        6
DAYS >= .10         7               6.9     0.1        5
DAYS >= .50         3               3.2    -0.2        1
DAYS >= 1.00        2               1.3     0.7        0
GREATEST
 24 HR. TOTAL    1.39   01/03 TO 01/04

SNOWFALL (INCHES)
RECORDS
 TOTAL            9.2   1940
TOTALS              T               0.9    -0.9        T
SINCE 7/1           T               1.2    -1.2        T
SNOWDEPTH AVG.      0                MM      MM        0
DAYS >= 1.0         0               0.3    -0.3        0
GREATEST
 SNOW DEPTH         0   MM                             0  MM
 24 HR TOTAL        T   01/15 TO 01/15

DEGREE_DAYS
HEATING TOTAL     740               723      17      914
 SINCE 7/1       1937              1896      41     2207
COOLING TOTAL       0                 1      -1        0
 SINCE 1/1          0                 0       0        0
.................................................................

WIND (MPH)
AVERAGE WIND SPEED              7.0
HIGHEST WIND SPEED/DIRECTION    29/030    DATE  01/29
HIGHEST GUST SPEED/DIRECTION    38/040    DATE  01/07

SKY COVER
POSSIBLE SUNSHINE (PERCENT)   MM
AVERAGE SKY COVER           0.40
NUMBER OF DAYS FAIR           17
NUMBER OF DAYS PC              6
NUMBER OF DAYS CLOUDY          8

AVERAGE RH (PERCENT)     65

WEATHER CONDITIONS. NUMBER OF DAYS WITH
THUNDERSTORM              0     MIXED PRECIP               0
HEAVY RAIN                4     RAIN                       5
LIGHT RAIN                9     FREEZING RAIN              0
LT FREEZING RAIN          0     HAIL                       0
HEAVY SNOW                0     SNOW                       0
LIGHT SNOW                1     SLEET                      0
FOG                      12     FOG W/VIS <= 1/4 MILE      1
HAZE                      2

-  INDICATES NEGATIVE NUMBERS.
R  INDICATES RECORD WAS SET OR TIED.
MM INDICATES DATA IS MISSING.
T  INDICATES TRACE AMOUNT.

$$
