000
CXUS55 KREV 010906 RRA
CLMTVL

CLIMATE REPORT
NATIONAL WEATHER SERVICE RENO NV
148 AM PDT MON AUG 1 2016

...................................

...THE SOUTH LAKE TAHOE CA CLIMATE SUMMARY FOR THE MONTH OF JULY
2016...

THE AVERAGE TEMPERATURE FOR JULY 2016 AT SOUTH LAKE TAHOE WAS 60.9
DEGREES WHICH IS 0.2 DEGREES BELOW NORMAL. THE HIGHEST TEMPERATURE
FOR JULY WAS 91 DEGREES WHICH OCCURRED ON THE 27TH. THE LOWEST
TEMPERATURE FOR THE MONTH WAS 31 DEGREES WHICH WAS RECORDED ON THE
11TH.

FOR JULY 2016 NO PRECIPITATION WAS RECORDED AT SOUTH LAKE TAHOE.
THIS IS 0.43 INCHES BELOW NORMAL.

THE AVERAGE WIND SPEED FOR THE MONTH WAS 5.6 MPH. THE PEAK WIND GUST
FOR THE MONTH WAS 39 MPH FROM THE SOUTH WHICH OCCURRED ON THE 9TH.

CLIMATE NORMAL PERIOD 1981 TO 2010
CLIMATE RECORD PERIOD 1968 TO 2016

WEATHER         OBSERVED          NORMAL  DEPART
                 VALUE   DATE(S)  VALUE   FROM
                                          NORMAL
................................................
TEMPERATURE (F)
RECORD
 HIGH              99   07/22/1988
 LOW               25   07/01/1976
HIGHEST            91   07/27        99      -8
LOWEST             31   07/11        25       6
AVG. MAXIMUM     80.7              80.8    -0.1
AVG. MINIMUM     41.0              41.4    -0.4
MEAN             60.9              61.1    -0.2
DAYS MAX >= 90      2               1.0     1.0
DAYS MAX <= 32      0               0.0     0.0
DAYS MIN <= 32      1               1.3    -0.3
DAYS MIN <= 0       0               0.0     0.0

PRECIPITATION (INCHES)
RECORD
 MAXIMUM           MM   MM
 MINIMUM           MM   MM
TOTALS           0.00              0.43   -0.43
DAILY AVG.       0.00              0.01   -0.01
DAYS >= .01         0                MM      MM
DAYS >= .10         0                MM      MM
DAYS >= .50         0                MM      MM
DAYS >= 1.00        0                MM      MM
GREATEST
 24 HR. TOTAL       T   07/07 TO 07/08
                        07/09 TO 07/09
                        07/11 TO 07/11
 STORM TOTAL       MM
 (MM/DD(HH))            MM

SNOWFALL (INCHES)
 LIQUID EQUIV    0.00                MM      MM
 LIQUID 7/1      0.00
GREATEST
 SNOW DEPTH         0   MM

DEGREE_DAYS
HEATING TOTAL     137               138      -1
 SINCE 7/1        137               138      -1
COOLING TOTAL      14                18      -4
 SINCE 1/1         16                19      -3

FREEZE DATES
RECORD
 EARLIEST     MM
 LATEST       MM
EARLIEST                        09/16
LATEST                          05/18
.................................................

WIND (MPH)
AVERAGE WIND SPEED              5.6
HIGHEST WIND SPEED/DIRECTION    24/190    DATE  07/18
HIGHEST GUST SPEED/DIRECTION    39/190    DATE  07/09

AVERAGE RH (PERCENT)     44

WEATHER CONDITIONS. NUMBER OF DAYS WITH
THUNDERSTORM              0     MIXED PRECIP               0
HEAVY RAIN                0     RAIN                       0
LIGHT RAIN                3     FREEZING RAIN              0
LT FREEZING RAIN          0     HAIL                       0
HEAVY SNOW                0     SNOW                       0
LIGHT SNOW                0     SLEET                      0
FOG                       0     FOG W/VIS <= 1/4 MILE      0
HAZE                      4

-  INDICATES NEGATIVE NUMBERS.
R  INDICATES RECORD WAS SET OR TIED.
MM INDICATES DATA IS MISSING.
T  INDICATES TRACE AMOUNT.

$$
