000
CXUS53 KLOT 011626
CLMVPZ


CLIMATE REPORT
NATIONAL WEATHER SERVICE CHICAGO IL
1024 AM CST FRI DEC 1 2017

...................................

...THE VALPARAISO CLIMATE SUMMARY FOR THE MONTH OF NOVEMBER 2017...

CLIMATE NORMAL PERIOD 1981 TO 2010
CLIMATE RECORD PERIOD 1998 TO 2017

WEATHER         OBSERVED          NORMAL  DEPART  LAST YEAR`S
                 VALUE   DATE(S)  VALUE   FROM    VALUE
                                          NORMAL
.............................................................
TEMPERATURE (F)
RECORD
 HIGH              79   11/01/2016
 LOW               10   11/22/2015
                        11/18/2014
                        01/05/1999
HIGHEST            65   11/28        48      17       79
LOWEST             23   11/11        33     -10       26
                        11/10
AVG. MAXIMUM     49.5              48.6     0.9     56.5
AVG. MINIMUM     34.1              32.9     1.2     38.5
MEAN             41.8              40.7     1.1     47.5

PRECIPITATION (INCHES)
RECORD
 MAXIMUM         4.35   2004
 MINIMUM         0.28   2012
TOTALS           2.53              3.33   -0.80     2.53

DEGREE_DAYS
HEATING TOTAL     689               728     -39      523
 SINCE 7/1        999              1258    -259      813
COOLING TOTAL       0                 0       0        4
 SINCE 1/1        968               713     255     1017
..............................................................

WIND (MPH)
AVERAGE WIND SPEED              8.5
HIGHEST WIND SPEED/DIRECTION    28/350    DATE  11/18
HIGHEST GUST SPEED/DIRECTION    40/330    DATE  11/18

AVERAGE RH (PERCENT)     70


-  INDICATES NEGATIVE NUMBERS.
R  INDICATES RECORD WAS SET OR TIED.
MM INDICATES DATA IS MISSING.
T  INDICATES TRACE AMOUNT.

$$
