170
CXUS53 KLBF 011522
CLMVTN


CLIMATE REPORT
NATIONAL WEATHER SERVICE NORTH PLATTE
1018 AM CDT FRI SEP 1 2017

...................................

...THE VALENTINE NE CLIMATE SUMMARY FOR THE MONTH OF AUGUST 2017...

CLIMATE NORMAL PERIOD 1981 TO 2010
CLIMATE RECORD PERIOD 1885 TO 2017

WEATHER         OBSERVED          NORMAL  DEPART  LAST YEAR`S
                 VALUE   DATE(S)  VALUE   FROM    VALUE  DATE(S)
                                          NORMAL
................................................................
TEMPERATURE (F)
RECORD
 HIGH             108   08/29/2012
                        08/13/1965
                        08/09/1947
 LOW               34   08/28/1988
                        08/30/1935
HIGHEST            98   08/19       101      -3      100  08/18
LOWEST             42   08/04        44      -2       45  08/26
                                                          08/21
AVG. MAXIMUM     85.4              87.0    -1.6     85.8
AVG. MINIMUM     56.9              58.7    -1.8     58.2
MEAN             71.1              72.8    -1.7     72.0
DAYS MAX >= 90      8              12.3    -4.3       12
DAYS MAX <= 32      0               0.0     0.0        0
DAYS MIN <= 32      0               0.0     0.0        0
DAYS MIN <= 0       0               0.0     0.0        0

PRECIPITATION (INCHES)
RECORD
 MAXIMUM         6.71   1966
 MINIMUM         0.06   1947
TOTALS           2.32              2.18    0.14     1.34
DAILY AVG.       0.07              0.07    0.00     0.04
DAYS >= .01        12               7.9     4.1        9
DAYS >= .10         6               4.5     1.5        4
DAYS >= .50         2               1.2     0.8        1
DAYS >= 1.00        0               0.5    -0.5        0
GREATEST
 24 HR. TOTAL    0.56   08/15 TO 08/15           08/30 TO 08/30
                                                          08/29 TO 08/30
                                                          08/30 TO 08/30

SNOWFALL (INCHES)
RECORDS
 TOTAL            0.0   2002
TOTALS            0.0               0.0     0.0      0.0
SINCE 7/1         0.0               0.0     0.0      0.0
SNOWDEPTH AVG.      0                MM      MM        0
DAYS >= 1.0         0               0.0     0.0        0
GREATEST
 SNOW DEPTH         0   MM                             0  MM
 24 HR TOTAL      0.0   08/31 TO 08/31

DEGREE_DAYS
HEATING TOTAL       7                17     -10       23
 SINCE 7/1          7                25     -18       28
COOLING TOTAL     203               261     -58      248
 SINCE 1/1        934               736     198      797
.................................................

WIND (MPH)
AVERAGE WIND SPEED              8.8
HIGHEST WIND SPEED/DIRECTION    41/330    DATE  08/17
HIGHEST GUST SPEED/DIRECTION    52/320    DATE  08/17

SKY COVER
POSSIBLE SUNSHINE (PERCENT)   MM
AVERAGE SKY COVER           0.20
NUMBER OF DAYS FAIR           25
NUMBER OF DAYS PC              6
NUMBER OF DAYS CLOUDY          0

AVERAGE RH (PERCENT)     60

WEATHER CONDITIONS. NUMBER OF DAYS WITH
THUNDERSTORM              0     MIXED PRECIP               0
HEAVY RAIN                5     RAIN                       7
LIGHT RAIN               15     FREEZING RAIN              0
LT FREEZING RAIN          0     HAIL                       0
HEAVY SNOW                0     SNOW                       0
LIGHT SNOW                0     SLEET                      0
FOG                      11     FOG W/VIS <= 1/4 MILE      4
HAZE                      3

-  INDICATES NEGATIVE NUMBERS.
R  INDICATES RECORD WAS SET OR TIED.
MM INDICATES DATA IS MISSING.
T  INDICATES TRACE AMOUNT.

$$
