000
CXUS53 KLBF 011138
CLMVTN


CLIMATE REPORT
NATIONAL WEATHER SERVICE NORTH PLATTE
634 AM CDT WED NOV 1 2017

...................................

...THE VALENTINE NE CLIMATE SUMMARY FOR THE MONTH OF OCTOBER 2017...

CLIMATE NORMAL PERIOD 1981 TO 2010
CLIMATE RECORD PERIOD 1885 TO 2017

WEATHER         OBSERVED          NORMAL  DEPART  LAST YEAR`S
                 VALUE   DATE(S)  VALUE   FROM    VALUE  DATE(S)
                                          NORMAL
................................................................
TEMPERATURE (F)
RECORD
 HIGH              96   10/06/1993
                        10/05/1990
                        10/04/1922
 LOW               -6   10/28/1925
HIGHEST            87   10/19        86       1       89  10/14
LOWEST              9   10/31        15      -6       24  10/07
AVG. MAXIMUM     64.7              63.0     1.7     71.2
AVG. MINIMUM     34.9              33.9     1.0     40.7
MEAN             49.8              48.5     1.3     56.0
DAYS MAX >= 90      0               0.6    -0.6        0
DAYS MAX <= 32      0               0.4    -0.4        0
DAYS MIN <= 32     11              11.8    -0.8        3
DAYS MIN <= 0       0               0.0     0.0        0

PRECIPITATION (INCHES)
RECORD
 MAXIMUM         4.81   1911
 MINIMUM         0.00   1895
TOTALS           1.30              1.25    0.05     1.90
DAILY AVG.       0.04              0.04    0.00     0.06
DAYS >= .01         6               6.7    -0.7        4
DAYS >= .10         4               3.0     1.0        3
DAYS >= .50         1               0.6     0.4        2
DAYS >= 1.00        0               0.1    -0.1        0
GREATEST
 24 HR. TOTAL    0.72   10/06 TO 10/06           10/06 TO 10/06
                                                          10/06 TO 10/06
                                                          10/06 TO 10/06

SNOWFALL (INCHES)
RECORDS
 TOTAL           18.5   1906
TOTALS              T               1.5    -1.5      3.0
SINCE 7/1           T               2.2    -2.2      3.0
SNOWDEPTH AVG.      0                MM      MM        0
DAYS >= 1.0         0               0.6    -0.6        1
GREATEST
 SNOW DEPTH         0   MM                             1  10/06
 24 HR TOTAL        T   10/31 TO 10/31

DEGREE_DAYS
HEATING TOTAL     462               517     -55      290
 SINCE 7/1        586               702    -116      427
COOLING TOTAL       0                 4      -4       16
 SINCE 1/1       1060               821     239      880
.......................................................

WIND (MPH)
AVERAGE WIND SPEED              11.6
HIGHEST WIND SPEED/DIRECTION    41/330    DATE  10/26
HIGHEST GUST SPEED/DIRECTION    56/320    DATE  10/26

SKY COVER
POSSIBLE SUNSHINE (PERCENT)   MM
AVERAGE SKY COVER           0.30
NUMBER OF DAYS FAIR           18
NUMBER OF DAYS PC             11
NUMBER OF DAYS CLOUDY          2

AVERAGE RH (PERCENT)     57

WEATHER CONDITIONS. NUMBER OF DAYS WITH
THUNDERSTORM              0     MIXED PRECIP               0
HEAVY RAIN                1     RAIN                       4
LIGHT RAIN                8     FREEZING RAIN              0
LT FREEZING RAIN          0     HAIL                       0
HEAVY SNOW                0     SNOW                       0
LIGHT SNOW                3     SLEET                      0
FOG                       4     FOG W/VIS <= 1/4 MILE      0
HAZE                      1

-  INDICATES NEGATIVE NUMBERS.
R  INDICATES RECORD WAS SET OR TIED.
MM INDICATES DATA IS MISSING.
T  INDICATES TRACE AMOUNT.

$$
