000
CXUS56 KPQR 011606
CLMVUO


CLIMATE REPORT
NATIONAL WEATHER SERVICE PORTLAND OREGON
806 AM PST WED FEB 1 2017

...................................

...THE VANCOUVER WA CLIMATE SUMMARY FOR THE MONTH OF JANUARY 2017...

CLIMATE NORMAL PERIOD 1981 TO 2010
CLIMATE RECORD PERIOD 1891 TO 2017

WEATHER         OBSERVED          NORMAL  DEPART  LAST YEAR`S
                 VALUE   DATE(S)  VALUE   FROM    VALUE  DATE(S)
                                          NORMAL
................................................................
TEMPERATURE (F)
RECORD
 HIGH              66   01/18/2005
 LOW               -8   01/12/1909
HIGHEST            52                MM      MM       58  01/28
LOWEST              8                MM      MM       26  01/03
AVG. MAXIMUM     39.6              47.7    -8.1     46.4
AVG. MINIMUM     26.7              35.4    -8.7     36.5
MEAN             33.2              41.6    -8.4     41.4
DAYS MAX >= 90      0               0.0     0.0        0
DAYS MAX <= 32      6               0.2     5.8        1
DAYS MIN <= 32     23               9.1    13.9       11
DAYS MIN <= 0       0               0.0     0.0        0

PRECIPITATION (INCHES)
TOTALS           4.31                               7.10
DAYS >= .01        13                                 25
DAYS >= .10         9                                 18
DAYS >= .50         4                                  6
DAYS >= 1.00        1                                  0
GREATEST
 24 HR. TOTAL    1.45   01/17 TO 01/18

DEGREE_DAYS
HEATING TOTAL     978                                724
 SINCE 7/1       2633                               2333
COOLING TOTAL       0                                  0
 SINCE 1/1          0                                  0
.................................................................

WIND (MPH)
AVERAGE WIND SPEED              5.6
RESULTANT WIND SPEED/DIRECTION   5/116
HIGHEST WIND SPEED/DIRECTION    28/110    DATE  01/04
HIGHEST GUST SPEED/DIRECTION    37/120    DATE  01/04

SKY COVER
POSSIBLE SUNSHINE (PERCENT)   MM
AVERAGE SKY COVER           0.60

AVERAGE RH (PERCENT)     75

WEATHER CONDITIONS. NUMBER OF DAYS WITH
THUNDERSTORM              0     MIXED PRECIP               0
HEAVY RAIN                0     RAIN                       3
LIGHT RAIN                9     FREEZING RAIN              2
LT FREEZING RAIN          3     HAIL                       0
HEAVY SNOW                0     SNOW                       1
LIGHT SNOW                3     SLEET                      0
FOG                      21     FOG W/VIS <= 1/4 MILE      2
HAZE                      7

-  INDICATES NEGATIVE NUMBERS.
R  INDICATES RECORD WAS SET OR TIED.
MM INDICATES DATA IS MISSING.
T  INDICATES TRACE AMOUNT.

$$
