000
CXUS55 KLKN 020107
CLMWMC


CLIMATE REPORT
NATIONAL WEATHER SERVICE ELKO NV
543 PM PDT FRI AUG 1 2014

...................................

...THE WINNEMUCCA AIRPORT NV CLIMATE SUMMARY FOR THE MONTH OF JULY 2014...

CLIMATE NORMAL PERIOD 1981 TO 2010
CLIMATE RECORD PERIOD 1877 TO 2014

WEATHER         OBSERVED          NORMAL  DEPART  LAST YEAR`S
                 VALUE   DATE(S)  VALUE   FROM    VALUE  DATE(S)
                                          NORMAL
................................................................
TEMPERATURE (F)
RECORD
 HIGH             109   07/11/2002
 LOW               29   07/10/1983
                        07/05/1955
HIGHEST           106   07/14       102       4      107  07/01
LOWEST             47   07/06        38       9       45  07/15
AVG. MAXIMUM     96.7              93.2     3.5     97.4
AVG. MINIMUM     58.2              51.8     6.4     56.1
MEAN             77.5R             72.5     5.0     76.8
DAYS MAX >= 90     29              22.5     6.5       30
DAYS MAX <= 32      0               0.0     0.0        0
DAYS MIN <= 32      0               0.0     0.0        0
DAYS MIN <= 0       0               0.0     0.0        0

PRECIPITATION (INCHES)
RECORD
 MAXIMUM         1.74   1984
 MINIMUM         0.00   1963
                        1947
                        1885
TOTALS           0.10              0.25   -0.15     0.30
DAILY AVG.       0.00              0.01   -0.01     0.01
DAYS >= .01         1               2.3    -1.3        4
DAYS >= .10         1               0.5     0.5        1
DAYS >= .50         0               0.1    -0.1        0
DAYS >= 1.00        0               0.0     0.0        0
GREATEST
 24 HR. TOTAL    0.10   07/21 TO 07/21              0.25

SNOWFALL (INCHES)
RECORDS
 TOTAL              T   2013
                        1902
TOTALS            0.0               0.0     0.0        T
SINCE 7/1         0.0               0.0     0.0        T
SNOWDEPTH AVG.      0                                  0
DAYS >= TRACE       0               0.0     0.0        1
DAYS >= 1.0         0               0.0     0.0        0
DAYS >= 5.0         0                                  0
GREATEST
 SNOW DEPTH         0   MM                             0
 24 HR TOTAL      0.0   07/31 TO 07/31                 T

DEGREE_DAYS
HEATING TOTAL       0                10     -10        0
 SINCE 7/1          0                10     -10        0
COOLING TOTAL     394               243     151      373
 SINCE 1/1        477               333     144      502
.................................................................

WIND (MPH)
AVERAGE WIND SPEED              7.5
HIGHEST WIND SPEED/DIRECTION    38/150    DATE  07/20
HIGHEST GUST SPEED/DIRECTION    48/140    DATE  07/20

AVERAGE RH (PERCENT)     29

WEATHER CONDITIONS. NUMBER OF DAYS WITH
THUNDERSTORM              0     MIXED PRECIP               0
HEAVY RAIN                1     RAIN                       1
LIGHT RAIN                5     FREEZING RAIN              0
LT FREEZING RAIN          0     HAIL                       0
HEAVY SNOW                0     SNOW                       0
LIGHT SNOW                0     SLEET                      0
FOG                       1     FOG W/VIS <= 1/4 MILE      0
HAZE                      7

-  INDICATES NEGATIVE NUMBERS.
R  INDICATES RECORD WAS SET OR TIED.
MM INDICATES DATA IS MISSING.
T  INDICATES TRACE AMOUNT.

&&

=================================================================

...WARMEST JULY ON RECORD IN WINNEMUCCA...
...66TH DRIEST JULY ON RECORD IN WINNEMUCCA...

THE AVERAGE TEMPERATURE IN WINNEMUCCA DURING JULY 2014 WAS 77.5
DEGREES...WHICH IS 5.0 DEGREES ABOVE THE 1981-2010 CLIMATOLOGICAL
NORMAL OF 72.5 DEGREES. THIS MAKES JULY 2014 THE WARMEST ON
RECORD. THE TOTAL PRECIPITATION WAS 0.10 INCHES...WHICH IS 0.15
INCHES OR 60% BELOW THE 1981-2010 CLIMATOLOGICAL NORMAL OF 0.25
INCHES. THIS MAKES JULY 2014 THE 66TH DRIEST ON RECORD.

A RECORD HIGH TEMPERATURE OF 103 DEGREES WAS SET ON JULY 7TH.
A RECORD HIGH TEMPERATURE OF 106 DEGREES WAS SET ON JULY 14TH.

$$

RCM
