733
CXUS55 KLKN 011754
CLMWMC


CLIMATE REPORT
NATIONAL WEATHER SERVICE ELKO NV
1048 AM PDT THU JUN 1 2017

...................................

...THE WINNEMUCCA AIRPORT NV CLIMATE SUMMARY FOR THE MONTH OF MAY 2017...

CLIMATE NORMAL PERIOD 1981 TO 2010
CLIMATE RECORD PERIOD 1877 TO 2017

WEATHER         OBSERVED          NORMAL  DEPART  LAST YEAR`S
                 VALUE   DATE(S)  VALUE   FROM    VALUE  DATE(S)
                                          NORMAL
................................................................
TEMPERATURE (F)
RECORD
 HIGH              98   05/29/2003
                        05/28/2003
                        05/31/1910
 LOW               10   05/08/2002
HIGHEST            91   05/30        90       1       86  05/13
LOWEST             26   05/14        24       2       25  05/22
AVG. MAXIMUM     73.6              72.2     1.4     71.7
AVG. MINIMUM     37.0              37.9    -0.9     36.5
MEAN             55.3              55.1     0.2     54.1
DAYS MAX >= 90      1               1.4    -0.4        0
DAYS MAX <= 32      0               0.0     0.0        0
DAYS MIN <= 32      8               7.0     1.0        9
DAYS MIN <= 0       0               0.0     0.0        0

PRECIPITATION (INCHES)
RECORD
 MAXIMUM         3.57   1998
 MINIMUM            T   1985
                        1974
                        1969
TOTALS           0.44              1.12   -0.68     0.65
DAILY AVG.       0.01              0.04   -0.03     0.02
DAYS >= .01         8               6.8     1.2        6
DAYS >= .10         2               3.5    -1.5        2
DAYS >= .50         0               0.5    -0.5        0
DAYS >= 1.00        0               0.0     0.0        0
GREATEST
 24 HR. TOTAL    0.13   05/06 TO 05/06              0.43

SNOWFALL (INCHES)
RECORDS
 TOTAL            8.4   1896
TOTALS            0.2               0.1     0.1      0.0
SINCE 7/1        18.5              20.9    -2.4     21.1
SNOWDEPTH AVG.      0                                  0
DAYS >= TRACE       2               0.2     1.8        0
DAYS >= 1.0         0               0.0     0.0        0
DAYS >= 5.0         0                                  0
GREATEST
 SNOW DEPTH         T   05/13                          0
 24 HR TOTAL      0.2   05/13 TO 05/13               0.0

DEGREE_DAYS
HEATING TOTAL     301               320     -19      333
 SINCE 7/1       5931              6200    -269     5632
COOLING TOTAL       7                11      -4        0
 SINCE 1/1          7                11      -4        0
.................................................................

WIND (MPH)
AVERAGE WIND SPEED              8.3
HIGHEST WIND SPEED/DIRECTION    45/270    DATE  05/24
HIGHEST GUST SPEED/DIRECTION    58/250    DATE  05/24

AVERAGE RH (PERCENT)     52

WEATHER CONDITIONS. NUMBER OF DAYS WITH
THUNDERSTORM              0     MIXED PRECIP               0
HEAVY RAIN                0     RAIN                       0
LIGHT RAIN                7     FREEZING RAIN              0
LT FREEZING RAIN          0     HAIL                       0
HEAVY SNOW                0     SNOW                       0
LIGHT SNOW                2     SLEET                      0
FOG                       5     FOG W/VIS <= 1/4 MILE      0
HAZE                      3

-  INDICATES NEGATIVE NUMBERS.
R  INDICATES RECORD WAS SET OR TIED.
MM INDICATES DATA IS MISSING.
T  INDICATES TRACE AMOUNT.

$$

DS
