000
CXUS53 KGRB 021012
CLSAUW

CLIMATE REPORT
NATIONAL WEATHER SERVICE GREEN BAY
511 AM CDT FRI JUN 2 2017

...THE WAUSAU WI SPRING CLIMATE SUMMARY FROM 3/1/2017 TO 5/31/2017...

CLIMATE NORMAL PERIOD 1981 TO 2010
CLIMATE RECORD PERIOD 1896 TO 2017

WEATHER         OBSERVED          NORMAL  DEPART  LAST YEAR`S
                 VALUE   DATE(S)  VALUE   FROM    VALUE  DATE(S)
                                          NORMAL
................................................................
TEMPERATURE (F)
RECORD
 HIGH             104   05/31/1934
 LOW              -33   03/01/1962
HIGHEST            79   05/16        84      -5       89  05/06
LOWEST              3   03/03        -2       5       10  03/02
AVG. MAXIMUM     53.0              53.8    -0.8     57.2
AVG. MINIMUM     33.3              32.7     0.6     37.2
MEAN             43.2              43.2     0.0     47.2
DAYS MAX >= 90      0               0.1    -0.1        0
DAYS MAX <= 32      8               7.6     0.4        2
DAYS MIN <= 32     44              42.1     1.9       31
DAYS MIN <= 0       0               1.9    -1.9        0

PRECIPITATION (INCHES)
RECORD
 MAXIMUM        17.21   1942
 MINIMUM         2.60   1931
TOTALS          11.85              7.97    3.88    10.23
DAILY AVG.       0.13              0.09    0.04     0.11
DAYS >= .01        42              33.4     8.6       37
DAYS >= .10        26              18.8     7.2       24
DAYS >= .50        10               4.8     5.2        5
DAYS >= 1.00        3               1.2     1.8        3

SNOWFALL (INCHES)
RECORDS
 TOTAL           46.7   1956
 24 HR TOTAL       MM
TOTALS            6.7              14.3    -7.6     19.0
SINCE 7/1        60.5              59.6     0.9     43.3
DAYS >= TRACE      11               9.2     1.8       19
DAYS >= 1.0         3               4.3    -1.3        6
GREATEST
 SNOW DEPTH         3   03/02                         10  03/24
                        03/01
 24 HR TOTAL      2.6   03/01

DEGREE_DAYS
HEATING TOTAL    1987              2024     -37     1660
 SINCE 7/1       7213              8160    -947     6783
COOLING TOTAL       1                20     -19       47
 SINCE 1/1          1                19     -18       47

FREEZE DATES
RECORD
 EARLIEST     08/30/1915
 LATEST       06/12/1903
EARLIEST                        10/02
LATEST                          05/05
.................................................................

WIND (MPH)
AVERAGE WIND SPEED              8.6
RESULTANT WIND SPEED/DIRECTION   1/355
HIGHEST WIND SPEED/DIRECTION    44/270    DATE  04/10
HIGHEST GUST SPEED/DIRECTION    59/280    DATE  03/08

SKY COVER
POSSIBLE SUNSHINE (PERCENT)   MM
AVERAGE SKY COVER           0.50
NUMBER OF DAYS FAIR           33
NUMBER OF DAYS PC             31
NUMBER OF DAYS CLOUDY         28

AVERAGE RH (PERCENT)     67

WEATHER CONDITIONS. NUMBER OF DAYS WITH
THUNDERSTORM             10     MIXED PRECIP               0
HEAVY RAIN               12     RAIN                      18
LIGHT RAIN               48     FREEZING RAIN              0
LT FREEZING RAIN          1     HAIL                       0
HEAVY SNOW                0     SNOW                       3
LIGHT SNOW               12     SLEET                      0
FOG                      45     FOG W/VIS <= 1/4 MILE      2
HAZE                      4

-  INDICATES NEGATIVE NUMBERS.
R  INDICATES RECORD WAS SET OR TIED.
MM INDICATES DATA IS MISSING.
T  INDICATES TRACE AMOUNT.

$$
ECKBERG
