000
CXUS51 KOKX 012227
CLSBDR

CLIMATE REPORT
NATIONAL WEATHER SERVICE NEW YORK NY
626 PM EDT WED JUN 1 2016

...................................

...THE BRIDGEPORT CT CLIMATE SUMMARY FOR THE SEASON, FROM
3/1/2016 TO 5/31/2016...

CLIMATE NORMAL PERIOD 1981 TO 2010
CLIMATE RECORD PERIOD 1948 TO 2016

WEATHER         OBSERVED          NORMAL  DEPART  LAST YEAR`S
                 VALUE   DATE(S)  VALUE   FROM    VALUE
                                          NORMAL
.............................................................
TEMPERATURE (F)
RECORD
 HIGH              97   05/20/1996
 LOW                4   03/19/1967
HIGHEST            86   05/28        MM      MM
                        05/26
LOWEST             24   03/03        MM      MM
AVG. MAXIMUM     59.6              57.5     2.1
AVG. MINIMUM     43.3              41.0     2.3
MEAN             51.4              49.2     2.2
DAYS MAX >= 90      0               0.1    -0.1
DAYS MAX <= 32      0               0.9    -0.9
DAYS MIN <= 32     16              17.5    -1.5
DAYS MIN <= 0       0               0.0     0.0

PRECIPITATION (INCHES)
RECORD
 MAXIMUM        24.70   1983
 MINIMUM         4.38   1986
TOTALS           8.38             11.98   -3.60     7.96
DAILY AVG.       0.09              0.13   -0.04
DAYS >= .01        35              34.1     0.9
DAYS >= .10        22              21.5     0.5
DAYS >= .50         7               7.1    -0.1
DAYS >= 1.00        1               2.8    -1.8
GREATEST
 24 HR. TOTAL    1.24   MM
 STORM TOTAL       MM
 (MM/DD(HH))            MM

SNOWFALL (INCHES)
RECORDS
 TOTAL           22.0   1996
 24 HR TOTAL     11.1   03/22/1967 TO 03/22/1967
TOTALS            2.4               6.0    -3.6
 LIQUID EQUIV    0.24              0.60   -0.36
SINCE 7/1        27.3              27.6    -0.3
 LIQUID 7/1      2.73
DAYS >= TRACE       5               2.7     2.3
DAYS >= 1.0         1               1.9    -0.9
GREATEST
 SNOW DEPTH         2   03/21
 24 HR TOTAL      2.0   MM
 STORM TOTAL       MM
 (MM/DD(HH))            MM

DEGREE_DAYS
HEATING TOTAL    1282              1473    -191
 SINCE 7/1         MM              5360      MM
COOLING TOTAL      58                24      34
 SINCE 1/1         58                24      34
..............................................................

WIND (MPH)
AVERAGE WIND SPEED              9.0
HIGHEST WIND SPEED/DIRECTION    35/300    DATE  04/03
HIGHEST GUST SPEED/DIRECTION    48/270    DATE  03/28

SKY COVER
POSSIBLE SUNSHINE (PERCENT)   MM
AVERAGE SKY COVER           0.40
NUMBER OF DAYS FAIR           46
NUMBER OF DAYS PC             26
NUMBER OF DAYS CLOUDY         20

AVERAGE RH (PERCENT)     63

WEATHER CONDITIONS. NUMBER OF DAYS WITH
THUNDERSTORM              0     MIXED PRECIP               0
HEAVY RAIN                8     RAIN                      13
LIGHT RAIN               40     FREEZING RAIN              1
LT FREEZING RAIN          1     HAIL                       0
HEAVY SNOW                0     SNOW                       1
LIGHT SNOW                5     SLEET                      0
FOG                      37     FOG W/VIS <= 1/4 MILE      5
HAZE                      9

-  INDICATES NEGATIVE NUMBERS.
R  INDICATES RECORD WAS SET OR TIED.
MM INDICATES DATA IS MISSING.
T  INDICATES TRACE AMOUNT.

$$
